{"id":10090,"date":"2021-06-29T13:21:07","date_gmt":"2021-06-29T11:21:07","guid":{"rendered":"https:\/\/test.imprimetresde.com\/?post_type=product&#038;p=10090"},"modified":"2026-02-03T00:30:57","modified_gmt":"2026-02-02T22:30:57","slug":"brincos-patelas","status":"publish","type":"product","link":"https:\/\/test.imprimetresde.com\/gl\/produto\/brincos-patelas\/","title":{"rendered":"Brincos Patelas"},"content":{"rendered":"<p>Brincos Patelas, idea orixinal de I3D en homenaxe a esas cestas cadradas de bordo baixo feita con tiras de madeira. As <a href=\"https:\/\/gl.wikipedia.org\/wiki\/Patela\">patelas<\/a> eran utilizadas polas mulleres peixeiras para transportar o peixe. A peixeira \u00e9 unha das figuras m\u00e1is representativas da cultura mari\u00f1eira de Galicia, aparece case sempre representada con este tipo de cesta sobre a cabeza, sendo o elemento que mellor as define.<\/p>\n<p>*O material no que est\u00e1 realizado \u00e9 WOODEN <a href=\"https:\/\/test.imprimetresde.com\/gl\/o-noso-material-de-impresion-o-pla-polimero-biodegradabel-procedente-de-recursos-vexetais\/\">PLA<\/a>, material procedente de materia vexetal, biodegrad\u00e1bel, non t\u00f3xico e ecol\u00f3xico.<\/p>\n<p style=\"padding-left: 40px;\"><em>&#8220;Cesta patela,\u00a0<\/em><\/p>\n<p style=\"padding-left: 40px;\"><em>arrumba m\u00e1is que leva.&#8221;<\/em><\/p>\n<p>&nbsp;<\/p>\n","protected":false},"excerpt":{"rendered":"<p>Brincos Patelas, idea orixinal de I3D en homenaxe a esas cestas cadradas de bordo baixo feita con tiras de madeira. As <a href=\"https:\/\/gl.wikipedia.org\/wiki\/Patela\">patelas<\/a> eran utilizadas polas mulleres peixeiras para transportar o peixe.<\/p>\n","protected":false},"featured_media":14709,"comment_status":"open","ping_status":"closed","template":"","meta":{"_vp_format_video_url":"","_vp_image_focal_point":[]},"product_brand":[],"product_cat":[315,316,1290],"product_tag":[353,1806,1309,410,479,463,2508,2507,860,1807,861,1808,1809,1384],"class_list":{"0":"post-10090","1":"product","2":"type-product","3":"status-publish","4":"has-post-thumbnail","6":"product_cat-complementos-gl","7":"product_cat-cultura-gl","8":"product_cat-pendentes","9":"product_tag-brincos","10":"product_tag-cesta","11":"product_tag-costa","12":"product_tag-galego","13":"product_tag-galicia","14":"product_tag-galiza","15":"product_tag-impresion-3d-a-coruna","16":"product_tag-impresion-3d-coruna","17":"product_tag-mar","18":"product_tag-patela","19":"product_tag-peixe","20":"product_tag-peixeira","21":"product_tag-produtos-do-mar","22":"product_tag-souvenir","24":"first","25":"instock","26":"taxable","27":"shipping-taxable","28":"purchasable","29":"product-type-simple"},"exclude_global_add_ons":false,"addons":[{"name":"Material de las fornituras (opcional)","type":"checkbox","position":0,"required":false,"title_format":"label","default":"","description_enable":true,"description":"Opci\u00f3n de incorporar fornituras de plata 925, de primera ley.","placeholder_enable":false,"placeholder":"","display":"select","restrictions_type":"any_text","adjust_price":false,"price":"","price_type":"flat_fee","restrictions":false,"min":"0","max":"0","options":[{"label":"Plata","price":"5","price_type":"flat_fee","image":0,"visibility":true}]}],"_links":{"self":[{"href":"https:\/\/test.imprimetresde.com\/gl\/wp-json\/wp\/v2\/product\/10090","targetHints":{"allow":["GET"]}}],"collection":[{"href":"https:\/\/test.imprimetresde.com\/gl\/wp-json\/wp\/v2\/product"}],"about":[{"href":"https:\/\/test.imprimetresde.com\/gl\/wp-json\/wp\/v2\/types\/product"}],"replies":[{"embeddable":true,"href":"https:\/\/test.imprimetresde.com\/gl\/wp-json\/wp\/v2\/comments?post=10090"}],"wp:featuredmedia":[{"embeddable":true,"href":"https:\/\/test.imprimetresde.com\/gl\/wp-json\/wp\/v2\/media\/14709"}],"wp:attachment":[{"href":"https:\/\/test.imprimetresde.com\/gl\/wp-json\/wp\/v2\/media?parent=10090"}],"wp:term":[{"taxonomy":"product_brand","embeddable":true,"href":"https:\/\/test.imprimetresde.com\/gl\/wp-json\/wp\/v2\/product_brand?post=10090"},{"taxonomy":"product_cat","embeddable":true,"href":"https:\/\/test.imprimetresde.com\/gl\/wp-json\/wp\/v2\/product_cat?post=10090"},{"taxonomy":"product_tag","embeddable":true,"href":"https:\/\/test.imprimetresde.com\/gl\/wp-json\/wp\/v2\/product_tag?post=10090"}],"curies":[{"name":"wp","href":"https:\/\/api.w.org\/{rel}","templated":true}]}}

<p>Brincos Patelas, idea orixinal de I3D en homenaxe a esas cestas cadradas de bordo baixo feita con tiras de madeira. As <a href="https://gl.wikipedia.org/wiki/Patela">patelas</a> eran utilizadas polas mulleres peixeiras para transportar o peixe. A peixeira é unha das figuras máis representativas da cultura mariñeira de Galicia, aparece case sempre representada con este tipo de cesta sobre a cabeza, sendo o elemento que mellor as define.</p>
<p>*O material no que está realizado é WOODEN <a href="https://test.imprimetresde.com/gl/o-noso-material-de-impresion-o-pla-polimero-biodegradabel-procedente-de-recursos-vexetais/">PLA</a>, material procedente de materia vexetal, biodegradábel, non tóxico e ecolóxico.</p>
<p style="padding-left: 40px;"><em>&#8220;Cesta patela, </em></p>
<p style="padding-left: 40px;"><em>arrumba máis que leva.&#8221;</em></p>
<p>&nbsp;</p>

Opción de incorporar fornituras de plata 925, de primera ley.
