{"id":10092,"date":"2021-07-06T18:43:31","date_gmt":"2021-07-06T16:43:31","guid":{"rendered":"https:\/\/test.imprimetresde.com\/?post_type=product&#038;p=10092"},"modified":"2025-09-17T13:06:53","modified_gmt":"2025-09-17T11:06:53","slug":"colar-patela-xl","status":"publish","type":"product","link":"https:\/\/test.imprimetresde.com\/gl\/produto\/colar-patela-xl\/","title":{"rendered":"Colar Patela XL"},"content":{"rendered":"<p>Colar Patela XL, idea orixinal de I3D en homenaxe a esas cestas cadradas de bordo baixo feita con tiras de madeira. As <a href=\"https:\/\/gl.wikipedia.org\/wiki\/Patela\">patelas<\/a> eran utilizadas polas peixeiras para transportar o peixe. A peixeira \u00e9 unha das figuras m\u00e1is representativas da cultura mari\u00f1eira de Galicia, aparece case sempre representada cunha patela sobre a cabeza, sendo o elemento que mellor as define.<\/p>\n<p>*O material no que est\u00e1 realizado \u00e9 WOODEN <a href=\"https:\/\/test.imprimetresde.com\/gl\/o-noso-material-de-impresion-o-pla-polimero-biodegradabel-procedente-de-recursos-vexetais\/\">PLA<\/a>, material procedente de materia vexetal, biodegrad\u00e1bel, non t\u00f3xico e ecol\u00f3xico.<\/p>\n<p>&nbsp;<\/p>\n","protected":false},"excerpt":{"rendered":"<p>Colar Patela XL, idea orixinal de I3D en homenaxe a esas cestas cadradas de bordo baixo feita con tiras de madeira. As <a href=\"https:\/\/gl.wikipedia.org\/wiki\/Patela\">patelas<\/a> eran utilizadas polas peixeiras para transportar o peixe.<\/p>\n<p style=\"padding-left: 40px;\"><em>&#8220;Cesta patela,\u00a0<\/em><\/p>\n<p style=\"padding-left: 40px;\"><em>arrumba m\u00e1is que leva.&#8221;\u00a0<\/em><\/p>\n","protected":false},"featured_media":10157,"comment_status":"open","ping_status":"closed","template":"","meta":{"_vp_format_video_url":"","_vp_image_focal_point":[]},"product_brand":[],"product_cat":[1312,315,316],"product_tag":[1806,388,358,1114,410,479,463,2508,2507,860,1807,861,1808,1809,1384],"class_list":{"0":"post-10092","1":"product","2":"type-product","3":"status-publish","4":"has-post-thumbnail","6":"product_cat-colgantes-gl","7":"product_cat-complementos-gl","8":"product_cat-cultura-gl","9":"product_tag-cesta","10":"product_tag-colar","11":"product_tag-colgante-gl","12":"product_tag-dia-da-nai","13":"product_tag-galego","14":"product_tag-galicia","15":"product_tag-galiza","16":"product_tag-impresion-3d-a-coruna","17":"product_tag-impresion-3d-coruna","18":"product_tag-mar","19":"product_tag-patela","20":"product_tag-peixe","21":"product_tag-peixeira","22":"product_tag-produtos-do-mar","23":"product_tag-souvenir","25":"first","26":"instock","27":"sale","28":"taxable","29":"shipping-taxable","30":"purchasable","31":"product-type-simple"},"exclude_global_add_ons":false,"addons":[{"name":"Material da Cadea (opcional)","type":"checkbox","position":0,"required":false,"title_format":"label","default":"","description_enable":true,"description":"Opci\u00f3n de facer a peza con cadea e accesorios de prata 925, de primera lei.","placeholder_enable":false,"placeholder":"","display":"select","restrictions_type":"any_text","adjust_price":false,"price":"","price_type":"flat_fee","restrictions":false,"min":"0","max":"0","options":[{"label":"Prata","price":"10","price_type":"flat_fee","image":0,"visibility":true}]}],"_links":{"self":[{"href":"https:\/\/test.imprimetresde.com\/gl\/wp-json\/wp\/v2\/product\/10092","targetHints":{"allow":["GET"]}}],"collection":[{"href":"https:\/\/test.imprimetresde.com\/gl\/wp-json\/wp\/v2\/product"}],"about":[{"href":"https:\/\/test.imprimetresde.com\/gl\/wp-json\/wp\/v2\/types\/product"}],"replies":[{"embeddable":true,"href":"https:\/\/test.imprimetresde.com\/gl\/wp-json\/wp\/v2\/comments?post=10092"}],"wp:featuredmedia":[{"embeddable":true,"href":"https:\/\/test.imprimetresde.com\/gl\/wp-json\/wp\/v2\/media\/10157"}],"wp:attachment":[{"href":"https:\/\/test.imprimetresde.com\/gl\/wp-json\/wp\/v2\/media?parent=10092"}],"wp:term":[{"taxonomy":"product_brand","embeddable":true,"href":"https:\/\/test.imprimetresde.com\/gl\/wp-json\/wp\/v2\/product_brand?post=10092"},{"taxonomy":"product_cat","embeddable":true,"href":"https:\/\/test.imprimetresde.com\/gl\/wp-json\/wp\/v2\/product_cat?post=10092"},{"taxonomy":"product_tag","embeddable":true,"href":"https:\/\/test.imprimetresde.com\/gl\/wp-json\/wp\/v2\/product_tag?post=10092"}],"curies":[{"name":"wp","href":"https:\/\/api.w.org\/{rel}","templated":true}]}}

<p>Colar Patela XL, idea orixinal de I3D en homenaxe a esas cestas cadradas de bordo baixo feita con tiras de madeira. As <a href="https://gl.wikipedia.org/wiki/Patela">patelas</a> eran utilizadas polas peixeiras para transportar o peixe. A peixeira é unha das figuras máis representativas da cultura mariñeira de Galicia, aparece case sempre representada cunha patela sobre a cabeza, sendo o elemento que mellor as define.</p>
<p>*O material no que está realizado é WOODEN <a href="https://test.imprimetresde.com/gl/o-noso-material-de-impresion-o-pla-polimero-biodegradabel-procedente-de-recursos-vexetais/">PLA</a>, material procedente de materia vexetal, biodegradábel, non tóxico e ecolóxico.</p>
<p>&nbsp;</p>

<p>Colar Patela XL, idea orixinal de I3D en homenaxe a esas cestas cadradas de bordo baixo feita con tiras de madeira. As <a href="https://gl.wikipedia.org/wiki/Patela">patelas</a> eran utilizadas polas peixeiras para transportar o peixe.</p>
<p style="padding-left: 40px;"><em>&#8220;Cesta patela, </em></p>
<p style="padding-left: 40px;"><em>arrumba máis que leva.&#8221; </em></p>

Opción de facer a peza con cadea e accesorios de prata 925, de primera lei.
