{"id":10134,"date":"2021-07-05T18:55:07","date_gmt":"2021-07-05T16:55:07","guid":{"rendered":"https:\/\/test.imprimetresde.com\/?post_type=product&#038;p=10134"},"modified":"2024-03-05T20:06:09","modified_gmt":"2024-03-05T18:06:09","slug":"pulseira-personalizada","status":"publish","type":"product","link":"https:\/\/test.imprimetresde.com\/gl\/produto\/pulseira-personalizada\/","title":{"rendered":"Pulseira Personalizada"},"content":{"rendered":"<p>Pulseira Personalizada dese\u00f1ada por <a href=\"https:\/\/test.imprimetresde.com\/gl\/\">Imprimetresde <\/a>, \u00e9 ideal para regalar. Personaliza a t\u00faa pulseira co teu nome ou para facer o agasallo m\u00e1is orixinal.<\/p>\n<p>*O material no que est\u00e1 realizado \u00e9 <a href=\"https:\/\/test.imprimetresde.com\/nuestro-material-de-impresion-el-pla-polimero-biodegradable-procedente-de-recursos-vegetales\/\">PLA<\/a>, material procedente de materia vexetal, <a href=\"https:\/\/es.wikipedia.org\/wiki\/Biodegradabilidad\">biodegrad\u00e1bel<\/a>, non t\u00f3xico e ecol\u00f3xico<\/p>\n","protected":false},"excerpt":{"rendered":"<p>Pulseira Personalizada dese\u00f1ada por <a href=\"https:\/\/test.imprimetresde.com\/gl\/\">Imprimetresde <\/a>, \u00e9 ideal para regalar. Personaliza a t\u00faa pulseira co teu nome ou para facer o agasallo m\u00e1is orixinal.<\/p>\n<p>&nbsp;<\/p>\n","protected":false},"featured_media":10138,"comment_status":"open","ping_status":"closed","template":"","meta":{"_vp_format_video_url":"","_vp_image_focal_point":[]},"product_brand":[],"product_cat":[315],"product_tag":[566,1115,1822,2508,2507,1593,1355,1821,1206,968],"class_list":{"0":"post-10134","1":"product","2":"type-product","3":"status-publish","4":"has-post-thumbnail","6":"product_cat-complementos-gl","7":"product_tag-agasallo","8":"product_tag-dia-do-pai","9":"product_tag-home","10":"product_tag-impresion-3d-a-coruna","11":"product_tag-impresion-3d-coruna","12":"product_tag-orixinais","13":"product_tag-personalizada","14":"product_tag-personalizados-complementos","15":"product_tag-pulseira","16":"product_tag-regalo-gl","18":"first","19":"instock","20":"taxable","21":"shipping-taxable","22":"purchasable","23":"product-type-simple"},"exclude_global_add_ons":[],"addons":[],"_links":{"self":[{"href":"https:\/\/test.imprimetresde.com\/gl\/wp-json\/wp\/v2\/product\/10134","targetHints":{"allow":["GET"]}}],"collection":[{"href":"https:\/\/test.imprimetresde.com\/gl\/wp-json\/wp\/v2\/product"}],"about":[{"href":"https:\/\/test.imprimetresde.com\/gl\/wp-json\/wp\/v2\/types\/product"}],"replies":[{"embeddable":true,"href":"https:\/\/test.imprimetresde.com\/gl\/wp-json\/wp\/v2\/comments?post=10134"}],"wp:featuredmedia":[{"embeddable":true,"href":"https:\/\/test.imprimetresde.com\/gl\/wp-json\/wp\/v2\/media\/10138"}],"wp:attachment":[{"href":"https:\/\/test.imprimetresde.com\/gl\/wp-json\/wp\/v2\/media?parent=10134"}],"wp:term":[{"taxonomy":"product_brand","embeddable":true,"href":"https:\/\/test.imprimetresde.com\/gl\/wp-json\/wp\/v2\/product_brand?post=10134"},{"taxonomy":"product_cat","embeddable":true,"href":"https:\/\/test.imprimetresde.com\/gl\/wp-json\/wp\/v2\/product_cat?post=10134"},{"taxonomy":"product_tag","embeddable":true,"href":"https:\/\/test.imprimetresde.com\/gl\/wp-json\/wp\/v2\/product_tag?post=10134"}],"curies":[{"name":"wp","href":"https:\/\/api.w.org\/{rel}","templated":true}]}}

<p>Pulseira Personalizada deseñada por <a href="https://test.imprimetresde.com/gl/">Imprimetresde </a>, é ideal para regalar. Personaliza a túa pulseira co teu nome ou para facer o agasallo máis orixinal.</p>
<p>*O material no que está realizado é <a href="https://test.imprimetresde.com/nuestro-material-de-impresion-el-pla-polimero-biodegradable-procedente-de-recursos-vegetales/">PLA</a>, material procedente de materia vexetal, <a href="https://es.wikipedia.org/wiki/Biodegradabilidad">biodegradábel</a>, non tóxico e ecolóxico</p>

<p>Pulseira Personalizada deseñada por <a href="https://test.imprimetresde.com/gl/">Imprimetresde </a>, é ideal para regalar. Personaliza a túa pulseira co teu nome ou para facer o agasallo máis orixinal.</p>
<p>&nbsp;</p>
