{"id":10198,"date":"2021-07-23T12:26:28","date_gmt":"2021-07-23T10:26:28","guid":{"rendered":"https:\/\/test.imprimetresde.com\/?post_type=product&#038;p=10198"},"modified":"2024-03-05T20:02:54","modified_gmt":"2024-03-05T18:02:54","slug":"anel-estrela-vermella","status":"publish","type":"product","link":"https:\/\/test.imprimetresde.com\/gl\/produto\/anel-estrela-vermella\/","title":{"rendered":"Anel Estrela Vermella"},"content":{"rendered":"<p>Anel\u00a0<a href=\"https:\/\/gl.wikipedia.org\/wiki\/Estrela_vermella\">Estrela Vermella<\/a> dese\u00f1ado por <a href=\"https:\/\/test.imprimetresde.com\/gl\/\">Imprimetresde<\/a>. Podes atopar este anel na cor que identifica mundialmente a loita proletaria e o internacionalismo. D\u00e1lle un toque especial \u00e1 t\u00faa imaxe.<\/p>\n<p>*O material no que est\u00e1 realizado \u00e9 <a href=\"https:\/\/test.imprimetresde.com\/nuestro-material-de-impresion-el-pla-polimero-biodegradable-procedente-de-recursos-vegetales\/\">PLA<\/a>, material procedente de materia vexetal, biodegrad\u00e1bel, non t\u00f3xico e ecol\u00f3xico.<\/p>\n","protected":false},"excerpt":{"rendered":"<p>Anel\u00a0<a href=\"https:\/\/gl.wikipedia.org\/wiki\/Estrela_vermella\">Estrela Vermella<\/a> dese\u00f1ado por <a href=\"https:\/\/test.imprimetresde.com\/gl\/\">Imprimetresde<\/a>. Podes atopar este anel na cor que identifica mundialmente a loita proletaria e o internacionalismo. D\u00e1lle un toque especial \u00e1 t\u00faa imaxe.<\/p>\n","protected":false},"featured_media":10205,"comment_status":"open","ping_status":"closed","template":"","meta":{"_vp_format_video_url":"","_vp_image_focal_point":[]},"product_brand":[],"product_cat":[421,315,316],"product_tag":[756,500,2508,2507,501],"class_list":{"0":"post-10198","1":"product","2":"type-product","3":"status-publish","4":"has-post-thumbnail","6":"product_cat-activismo","7":"product_cat-complementos-gl","8":"product_cat-cultura-gl","9":"product_tag-anel","10":"product_tag-estrela","11":"product_tag-impresion-3d-a-coruna","12":"product_tag-impresion-3d-coruna","13":"product_tag-vermella","15":"first","16":"instock","17":"sale","18":"taxable","19":"shipping-taxable","20":"purchasable","21":"product-type-variable"},"exclude_global_add_ons":[],"addons":[],"_links":{"self":[{"href":"https:\/\/test.imprimetresde.com\/gl\/wp-json\/wp\/v2\/product\/10198","targetHints":{"allow":["GET"]}}],"collection":[{"href":"https:\/\/test.imprimetresde.com\/gl\/wp-json\/wp\/v2\/product"}],"about":[{"href":"https:\/\/test.imprimetresde.com\/gl\/wp-json\/wp\/v2\/types\/product"}],"replies":[{"embeddable":true,"href":"https:\/\/test.imprimetresde.com\/gl\/wp-json\/wp\/v2\/comments?post=10198"}],"wp:featuredmedia":[{"embeddable":true,"href":"https:\/\/test.imprimetresde.com\/gl\/wp-json\/wp\/v2\/media\/10205"}],"wp:attachment":[{"href":"https:\/\/test.imprimetresde.com\/gl\/wp-json\/wp\/v2\/media?parent=10198"}],"wp:term":[{"taxonomy":"product_brand","embeddable":true,"href":"https:\/\/test.imprimetresde.com\/gl\/wp-json\/wp\/v2\/product_brand?post=10198"},{"taxonomy":"product_cat","embeddable":true,"href":"https:\/\/test.imprimetresde.com\/gl\/wp-json\/wp\/v2\/product_cat?post=10198"},{"taxonomy":"product_tag","embeddable":true,"href":"https:\/\/test.imprimetresde.com\/gl\/wp-json\/wp\/v2\/product_tag?post=10198"}],"curies":[{"name":"wp","href":"https:\/\/api.w.org\/{rel}","templated":true}]}}

<p>Anel <a href="https://gl.wikipedia.org/wiki/Estrela_vermella">Estrela Vermella</a> deseñado por <a href="https://test.imprimetresde.com/gl/">Imprimetresde</a>. Podes atopar este anel na cor que identifica mundialmente a loita proletaria e o internacionalismo. Dálle un toque especial á túa imaxe.</p>
<p>*O material no que está realizado é <a href="https://test.imprimetresde.com/nuestro-material-de-impresion-el-pla-polimero-biodegradable-procedente-de-recursos-vegetales/">PLA</a>, material procedente de materia vexetal, biodegradábel, non tóxico e ecolóxico.</p>

<p>Anel <a href="https://gl.wikipedia.org/wiki/Estrela_vermella">Estrela Vermella</a> deseñado por <a href="https://test.imprimetresde.com/gl/">Imprimetresde</a>. Podes atopar este anel na cor que identifica mundialmente a loita proletaria e o internacionalismo. Dálle un toque especial á túa imaxe.</p>
