{"id":10257,"date":"2021-09-09T18:17:38","date_gmt":"2021-09-09T16:17:38","guid":{"rendered":"https:\/\/test.imprimetresde.com\/?post_type=product&#038;p=10257"},"modified":"2024-10-02T13:25:16","modified_gmt":"2024-10-02T11:25:16","slug":"colar-pandeireta-personalizado","status":"publish","type":"product","link":"https:\/\/test.imprimetresde.com\/gl\/produto\/colar-pandeireta-personalizado\/","title":{"rendered":"Colar Pandeireta Personalizado"},"content":{"rendered":"<p>Colar Pandeireta Personalizado dese\u00f1ado pola equipa de <a href=\"https:\/\/test.imprimetresde.com\/gl\/\">I3D<\/a>. Fermos\u00edsimo colar en homenaxe \u00e1 nosa <a href=\"https:\/\/gl.wikipedia.org\/wiki\/Pandeireta\">pandeireta<\/a>. Personal\u00edzao co teu nome ou para agasallar!<\/p>\n<p>Este marabilloso instrumento constit\u00fae a base da m\u00fasica tradicional galega. Realizado en madeira imprim\u00edbel (wooden PLA) e <a href=\"https:\/\/test.imprimetresde.com\/gl\/o-noso-material-de-impresion-o-pla-polimero-biodegradabel-procedente-de-recursos-vexetais\/\">PLA<\/a>. Asimesmo, disp\u00f3n dunhas ferre\u00f1as met\u00e1licas que far\u00e1n as delicias de calquer mel\u00f3man@.<\/p>\n","protected":false},"excerpt":{"rendered":"<p>Colar Pandeireta Personalizado dese\u00f1ado pola equipa de <a href=\"https:\/\/test.imprimetresde.com\/gl\/\">I3D<\/a>. Fermos\u00edsimo colar en homenaxe \u00e1 nosa <a href=\"https:\/\/gl.wikipedia.org\/wiki\/Pandeireta\">pandeireta<\/a>.\u00a0<strong>Personal\u00edzao co teu nome ou para agasallar!<\/strong><\/p>\n","protected":false},"featured_media":10397,"comment_status":"open","ping_status":"closed","template":"","meta":{"_vp_format_video_url":"","_vp_image_focal_point":[]},"product_brand":[],"product_cat":[1312,315,316,2499],"product_tag":[388,358,498,1114,410,479,463,2508,2507,1839,511,1328,1205,274,968,1384,1735,1838,512],"class_list":{"0":"post-10257","1":"product","2":"type-product","3":"status-publish","4":"has-post-thumbnail","6":"product_cat-colgantes-gl","7":"product_cat-complementos-gl","8":"product_cat-cultura-gl","9":"product_cat-personalizados","10":"product_tag-colar","11":"product_tag-colgante-gl","12":"product_tag-complementos","13":"product_tag-dia-da-nai","14":"product_tag-galego","15":"product_tag-galicia","16":"product_tag-galiza","17":"product_tag-impresion-3d-a-coruna","18":"product_tag-impresion-3d-coruna","19":"product_tag-instrumento","20":"product_tag-musica","21":"product_tag-orixinal","22":"product_tag-pandeireta-gl","23":"product_tag-personalizado-gl","24":"product_tag-regalo-gl","25":"product_tag-souvenir","26":"product_tag-terra","27":"product_tag-trad","28":"product_tag-tradicional","30":"first","31":"instock","32":"taxable","33":"shipping-taxable","34":"purchasable","35":"product-type-simple"},"exclude_global_add_ons":false,"addons":[{"name":"Texto personalizado","type":"custom_text","position":0,"required":true,"title_format":"label","default":"","description_enable":false,"description":"","placeholder_enable":false,"placeholder":"","display":"select","restrictions_type":"any_text","adjust_price":false,"price":"","price_type":"flat_fee","restrictions":true,"min":"0","max":"10","options":[]},{"name":"Material da Cadea (opcional)","type":"checkbox","position":0,"required":false,"title_format":"label","default":"","description_enable":true,"description":"Opci\u00f3n de facer a peza con cadea e accesorios de prata 925, de primera lei.","placeholder_enable":false,"placeholder":"","display":"select","restrictions_type":"any_text","adjust_price":false,"price":"","price_type":"flat_fee","restrictions":false,"min":"0","max":"0","options":[{"label":"Prata","price":"10","price_type":"flat_fee","image":0,"visibility":true}]}],"_links":{"self":[{"href":"https:\/\/test.imprimetresde.com\/gl\/wp-json\/wp\/v2\/product\/10257","targetHints":{"allow":["GET"]}}],"collection":[{"href":"https:\/\/test.imprimetresde.com\/gl\/wp-json\/wp\/v2\/product"}],"about":[{"href":"https:\/\/test.imprimetresde.com\/gl\/wp-json\/wp\/v2\/types\/product"}],"replies":[{"embeddable":true,"href":"https:\/\/test.imprimetresde.com\/gl\/wp-json\/wp\/v2\/comments?post=10257"}],"wp:featuredmedia":[{"embeddable":true,"href":"https:\/\/test.imprimetresde.com\/gl\/wp-json\/wp\/v2\/media\/10397"}],"wp:attachment":[{"href":"https:\/\/test.imprimetresde.com\/gl\/wp-json\/wp\/v2\/media?parent=10257"}],"wp:term":[{"taxonomy":"product_brand","embeddable":true,"href":"https:\/\/test.imprimetresde.com\/gl\/wp-json\/wp\/v2\/product_brand?post=10257"},{"taxonomy":"product_cat","embeddable":true,"href":"https:\/\/test.imprimetresde.com\/gl\/wp-json\/wp\/v2\/product_cat?post=10257"},{"taxonomy":"product_tag","embeddable":true,"href":"https:\/\/test.imprimetresde.com\/gl\/wp-json\/wp\/v2\/product_tag?post=10257"}],"curies":[{"name":"wp","href":"https:\/\/api.w.org\/{rel}","templated":true}]}}

<p>Colar Pandeireta Personalizado deseñado pola equipa de <a href="https://test.imprimetresde.com/gl/">I3D</a>. Fermosísimo colar en homenaxe á nosa <a href="https://gl.wikipedia.org/wiki/Pandeireta">pandeireta</a>. Personalízao co teu nome ou para agasallar!</p>
<p>Este marabilloso instrumento constitúe a base da música tradicional galega. Realizado en madeira imprimíbel (wooden PLA) e <a href="https://test.imprimetresde.com/gl/o-noso-material-de-impresion-o-pla-polimero-biodegradabel-procedente-de-recursos-vexetais/">PLA</a>. Asimesmo, dispón dunhas ferreñas metálicas que farán as delicias de calquer melóman@.</p>

<p>Colar Pandeireta Personalizado deseñado pola equipa de <a href="https://test.imprimetresde.com/gl/">I3D</a>. Fermosísimo colar en homenaxe á nosa <a href="https://gl.wikipedia.org/wiki/Pandeireta">pandeireta</a>. <strong>Personalízao co teu nome ou para agasallar!</strong></p>

Opción de facer a peza con cadea e accesorios de prata 925, de primera lei.
