{"id":10269,"date":"2021-09-18T12:57:04","date_gmt":"2021-09-18T10:57:04","guid":{"rendered":"https:\/\/test.imprimetresde.com\/?post_type=product&#038;p=10269"},"modified":"2025-03-11T13:47:30","modified_gmt":"2025-03-11T11:47:30","slug":"gafas-de-sol-personalizadas","status":"publish","type":"product","link":"https:\/\/test.imprimetresde.com\/gl\/produto\/gafas-de-sol-personalizadas\/","title":{"rendered":"Gafas de Sol Personalizadas"},"content":{"rendered":"<p>Gafas de sol Personalizadas dese\u00f1adas por <a href=\"https:\/\/test.imprimetresde.com\/gl\/\">I3D<\/a>, son ideais para regalar. Personaliza estas gafas co teu nome ou para facer o agasallo m\u00e1is orixinal. Preg\u00fantanos para incorportar dese\u00f1os a maiores.<\/p>\n<p>*O material no que est\u00e1 realizado \u00e9 <a href=\"https:\/\/test.imprimetresde.com\/nuestro-material-de-impresion-el-pla-polimero-biodegradable-procedente-de-recursos-vegetales\/\">PLA<\/a>, material procedente de materia vexetal, <a href=\"https:\/\/es.wikipedia.org\/wiki\/Biodegradabilidad\">biodegrad\u00e1bel<\/a>, non t\u00f3xico e ecol\u00f3xico<\/p>\n","protected":false},"excerpt":{"rendered":"<p>Gafas de sol Personalizadas dese\u00f1adas por <a href=\"https:\/\/test.imprimetresde.com\/gl\/\">I3D<\/a>, son ideais para regalar. Personaliza estas gafas co teu nome ou para facer o agasallo m\u00e1is orixinal. Preg\u00fantanos para incorportar dese\u00f1os a maiores.<\/p>\n<p>&nbsp;<\/p>\n","protected":false},"featured_media":11047,"comment_status":"open","ping_status":"closed","template":"","meta":{"_vp_format_video_url":"","_vp_image_focal_point":[]},"product_brand":[],"product_cat":[315],"product_tag":[566,1114,1115,1842,2508,2507,1357,1328,274,968,1843],"class_list":{"0":"post-10269","1":"product","2":"type-product","3":"status-publish","4":"has-post-thumbnail","6":"product_cat-complementos-gl","7":"product_tag-agasallo","8":"product_tag-dia-da-nai","9":"product_tag-dia-do-pai","10":"product_tag-gafas","11":"product_tag-impresion-3d-a-coruna","12":"product_tag-impresion-3d-coruna","13":"product_tag-nome","14":"product_tag-orixinal","15":"product_tag-personalizado-gl","16":"product_tag-regalo-gl","17":"product_tag-sol","19":"first","20":"instock","21":"sale","22":"taxable","23":"shipping-taxable","24":"purchasable","25":"product-type-variable"},"exclude_global_add_ons":[],"addons":[],"_links":{"self":[{"href":"https:\/\/test.imprimetresde.com\/gl\/wp-json\/wp\/v2\/product\/10269","targetHints":{"allow":["GET"]}}],"collection":[{"href":"https:\/\/test.imprimetresde.com\/gl\/wp-json\/wp\/v2\/product"}],"about":[{"href":"https:\/\/test.imprimetresde.com\/gl\/wp-json\/wp\/v2\/types\/product"}],"replies":[{"embeddable":true,"href":"https:\/\/test.imprimetresde.com\/gl\/wp-json\/wp\/v2\/comments?post=10269"}],"wp:featuredmedia":[{"embeddable":true,"href":"https:\/\/test.imprimetresde.com\/gl\/wp-json\/wp\/v2\/media\/11047"}],"wp:attachment":[{"href":"https:\/\/test.imprimetresde.com\/gl\/wp-json\/wp\/v2\/media?parent=10269"}],"wp:term":[{"taxonomy":"product_brand","embeddable":true,"href":"https:\/\/test.imprimetresde.com\/gl\/wp-json\/wp\/v2\/product_brand?post=10269"},{"taxonomy":"product_cat","embeddable":true,"href":"https:\/\/test.imprimetresde.com\/gl\/wp-json\/wp\/v2\/product_cat?post=10269"},{"taxonomy":"product_tag","embeddable":true,"href":"https:\/\/test.imprimetresde.com\/gl\/wp-json\/wp\/v2\/product_tag?post=10269"}],"curies":[{"name":"wp","href":"https:\/\/api.w.org\/{rel}","templated":true}]}}

<p>Gafas de sol Personalizadas deseñadas por <a href="https://test.imprimetresde.com/gl/">I3D</a>, son ideais para regalar. Personaliza estas gafas co teu nome ou para facer o agasallo máis orixinal. Pregúntanos para incorportar deseños a maiores.</p>
<p>*O material no que está realizado é <a href="https://test.imprimetresde.com/nuestro-material-de-impresion-el-pla-polimero-biodegradable-procedente-de-recursos-vegetales/">PLA</a>, material procedente de materia vexetal, <a href="https://es.wikipedia.org/wiki/Biodegradabilidad">biodegradábel</a>, non tóxico e ecolóxico</p>

<p>Gafas de sol Personalizadas deseñadas por <a href="https://test.imprimetresde.com/gl/">I3D</a>, son ideais para regalar. Personaliza estas gafas co teu nome ou para facer o agasallo máis orixinal. Pregúntanos para incorportar deseños a maiores.</p>
<p>&nbsp;</p>
