{"id":10315,"date":"2021-11-24T14:20:53","date_gmt":"2021-11-24T12:20:53","guid":{"rendered":"https:\/\/test.imprimetresde.com\/?post_type=product&#038;p=10315"},"modified":"2025-03-11T13:45:24","modified_gmt":"2025-03-11T11:45:24","slug":"escultura-family","status":"publish","type":"product","link":"https:\/\/test.imprimetresde.com\/gl\/produto\/escultura-family\/","title":{"rendered":"Escultura Family"},"content":{"rendered":"<p>Escultura Family, creaci\u00f3n orixinal de <a href=\"https:\/\/test.imprimetresde.com\/gl\/\">I3D<\/a>. Facemos a escultura personalizada das persoas que desexes. O prezo incrementarase en 80\u20ac\/integrante da familia ou grupo. Para m\u00e1is de 5 integrantes, consultar no 634 585 631 por cuesti\u00f3n de espazo e tama\u00f1o.<\/p>\n<p>Precisamos un m\u00ednimo de d\u00faas fotos de cada integrante e, a partir delas, esculpimos o modelo.<\/p>\n<p>*O material no que est\u00e1 realizado \u00e9\u00a0<a href=\"https:\/\/test.imprimetresde.com\/nuestro-material-de-impresion-el-pla-polimero-biodegradable-procedente-de-recursos-vegetales\/\">PLA<\/a>, material procedente de materia vexetal,\u00a0<a href=\"https:\/\/es.wikipedia.org\/wiki\/Biodegradabilidad\">biodegrad\u00e1bel<\/a>, non t\u00f3xico e ecol\u00f3xico.<\/p>\n","protected":false},"excerpt":{"rendered":"<p>Escultura Family, creaci\u00f3n orixinal de <a href=\"https:\/\/test.imprimetresde.com\/gl\/\">I3D<\/a>. Facemos a escultura personalizada das persoas que desexes. O prezo incrementarase en 80\u20ac\/integrante da familia ou grupo.<\/p>\n","protected":false},"featured_media":10322,"comment_status":"open","ping_status":"closed","template":"","meta":{"_vp_format_video_url":"","_vp_image_focal_point":[]},"product_brand":[],"product_cat":[314,313],"product_tag":[566,1849,305,1114,1115,1009,1848,2508,2507,1850,274,1847,968],"class_list":{"0":"post-10315","1":"product","2":"type-product","3":"status-publish","4":"has-post-thumbnail","6":"product_cat-bustos-gl","7":"product_cat-ambiente-gl","8":"product_tag-agasallo","9":"product_tag-amigos","10":"product_tag-busto-gl","11":"product_tag-dia-da-nai","12":"product_tag-dia-do-pai","13":"product_tag-escultura","14":"product_tag-familia","15":"product_tag-impresion-3d-a-coruna","16":"product_tag-impresion-3d-coruna","17":"product_tag-pandilla","18":"product_tag-personalizado-gl","19":"product_tag-personalizadoa","20":"product_tag-regalo-gl","22":"first","23":"instock","24":"sale","25":"taxable","26":"shipping-taxable","27":"purchasable","28":"product-type-simple"},"exclude_global_add_ons":[],"addons":[],"_links":{"self":[{"href":"https:\/\/test.imprimetresde.com\/gl\/wp-json\/wp\/v2\/product\/10315","targetHints":{"allow":["GET"]}}],"collection":[{"href":"https:\/\/test.imprimetresde.com\/gl\/wp-json\/wp\/v2\/product"}],"about":[{"href":"https:\/\/test.imprimetresde.com\/gl\/wp-json\/wp\/v2\/types\/product"}],"replies":[{"embeddable":true,"href":"https:\/\/test.imprimetresde.com\/gl\/wp-json\/wp\/v2\/comments?post=10315"}],"wp:featuredmedia":[{"embeddable":true,"href":"https:\/\/test.imprimetresde.com\/gl\/wp-json\/wp\/v2\/media\/10322"}],"wp:attachment":[{"href":"https:\/\/test.imprimetresde.com\/gl\/wp-json\/wp\/v2\/media?parent=10315"}],"wp:term":[{"taxonomy":"product_brand","embeddable":true,"href":"https:\/\/test.imprimetresde.com\/gl\/wp-json\/wp\/v2\/product_brand?post=10315"},{"taxonomy":"product_cat","embeddable":true,"href":"https:\/\/test.imprimetresde.com\/gl\/wp-json\/wp\/v2\/product_cat?post=10315"},{"taxonomy":"product_tag","embeddable":true,"href":"https:\/\/test.imprimetresde.com\/gl\/wp-json\/wp\/v2\/product_tag?post=10315"}],"curies":[{"name":"wp","href":"https:\/\/api.w.org\/{rel}","templated":true}]}}

<p>Escultura Family, creación orixinal de <a href="https://test.imprimetresde.com/gl/">I3D</a>. Facemos a escultura personalizada das persoas que desexes. O prezo incrementarase en 80€/integrante da familia ou grupo. Para máis de 5 integrantes, consultar no 634 585 631 por cuestión de espazo e tamaño.</p>
<p>Precisamos un mínimo de dúas fotos de cada integrante e, a partir delas, esculpimos o modelo.</p>
<p>*O material no que está realizado é <a href="https://test.imprimetresde.com/nuestro-material-de-impresion-el-pla-polimero-biodegradable-procedente-de-recursos-vegetales/">PLA</a>, material procedente de materia vexetal, <a href="https://es.wikipedia.org/wiki/Biodegradabilidad">biodegradábel</a>, non tóxico e ecolóxico.</p>

<p>Escultura Family, creación orixinal de <a href="https://test.imprimetresde.com/gl/">I3D</a>. Facemos a escultura personalizada das persoas que desexes. O prezo incrementarase en 80€/integrante da familia ou grupo.</p>
