{"id":10344,"date":"2021-12-02T19:22:54","date_gmt":"2021-12-02T17:22:54","guid":{"rendered":"https:\/\/test.imprimetresde.com\/?post_type=product&#038;p=10344"},"modified":"2025-01-13T20:23:21","modified_gmt":"2025-01-13T18:23:21","slug":"bola-decoracion-nadal","status":"publish","type":"product","link":"https:\/\/test.imprimetresde.com\/gl\/produto\/bola-decoracion-nadal\/","title":{"rendered":"Bola decoraci\u00f3n Nadal"},"content":{"rendered":"<p>Bola decoraci\u00f3n Nadal co texto BOAS FESTAS feita por <a href=\"https:\/\/test.imprimetresde.com\/\">I3D<\/a> . Figura decorativa para colgar da \u00e1rbore e darlle un toque a\u00ednda m\u00e1is festivo. En tres cores: vermello, dourado e branco fosforescente.<\/p>\n<p>BOLA PERSONALIZADA! Engade o nome que queiras e ter\u00e1s a t\u00faa bola de Nadal personalizada! Para ti ou para regalar. Agasallo perfecto!<\/p>\n<p>**O material no que est\u00e1 realizado \u00e9\u00a0<a href=\"https:\/\/test.imprimetresde.com\/nuestro-material-de-impresion-el-pla-polimero-biodegradable-procedente-de-recursos-vegetales\/\">PLA<\/a>, material procedente de materia vexetal,\u00a0<a href=\"https:\/\/es.wikipedia.org\/wiki\/Biodegradabilidad\">biodegrad\u00e1bel<\/a>, non t\u00f3xico e ecol\u00f3xico<\/p>\n","protected":false},"excerpt":{"rendered":"<p>Bola decoraci\u00f3n Nadal co texto BOAS FESTAS feita por <a href=\"https:\/\/test.imprimetresde.com\/\">I3D<\/a> . Figura decorativa para colgar da \u00e1rbore e darlle un toque a\u00ednda m\u00e1is festivo. En tres cores: vermello, dourado e branco fosforescente.<\/p>\n<p>BOLA BOAS FESTAS PERSONALIZADA! Engade o nome que queiras e ter\u00e1s a t\u00faa bola de Nadal personalizada! Para ti ou para regalar. Agasallo perfecto!<\/p>\n","protected":false},"featured_media":12514,"comment_status":"open","ping_status":"closed","template":"","meta":{"_vp_format_video_url":"","_vp_image_focal_point":[]},"product_brand":[],"product_cat":[316,313],"product_tag":[550,1852,1851,210,2508,2507,1481,2444,2443,1355],"class_list":{"0":"post-10344","1":"product","2":"type-product","3":"status-publish","4":"has-post-thumbnail","6":"product_cat-cultura-gl","7":"product_cat-ambiente-gl","8":"product_tag-arbore","9":"product_tag-boas-festas","10":"product_tag-bola","11":"product_tag-decoracion-gl","12":"product_tag-impresion-3d-a-coruna","13":"product_tag-impresion-3d-coruna","14":"product_tag-nadal","15":"product_tag-navidad-gl","16":"product_tag-navidades","17":"product_tag-personalizada","19":"first","20":"instock","21":"sale","22":"taxable","23":"shipping-taxable","24":"purchasable","25":"product-type-variable"},"exclude_global_add_ons":false,"addons":[{"name":"Texto personalizado","type":"custom_text","position":0,"required":false,"title_format":"label","default":"","description_enable":false,"description":"","placeholder_enable":false,"placeholder":"","display":"select","restrictions_type":"any_text","adjust_price":true,"price":"5.00","price_type":"flat_fee","restrictions":true,"min":"0","max":"12","options":[]}],"_links":{"self":[{"href":"https:\/\/test.imprimetresde.com\/gl\/wp-json\/wp\/v2\/product\/10344","targetHints":{"allow":["GET"]}}],"collection":[{"href":"https:\/\/test.imprimetresde.com\/gl\/wp-json\/wp\/v2\/product"}],"about":[{"href":"https:\/\/test.imprimetresde.com\/gl\/wp-json\/wp\/v2\/types\/product"}],"replies":[{"embeddable":true,"href":"https:\/\/test.imprimetresde.com\/gl\/wp-json\/wp\/v2\/comments?post=10344"}],"wp:featuredmedia":[{"embeddable":true,"href":"https:\/\/test.imprimetresde.com\/gl\/wp-json\/wp\/v2\/media\/12514"}],"wp:attachment":[{"href":"https:\/\/test.imprimetresde.com\/gl\/wp-json\/wp\/v2\/media?parent=10344"}],"wp:term":[{"taxonomy":"product_brand","embeddable":true,"href":"https:\/\/test.imprimetresde.com\/gl\/wp-json\/wp\/v2\/product_brand?post=10344"},{"taxonomy":"product_cat","embeddable":true,"href":"https:\/\/test.imprimetresde.com\/gl\/wp-json\/wp\/v2\/product_cat?post=10344"},{"taxonomy":"product_tag","embeddable":true,"href":"https:\/\/test.imprimetresde.com\/gl\/wp-json\/wp\/v2\/product_tag?post=10344"}],"curies":[{"name":"wp","href":"https:\/\/api.w.org\/{rel}","templated":true}]}}

Bola decoración Nadal

<p>Bola decoración Nadal co texto BOAS FESTAS feita por <a href="https://test.imprimetresde.com/">I3D</a> . Figura decorativa para colgar da árbore e darlle un toque aínda máis festivo. En tres cores: vermello, dourado e branco fosforescente.</p>
<p>BOLA PERSONALIZADA! Engade o nome que queiras e terás a túa bola de Nadal personalizada! Para ti ou para regalar. Agasallo perfecto!</p>
<p>**O material no que está realizado é <a href="https://test.imprimetresde.com/nuestro-material-de-impresion-el-pla-polimero-biodegradable-procedente-de-recursos-vegetales/">PLA</a>, material procedente de materia vexetal, <a href="https://es.wikipedia.org/wiki/Biodegradabilidad">biodegradábel</a>, non tóxico e ecolóxico</p>

<p>Bola decoración Nadal co texto BOAS FESTAS feita por <a href="https://test.imprimetresde.com/">I3D</a> . Figura decorativa para colgar da árbore e darlle un toque aínda máis festivo. En tres cores: vermello, dourado e branco fosforescente.</p>
<p>BOLA BOAS FESTAS PERSONALIZADA! Engade o nome que queiras e terás a túa bola de Nadal personalizada! Para ti ou para regalar. Agasallo perfecto!</p>
