{"id":10430,"date":"2022-01-03T19:34:09","date_gmt":"2022-01-03T17:34:09","guid":{"rendered":"https:\/\/test.imprimetresde.com\/?post_type=product&#038;p=10430"},"modified":"2025-09-17T13:13:50","modified_gmt":"2025-09-17T11:13:50","slug":"brincos-castelao","status":"publish","type":"product","link":"https:\/\/test.imprimetresde.com\/gl\/produto\/brincos-castelao\/","title":{"rendered":"Brincos Castelao"},"content":{"rendered":"<p>Brincos Castelao, dese\u00f1o de <a href=\"https:\/\/test.imprimetresde.com\/gl\/\">Imprimetresde<\/a>, en cor gris ou\u00a0 negra baseados nun dese\u00f1o do propio Daniel A. Rodr\u00edguez <a href=\"https:\/\/gl.wikipedia.org\/wiki\/Alfonso_Daniel_Rodr%C3%ADguez_Castelao\">Castelao<\/a> sobre a s\u00faa imaxe: \u201cAutocaricatura\u201d de 1914. Nado en\u00a0<a title=\"Rianxo\" href=\"https:\/\/gl.wikipedia.org\/wiki\/Rianxo\">Rianxo<\/a>\u00a0o\u00a0<a title=\"\" href=\"https:\/\/gl.wikipedia.org\/wiki\/29_de_xaneiro\">29 de xaneiro<\/a><sup id=\"cite_ref-1\" class=\"reference\"><a href=\"https:\/\/gl.wikipedia.org\/wiki\/Alfonso_Daniel_Rodr%C3%ADguez_Castelao#cite_note-1\">[1]<\/a><\/sup>\u00a0de\u00a0<a title=\"Medicina\" href=\"https:\/\/gl.wikipedia.org\/wiki\/1886\">1886<\/a>\u00a0e finado no exilio en\u00a0<a title=\"Buenos Aires\" href=\"https:\/\/gl.wikipedia.org\/wiki\/Buenos_Aires\">Buenos Aires<\/a>\u00a0(<a title=\"Arxentina\" href=\"https:\/\/gl.wikipedia.org\/wiki\/Arxentina\">Arxentina<\/a>) o\u00a0<a title=\"7 de xaneiro\" href=\"https:\/\/gl.wikipedia.org\/wiki\/7_de_xaneiro\">7 de xaneiro<\/a>\u00a0de\u00a0<a title=\"1950\" href=\"https:\/\/gl.wikipedia.org\/wiki\/1950\">1950<\/a>, est\u00e1 considerado o Pai do\u00a0<a title=\"Intelectual\" href=\"https:\/\/gl.wikipedia.org\/wiki\/Nacionalismo_galego\">nacionalismo galego<\/a>.<\/p>\n<p>*O material no que est\u00e1 realizado \u00e9 <a href=\"https:\/\/test.imprimetresde.com\/gl\/o-noso-material-de-impresion-o-pla-polimero-biodegradabel-procedente-de-recursos-vexetais\/\">PLA<\/a>\u00a0que \u00e9 un material procedente de materia vexetal, biodegrad\u00e1bel, non t\u00f3xico e ecol\u00f3xico<\/p>\n","protected":false},"excerpt":{"rendered":"<p>Brincos Castelao, dese\u00f1o de <a href=\"https:\/\/test.imprimetresde.com\/gl\/\">Imprimetresde<\/a>, en cor gris ou\u00a0 negra baseados nun dese\u00f1o do propio Daniel A. Rodr\u00edguez <a href=\"https:\/\/gl.wikipedia.org\/wiki\/Alfonso_Daniel_Rodr%C3%ADguez_Castelao\">Castelao<\/a> sobre a s\u00faa imaxe: \u201cAutocaricatura\u201d de 1914.<\/p>\n","protected":false},"featured_media":11038,"comment_status":"open","ping_status":"closed","template":"","meta":{"_vp_format_video_url":"","_vp_image_focal_point":[]},"product_brand":[],"product_cat":[315,1290],"product_tag":[1962,1963,467,380,353,378,1114,1208,1149,410,2508,2507,565,962,562],"class_list":{"0":"post-10430","1":"product","2":"type-product","3":"status-publish","4":"has-post-thumbnail","6":"product_cat-complementos-gl","7":"product_cat-pendentes","8":"product_tag-17-de-maio","9":"product_tag-17m","10":"product_tag-activismo","11":"product_tag-autocaricatura","12":"product_tag-brincos","13":"product_tag-castelao","14":"product_tag-dia-da-nai","15":"product_tag-dia-da-patria","16":"product_tag-dia-das-letras","17":"product_tag-galego","18":"product_tag-impresion-3d-a-coruna","19":"product_tag-impresion-3d-coruna","20":"product_tag-nacionalismo","21":"product_tag-pendientes-gl","22":"product_tag-sempre-en-galiza","24":"first","25":"instock","26":"sale","27":"taxable","28":"shipping-taxable","29":"purchasable","30":"product-type-variable"},"exclude_global_add_ons":false,"addons":[{"name":"Material de las fornituras (opcional)","type":"checkbox","position":0,"required":false,"title_format":"label","default":"","description_enable":true,"description":"Opci\u00f3n de incorporar fornituras de plata 925, de primera ley.","placeholder_enable":false,"placeholder":"","display":"select","restrictions_type":"any_text","adjust_price":false,"price":"","price_type":"flat_fee","restrictions":false,"min":"0","max":"0","options":[{"label":"Plata","price":"5","price_type":"flat_fee","image":0,"visibility":true}]}],"_links":{"self":[{"href":"https:\/\/test.imprimetresde.com\/gl\/wp-json\/wp\/v2\/product\/10430","targetHints":{"allow":["GET"]}}],"collection":[{"href":"https:\/\/test.imprimetresde.com\/gl\/wp-json\/wp\/v2\/product"}],"about":[{"href":"https:\/\/test.imprimetresde.com\/gl\/wp-json\/wp\/v2\/types\/product"}],"replies":[{"embeddable":true,"href":"https:\/\/test.imprimetresde.com\/gl\/wp-json\/wp\/v2\/comments?post=10430"}],"wp:featuredmedia":[{"embeddable":true,"href":"https:\/\/test.imprimetresde.com\/gl\/wp-json\/wp\/v2\/media\/11038"}],"wp:attachment":[{"href":"https:\/\/test.imprimetresde.com\/gl\/wp-json\/wp\/v2\/media?parent=10430"}],"wp:term":[{"taxonomy":"product_brand","embeddable":true,"href":"https:\/\/test.imprimetresde.com\/gl\/wp-json\/wp\/v2\/product_brand?post=10430"},{"taxonomy":"product_cat","embeddable":true,"href":"https:\/\/test.imprimetresde.com\/gl\/wp-json\/wp\/v2\/product_cat?post=10430"},{"taxonomy":"product_tag","embeddable":true,"href":"https:\/\/test.imprimetresde.com\/gl\/wp-json\/wp\/v2\/product_tag?post=10430"}],"curies":[{"name":"wp","href":"https:\/\/api.w.org\/{rel}","templated":true}]}}

<p>Brincos Castelao, deseño de <a href="https://test.imprimetresde.com/gl/">Imprimetresde</a>, en cor gris ou  negra baseados nun deseño do propio Daniel A. Rodríguez <a href="https://gl.wikipedia.org/wiki/Alfonso_Daniel_Rodr%C3%ADguez_Castelao">Castelao</a> sobre a súa imaxe: “Autocaricatura” de 1914. Nado en <a title="Rianxo" href="https://gl.wikipedia.org/wiki/Rianxo">Rianxo</a> o <a title="" href="https://gl.wikipedia.org/wiki/29_de_xaneiro">29 de xaneiro</a><sup id="cite_ref-1" class="reference"><a href="https://gl.wikipedia.org/wiki/Alfonso_Daniel_Rodr%C3%ADguez_Castelao#cite_note-1">[1]</a></sup> de <a title="Medicina" href="https://gl.wikipedia.org/wiki/1886">1886</a> e finado no exilio en <a title="Buenos Aires" href="https://gl.wikipedia.org/wiki/Buenos_Aires">Buenos Aires</a> (<a title="Arxentina" href="https://gl.wikipedia.org/wiki/Arxentina">Arxentina</a>) o <a title="7 de xaneiro" href="https://gl.wikipedia.org/wiki/7_de_xaneiro">7 de xaneiro</a> de <a title="1950" href="https://gl.wikipedia.org/wiki/1950">1950</a>, está considerado o Pai do <a title="Intelectual" href="https://gl.wikipedia.org/wiki/Nacionalismo_galego">nacionalismo galego</a>.</p>
<p>*O material no que está realizado é <a href="https://test.imprimetresde.com/gl/o-noso-material-de-impresion-o-pla-polimero-biodegradabel-procedente-de-recursos-vexetais/">PLA</a> que é un material procedente de materia vexetal, biodegradábel, non tóxico e ecolóxico</p>

<p>Brincos Castelao, deseño de <a href="https://test.imprimetresde.com/gl/">Imprimetresde</a>, en cor gris ou  negra baseados nun deseño do propio Daniel A. Rodríguez <a href="https://gl.wikipedia.org/wiki/Alfonso_Daniel_Rodr%C3%ADguez_Castelao">Castelao</a> sobre a súa imaxe: “Autocaricatura” de 1914.</p>

Opción de incorporar fornituras de plata 925, de primera ley.
