{"id":10476,"date":"2022-02-02T20:24:49","date_gmt":"2022-02-02T18:24:49","guid":{"rendered":"https:\/\/test.imprimetresde.com\/?post_type=product&#038;p=10476"},"modified":"2024-03-05T20:00:53","modified_gmt":"2024-03-05T18:00:53","slug":"colar-pandeireta-corazon","status":"publish","type":"product","link":"https:\/\/test.imprimetresde.com\/gl\/produto\/colar-pandeireta-corazon\/","title":{"rendered":"Colar Pandeireta Coraz\u00f3n"},"content":{"rendered":"<p>Colar Pandeireta Coraz\u00f3n dese\u00f1ado por <a href=\"https:\/\/test.imprimetresde.com\/gl\/\">I3D<\/a>. Fermos\u00edsimo colar en homenaxe \u00e1 nosa <a href=\"https:\/\/gl.wikipedia.org\/wiki\/Pandeireta\">pandeireta<\/a>. Customizado cun coraz\u00f3n vermello ideal para agasallar! Este marabilloso instrumento constit\u00fae a base da m\u00fasica tradicional galega.<\/p>\n<p>Realizado en madeira imprim\u00edbel (wooden PLA) e <a href=\"https:\/\/test.imprimetresde.com\/gl\/o-noso-material-de-impresion-o-pla-polimero-biodegradabel-procedente-de-recursos-vexetais\/\">PLA<\/a>.<\/p>\n<p>Asimesmo, disp\u00f3n dunhas ferre\u00f1as met\u00e1licas que far\u00e1n as delicias de calquer mel\u00f3man@.<\/p>\n","protected":false},"excerpt":{"rendered":"<p>Colar Pandeireta Coraz\u00f3n dese\u00f1ado por <a href=\"https:\/\/test.imprimetresde.com\/gl\/\">I3D<\/a>. Fermos\u00edsimo colar en homenaxe \u00e1 nosa <a href=\"https:\/\/gl.wikipedia.org\/wiki\/Pandeireta\">pandeireta<\/a>. Customizado cun coraz\u00f3n vermello ideal para agasallar! Este marabilloso instrumento constit\u00fae a base da m\u00fasica tradicional galega.<\/p>\n","protected":false},"featured_media":10477,"comment_status":"open","ping_status":"closed","template":"","meta":{"_vp_format_video_url":"","_vp_image_focal_point":[]},"product_brand":[],"product_cat":[1312,315,316],"product_tag":[566,1628,388,1624,1114,2508,2507,1205,968,1625,529],"class_list":{"0":"post-10476","1":"product","2":"type-product","3":"status-publish","4":"has-post-thumbnail","6":"product_cat-colgantes-gl","7":"product_cat-complementos-gl","8":"product_cat-cultura-gl","9":"product_tag-agasallo","10":"product_tag-amor","11":"product_tag-colar","12":"product_tag-corazon","13":"product_tag-dia-da-nai","14":"product_tag-impresion-3d-a-coruna","15":"product_tag-impresion-3d-coruna","16":"product_tag-pandeireta-gl","17":"product_tag-regalo-gl","18":"product_tag-san-valentin","19":"product_tag-vermello","21":"first","22":"instock","23":"taxable","24":"shipping-taxable","25":"purchasable","26":"product-type-simple"},"exclude_global_add_ons":false,"addons":[{"name":"Material da Cadea (opcional)","type":"checkbox","position":0,"required":false,"title_format":"label","default":"","description_enable":true,"description":"Opci\u00f3n de facer a peza con cadea e accesorios de prata 925, de primera lei.","placeholder_enable":false,"placeholder":"","display":"select","restrictions_type":"any_text","adjust_price":false,"price":"","price_type":"flat_fee","restrictions":false,"min":"0","max":"0","options":[{"label":"Prata","price":"10","price_type":"flat_fee","image":0,"visibility":true}]}],"_links":{"self":[{"href":"https:\/\/test.imprimetresde.com\/gl\/wp-json\/wp\/v2\/product\/10476","targetHints":{"allow":["GET"]}}],"collection":[{"href":"https:\/\/test.imprimetresde.com\/gl\/wp-json\/wp\/v2\/product"}],"about":[{"href":"https:\/\/test.imprimetresde.com\/gl\/wp-json\/wp\/v2\/types\/product"}],"replies":[{"embeddable":true,"href":"https:\/\/test.imprimetresde.com\/gl\/wp-json\/wp\/v2\/comments?post=10476"}],"wp:featuredmedia":[{"embeddable":true,"href":"https:\/\/test.imprimetresde.com\/gl\/wp-json\/wp\/v2\/media\/10477"}],"wp:attachment":[{"href":"https:\/\/test.imprimetresde.com\/gl\/wp-json\/wp\/v2\/media?parent=10476"}],"wp:term":[{"taxonomy":"product_brand","embeddable":true,"href":"https:\/\/test.imprimetresde.com\/gl\/wp-json\/wp\/v2\/product_brand?post=10476"},{"taxonomy":"product_cat","embeddable":true,"href":"https:\/\/test.imprimetresde.com\/gl\/wp-json\/wp\/v2\/product_cat?post=10476"},{"taxonomy":"product_tag","embeddable":true,"href":"https:\/\/test.imprimetresde.com\/gl\/wp-json\/wp\/v2\/product_tag?post=10476"}],"curies":[{"name":"wp","href":"https:\/\/api.w.org\/{rel}","templated":true}]}}

Colar Pandeireta Corazón

<p>Colar Pandeireta Corazón deseñado por <a href="https://test.imprimetresde.com/gl/">I3D</a>. Fermosísimo colar en homenaxe á nosa <a href="https://gl.wikipedia.org/wiki/Pandeireta">pandeireta</a>. Customizado cun corazón vermello ideal para agasallar! Este marabilloso instrumento constitúe a base da música tradicional galega.</p>
<p>Realizado en madeira imprimíbel (wooden PLA) e <a href="https://test.imprimetresde.com/gl/o-noso-material-de-impresion-o-pla-polimero-biodegradabel-procedente-de-recursos-vexetais/">PLA</a>.</p>
<p>Asimesmo, dispón dunhas ferreñas metálicas que farán as delicias de calquer melóman@.</p>

<p>Colar Pandeireta Corazón deseñado por <a href="https://test.imprimetresde.com/gl/">I3D</a>. Fermosísimo colar en homenaxe á nosa <a href="https://gl.wikipedia.org/wiki/Pandeireta">pandeireta</a>. Customizado cun corazón vermello ideal para agasallar! Este marabilloso instrumento constitúe a base da música tradicional galega.</p>

Opción de facer a peza con cadea e accesorios de prata 925, de primera lei.
