{"id":10488,"date":"2022-02-03T12:59:11","date_gmt":"2022-02-03T10:59:11","guid":{"rendered":"https:\/\/test.imprimetresde.com\/?post_type=product&#038;p=10488"},"modified":"2025-03-11T13:43:45","modified_gmt":"2025-03-11T11:43:45","slug":"brincos-pandeireta-corazon","status":"publish","type":"product","link":"https:\/\/test.imprimetresde.com\/gl\/produto\/brincos-pandeireta-corazon\/","title":{"rendered":"Brincos Pandeireta Coraz\u00f3n"},"content":{"rendered":"<p>Brincos Pandeireta Coraz\u00f3n dese\u00f1ados por <a href=\"https:\/\/test.imprimetresde.com\/gl\/\">I3D<\/a>. Fermos\u00edsimos brincos en homenaxe \u00e1 nosa <a href=\"https:\/\/gl.wikipedia.org\/wiki\/Pandeireta\">pandeireta<\/a>. Customizado cun coraz\u00f3n vermello ideal para agasallar! Este marabilloso instrumento constit\u00fae a base da m\u00fasica tradicional galega.<\/p>\n<p>Realizado en madeira imprim\u00edbel (wooden PLA) e <a href=\"https:\/\/test.imprimetresde.com\/gl\/o-noso-material-de-impresion-o-pla-polimero-biodegradabel-procedente-de-recursos-vexetais\/\">PLA<\/a>.<\/p>\n<p>Asimesmo, disp\u00f3n dunhas ferre\u00f1as met\u00e1licas que far\u00e1n as delicias de calquer mel\u00f3man@.<\/p>\n","protected":false},"excerpt":{"rendered":"<p>Brincos Pandeireta Coraz\u00f3n dese\u00f1ados por <a href=\"https:\/\/test.imprimetresde.com\/gl\/\">I3D<\/a>. Fermos\u00edsimos brincos en homenaxe \u00e1 nosa <a href=\"https:\/\/gl.wikipedia.org\/wiki\/Pandeireta\">pandeireta<\/a>. Customizado cun coraz\u00f3n vermello ideal para agasallar! Este marabilloso instrumento constit\u00fae a base da m\u00fasica tradicional galega.<\/p>\n","protected":false},"featured_media":10521,"comment_status":"open","ping_status":"closed","template":"","meta":{"_vp_format_video_url":"","_vp_image_focal_point":[]},"product_brand":[],"product_cat":[315,316,1290],"product_tag":[1626,1859,566,1628,353,1624,1114,1627,2508,2507,2226,2225,1205,1861,1862,274,968,1625,529],"class_list":{"0":"post-10488","1":"product","2":"type-product","3":"status-publish","4":"has-post-thumbnail","6":"product_cat-complementos-gl","7":"product_cat-cultura-gl","8":"product_cat-pendentes","9":"product_tag-14-febreiro","10":"product_tag-14f","11":"product_tag-agasallo","12":"product_tag-amor","13":"product_tag-brincos","14":"product_tag-corazon","15":"product_tag-dia-da-nai","16":"product_tag-dia-dos-namorados","17":"product_tag-impresion-3d-a-coruna","18":"product_tag-impresion-3d-coruna","19":"product_tag-namorada","20":"product_tag-namorado","21":"product_tag-pandeireta-gl","22":"product_tag-pandeiretas","23":"product_tag-panderetas","24":"product_tag-personalizado-gl","25":"product_tag-regalo-gl","26":"product_tag-san-valentin","27":"product_tag-vermello","29":"first","30":"instock","31":"taxable","32":"shipping-taxable","33":"purchasable","34":"product-type-simple"},"exclude_global_add_ons":false,"addons":[{"name":"Material de las fornituras (opcional)","type":"checkbox","position":0,"required":false,"title_format":"label","default":"","description_enable":true,"description":"Opci\u00f3n de incorporar fornituras de plata 925, de primera ley.","placeholder_enable":false,"placeholder":"","display":"select","restrictions_type":"any_text","adjust_price":false,"price":"","price_type":"flat_fee","restrictions":false,"min":"0","max":"0","options":[{"label":"Plata","price":"5","price_type":"flat_fee","image":0,"visibility":true}]}],"_links":{"self":[{"href":"https:\/\/test.imprimetresde.com\/gl\/wp-json\/wp\/v2\/product\/10488","targetHints":{"allow":["GET"]}}],"collection":[{"href":"https:\/\/test.imprimetresde.com\/gl\/wp-json\/wp\/v2\/product"}],"about":[{"href":"https:\/\/test.imprimetresde.com\/gl\/wp-json\/wp\/v2\/types\/product"}],"replies":[{"embeddable":true,"href":"https:\/\/test.imprimetresde.com\/gl\/wp-json\/wp\/v2\/comments?post=10488"}],"wp:featuredmedia":[{"embeddable":true,"href":"https:\/\/test.imprimetresde.com\/gl\/wp-json\/wp\/v2\/media\/10521"}],"wp:attachment":[{"href":"https:\/\/test.imprimetresde.com\/gl\/wp-json\/wp\/v2\/media?parent=10488"}],"wp:term":[{"taxonomy":"product_brand","embeddable":true,"href":"https:\/\/test.imprimetresde.com\/gl\/wp-json\/wp\/v2\/product_brand?post=10488"},{"taxonomy":"product_cat","embeddable":true,"href":"https:\/\/test.imprimetresde.com\/gl\/wp-json\/wp\/v2\/product_cat?post=10488"},{"taxonomy":"product_tag","embeddable":true,"href":"https:\/\/test.imprimetresde.com\/gl\/wp-json\/wp\/v2\/product_tag?post=10488"}],"curies":[{"name":"wp","href":"https:\/\/api.w.org\/{rel}","templated":true}]}}

Brincos Pandeireta Corazón

<p>Brincos Pandeireta Corazón deseñados por <a href="https://test.imprimetresde.com/gl/">I3D</a>. Fermosísimos brincos en homenaxe á nosa <a href="https://gl.wikipedia.org/wiki/Pandeireta">pandeireta</a>. Customizado cun corazón vermello ideal para agasallar! Este marabilloso instrumento constitúe a base da música tradicional galega.</p>
<p>Realizado en madeira imprimíbel (wooden PLA) e <a href="https://test.imprimetresde.com/gl/o-noso-material-de-impresion-o-pla-polimero-biodegradabel-procedente-de-recursos-vexetais/">PLA</a>.</p>
<p>Asimesmo, dispón dunhas ferreñas metálicas que farán as delicias de calquer melóman@.</p>

<p>Brincos Pandeireta Corazón deseñados por <a href="https://test.imprimetresde.com/gl/">I3D</a>. Fermosísimos brincos en homenaxe á nosa <a href="https://gl.wikipedia.org/wiki/Pandeireta">pandeireta</a>. Customizado cun corazón vermello ideal para agasallar! Este marabilloso instrumento constitúe a base da música tradicional galega.</p>

Opción de incorporar fornituras de plata 925, de primera ley.
