{"id":10502,"date":"2022-02-03T19:47:37","date_gmt":"2022-02-03T17:47:37","guid":{"rendered":"https:\/\/test.imprimetresde.com\/?post_type=product&#038;p=10502"},"modified":"2025-03-11T13:44:17","modified_gmt":"2025-03-11T11:44:17","slug":"broche-pandeireta-corazon","status":"publish","type":"product","link":"https:\/\/test.imprimetresde.com\/gl\/produto\/broche-pandeireta-corazon\/","title":{"rendered":"Broche Pandeireta Coraz\u00f3n"},"content":{"rendered":"<p>Broche Pandeireta Coraz\u00f3n dese\u00f1ado por <a href=\"https:\/\/test.imprimetresde.com\/gl\/\">I3D<\/a>. Fermos\u00edsimo broche en homenaxe \u00e1 nosa <a href=\"https:\/\/gl.wikipedia.org\/wiki\/Pandeireta\">pandeireta<\/a>. Customizado cun coraz\u00f3n vermello ideal para agasallar! Este marabilloso instrumento constit\u00fae a base da m\u00fasica tradicional galega.<\/p>\n<p>Realizado en madeira imprim\u00edbel (wooden PLA) e <a href=\"https:\/\/test.imprimetresde.com\/gl\/o-noso-material-de-impresion-o-pla-polimero-biodegradabel-procedente-de-recursos-vexetais\/\">PLA<\/a>.<\/p>\n<p>Asimesmo, disp\u00f3n dunhas ferre\u00f1as met\u00e1licas que far\u00e1n as delicias de calquer mel\u00f3man@.<\/p>\n","protected":false},"excerpt":{"rendered":"<p>Broche Pandeireta Coraz\u00f3n dese\u00f1ado por <a href=\"https:\/\/test.imprimetresde.com\/gl\/\">I3D<\/a>. Fermos\u00edsimo broche en homenaxe \u00e1 nosa <a href=\"https:\/\/gl.wikipedia.org\/wiki\/Pandeireta\">pandeireta<\/a>. Customizado cun coraz\u00f3n vermello ideal para agasallar! Este marabilloso instrumento constit\u00fae a base da m\u00fasica tradicional galega.<\/p>\n","protected":false},"featured_media":10509,"comment_status":"open","ping_status":"closed","template":"","meta":{"_vp_format_video_url":"","_vp_image_focal_point":[]},"product_brand":[],"product_cat":[707],"product_tag":[2520,1859,1628,365,1624,1114,2518,2508,2507,532,968,2194,1625],"class_list":{"0":"post-10502","1":"product","2":"type-product","3":"status-publish","4":"has-post-thumbnail","6":"product_cat-uncategorized-gl","7":"product_tag-14-febrero-gl","8":"product_tag-14f","9":"product_tag-amor","10":"product_tag-broche","11":"product_tag-corazon","12":"product_tag-dia-da-nai","13":"product_tag-dia-de-la-madre-gl","14":"product_tag-impresion-3d-a-coruna","15":"product_tag-impresion-3d-coruna","16":"product_tag-pandereta","17":"product_tag-regalo-gl","18":"product_tag-rojo-gl","19":"product_tag-san-valentin","21":"first","22":"instock","23":"taxable","24":"shipping-taxable","25":"purchasable","26":"product-type-simple"},"exclude_global_add_ons":[],"addons":[],"_links":{"self":[{"href":"https:\/\/test.imprimetresde.com\/gl\/wp-json\/wp\/v2\/product\/10502","targetHints":{"allow":["GET"]}}],"collection":[{"href":"https:\/\/test.imprimetresde.com\/gl\/wp-json\/wp\/v2\/product"}],"about":[{"href":"https:\/\/test.imprimetresde.com\/gl\/wp-json\/wp\/v2\/types\/product"}],"replies":[{"embeddable":true,"href":"https:\/\/test.imprimetresde.com\/gl\/wp-json\/wp\/v2\/comments?post=10502"}],"wp:featuredmedia":[{"embeddable":true,"href":"https:\/\/test.imprimetresde.com\/gl\/wp-json\/wp\/v2\/media\/10509"}],"wp:attachment":[{"href":"https:\/\/test.imprimetresde.com\/gl\/wp-json\/wp\/v2\/media?parent=10502"}],"wp:term":[{"taxonomy":"product_brand","embeddable":true,"href":"https:\/\/test.imprimetresde.com\/gl\/wp-json\/wp\/v2\/product_brand?post=10502"},{"taxonomy":"product_cat","embeddable":true,"href":"https:\/\/test.imprimetresde.com\/gl\/wp-json\/wp\/v2\/product_cat?post=10502"},{"taxonomy":"product_tag","embeddable":true,"href":"https:\/\/test.imprimetresde.com\/gl\/wp-json\/wp\/v2\/product_tag?post=10502"}],"curies":[{"name":"wp","href":"https:\/\/api.w.org\/{rel}","templated":true}]}}

Broche Pandeireta Corazón

<p>Broche Pandeireta Corazón deseñado por <a href="https://test.imprimetresde.com/gl/">I3D</a>. Fermosísimo broche en homenaxe á nosa <a href="https://gl.wikipedia.org/wiki/Pandeireta">pandeireta</a>. Customizado cun corazón vermello ideal para agasallar! Este marabilloso instrumento constitúe a base da música tradicional galega.</p>
<p>Realizado en madeira imprimíbel (wooden PLA) e <a href="https://test.imprimetresde.com/gl/o-noso-material-de-impresion-o-pla-polimero-biodegradabel-procedente-de-recursos-vexetais/">PLA</a>.</p>
<p>Asimesmo, dispón dunhas ferreñas metálicas que farán as delicias de calquer melóman@.</p>

<p>Broche Pandeireta Corazón deseñado por <a href="https://test.imprimetresde.com/gl/">I3D</a>. Fermosísimo broche en homenaxe á nosa <a href="https://gl.wikipedia.org/wiki/Pandeireta">pandeireta</a>. Customizado cun corazón vermello ideal para agasallar! Este marabilloso instrumento constitúe a base da música tradicional galega.</p>
