{"id":10549,"date":"2022-02-12T12:43:59","date_gmt":"2022-02-12T10:43:59","guid":{"rendered":"https:\/\/test.imprimetresde.com\/?post_type=product&#038;p=10549"},"modified":"2025-03-11T13:43:24","modified_gmt":"2025-03-11T11:43:24","slug":"anel-pandeireta","status":"publish","type":"product","link":"https:\/\/test.imprimetresde.com\/gl\/produto\/anel-pandeireta\/","title":{"rendered":"Anel Pandeireta"},"content":{"rendered":"<p>Anel <a href=\"https:\/\/gl.wikipedia.org\/wiki\/Pandeireta\">Pandeireta<\/a> dese\u00f1ado por <a href=\"https:\/\/test.imprimetresde.com\/gl\/\">Imprimetresde<\/a>, unha homenaxe \u00e1 nosa pandeireta, ese fermoso instrumento que constit\u00fae a base da m\u00fasica tradicional galega. Realizado en Madeira imprim\u00edbel (wooden <a href=\"https:\/\/test.imprimetresde.com\/gl\/o-noso-material-de-impresion-o-pla-polimero-biodegradabel-procedente-de-recursos-vexetais\/\">PLA<\/a>) e PLA, disp\u00f3n dunhas ferre\u00f1as met\u00e1licas que far\u00e1n as delicias de calquer mel\u00f3man@.<\/p>\n<p>Con prata.<\/p>\n<p>*O material no que est\u00e1 realizado \u00e9 PLA, material procedente de materia vexetal, biodegrad\u00e1bel, non t\u00f3xico e ecol\u00f3xico<\/p>\n","protected":false},"excerpt":{"rendered":"<p>Anel <a href=\"https:\/\/gl.wikipedia.org\/wiki\/Pandeireta\">Pandeireta<\/a> dese\u00f1ado por <a href=\"https:\/\/test.imprimetresde.com\/gl\/\">Imprimetresde<\/a>, unha homenaxe \u00e1 nosa pandeireta, ese precioso instrumento que constit\u00fae a base da m\u00fasica tradicional galega. Realizado en Madeira imprim\u00edbel (wooden <a href=\"https:\/\/test.imprimetresde.com\/gl\/o-noso-material-de-impresion-o-pla-polimero-biodegradabel-procedente-de-recursos-vexetais\/\">PLA<\/a>) e PLA, disp\u00f3n dunhas ferre\u00f1as met\u00e1licas que far\u00e1n as delicias de calquer mel\u00f3man@. Con prata.<\/p>\n","protected":false},"featured_media":10550,"comment_status":"open","ping_status":"closed","template":"","meta":{"_vp_format_video_url":"","_vp_image_focal_point":[]},"product_brand":[],"product_cat":[315,316],"product_tag":[566,756,513,1114,1117,409,410,479,463,2508,2507,1839,511,1328,1205,1865,968,1384,1735,1838,447,512],"class_list":{"0":"post-10549","1":"product","2":"type-product","3":"status-publish","4":"has-post-thumbnail","6":"product_cat-complementos-gl","7":"product_cat-cultura-gl","8":"product_tag-agasallo","9":"product_tag-anel","10":"product_tag-cultura","11":"product_tag-dia-da-nai","12":"product_tag-especial","13":"product_tag-galega","14":"product_tag-galego","15":"product_tag-galicia","16":"product_tag-galiza","17":"product_tag-impresion-3d-a-coruna","18":"product_tag-impresion-3d-coruna","19":"product_tag-instrumento","20":"product_tag-musica","21":"product_tag-orixinal","22":"product_tag-pandeireta-gl","23":"product_tag-pandereteiras","24":"product_tag-regalo-gl","25":"product_tag-souvenir","26":"product_tag-terra","27":"product_tag-trad","28":"product_tag-tradicion","29":"product_tag-tradicional","31":"first","32":"instock","33":"sale","34":"taxable","35":"shipping-taxable","36":"purchasable","37":"product-type-simple"},"exclude_global_add_ons":[],"addons":[],"_links":{"self":[{"href":"https:\/\/test.imprimetresde.com\/gl\/wp-json\/wp\/v2\/product\/10549","targetHints":{"allow":["GET"]}}],"collection":[{"href":"https:\/\/test.imprimetresde.com\/gl\/wp-json\/wp\/v2\/product"}],"about":[{"href":"https:\/\/test.imprimetresde.com\/gl\/wp-json\/wp\/v2\/types\/product"}],"replies":[{"embeddable":true,"href":"https:\/\/test.imprimetresde.com\/gl\/wp-json\/wp\/v2\/comments?post=10549"}],"wp:featuredmedia":[{"embeddable":true,"href":"https:\/\/test.imprimetresde.com\/gl\/wp-json\/wp\/v2\/media\/10550"}],"wp:attachment":[{"href":"https:\/\/test.imprimetresde.com\/gl\/wp-json\/wp\/v2\/media?parent=10549"}],"wp:term":[{"taxonomy":"product_brand","embeddable":true,"href":"https:\/\/test.imprimetresde.com\/gl\/wp-json\/wp\/v2\/product_brand?post=10549"},{"taxonomy":"product_cat","embeddable":true,"href":"https:\/\/test.imprimetresde.com\/gl\/wp-json\/wp\/v2\/product_cat?post=10549"},{"taxonomy":"product_tag","embeddable":true,"href":"https:\/\/test.imprimetresde.com\/gl\/wp-json\/wp\/v2\/product_tag?post=10549"}],"curies":[{"name":"wp","href":"https:\/\/api.w.org\/{rel}","templated":true}]}}

<p>Anel <a href="https://gl.wikipedia.org/wiki/Pandeireta">Pandeireta</a> deseñado por <a href="https://test.imprimetresde.com/gl/">Imprimetresde</a>, unha homenaxe á nosa pandeireta, ese fermoso instrumento que constitúe a base da música tradicional galega. Realizado en Madeira imprimíbel (wooden <a href="https://test.imprimetresde.com/gl/o-noso-material-de-impresion-o-pla-polimero-biodegradabel-procedente-de-recursos-vexetais/">PLA</a>) e PLA, dispón dunhas ferreñas metálicas que farán as delicias de calquer melóman@.</p>
<p>Con prata.</p>
<p>*O material no que está realizado é PLA, material procedente de materia vexetal, biodegradábel, non tóxico e ecolóxico</p>

<p>Anel <a href="https://gl.wikipedia.org/wiki/Pandeireta">Pandeireta</a> deseñado por <a href="https://test.imprimetresde.com/gl/">Imprimetresde</a>, unha homenaxe á nosa pandeireta, ese precioso instrumento que constitúe a base da música tradicional galega. Realizado en Madeira imprimíbel (wooden <a href="https://test.imprimetresde.com/gl/o-noso-material-de-impresion-o-pla-polimero-biodegradabel-procedente-de-recursos-vexetais/">PLA</a>) e PLA, dispón dunhas ferreñas metálicas que farán as delicias de calquer melóman@. Con prata.</p>
