{"id":10773,"date":"2022-04-13T18:53:31","date_gmt":"2022-04-13T16:53:31","guid":{"rendered":"https:\/\/test.imprimetresde.com\/?post_type=product&#038;p=10773"},"modified":"2025-03-11T13:42:44","modified_gmt":"2025-03-11T11:42:44","slug":"chaveiro-a-coruna-con-torre","status":"publish","type":"product","link":"https:\/\/test.imprimetresde.com\/gl\/produto\/chaveiro-a-coruna-con-torre\/","title":{"rendered":"Chaveiro A Coru\u00f1a con Torre"},"content":{"rendered":"<p>Chaveiro A Coru\u00f1a con torre, dese\u00f1o exclusivo de <a href=\"https:\/\/test.imprimetresde.com\/\">Imprimetresde<\/a> . Chaveiro co nome da cidade da Coru\u00f1a e que leva pendurada unha pequena r\u00e9plica da <a href=\"https:\/\/gl.wikipedia.org\/wiki\/Torre_de_H%C3%A9rcules\">Torre de H\u00e9rcules<\/a> da Coru\u00f1a, declarada Patrimonio da Humanidade no 2009. A torre pequeni\u00f1a m\u00f3vese e est\u00e1 todo impreso en diferentes e divertidas cores para que leves contigo e como recordo un anaco da cidade!<\/p>\n<p>*O material no que est\u00e1 realizado \u00e9\u00a0<a href=\"https:\/\/test.imprimetresde.com\/nuestro-material-de-impresion-el-pla-polimero-biodegradable-procedente-de-recursos-vegetales\/\">PLA<\/a>, material procedente de materia vexetal,\u00a0<a href=\"https:\/\/es.wikipedia.org\/wiki\/Biodegradabilidad\">biodegrad\u00e1bel<\/a>, non t\u00f3xico e ecol\u00f3xico<\/p>\n","protected":false},"excerpt":{"rendered":"<p>Chaveiro A Coru\u00f1a con torre, dese\u00f1o exclusivo de <a href=\"https:\/\/test.imprimetresde.com\/\">Imprimetresde<\/a> . Chaveiro co nome da cidade da Coru\u00f1a e que leva pendurada unha pequena r\u00e9plica da <a href=\"https:\/\/gl.wikipedia.org\/wiki\/Torre_de_H%C3%A9rcules\">Torre de H\u00e9rcules<\/a> da Coru\u00f1a, declarada Patrimonio da Humanidade no 2009<\/p>\n","protected":false},"featured_media":10786,"comment_status":"open","ping_status":"closed","template":"","meta":{"_vp_format_video_url":"","_vp_image_focal_point":[]},"product_brand":[],"product_cat":[316],"product_tag":[587,256,1114,1115,1488,2508,2507,1546,1490,1916,1384,1377],"class_list":{"0":"post-10773","1":"product","2":"type-product","3":"status-publish","4":"has-post-thumbnail","6":"product_cat-cultura-gl","7":"product_tag-a-coruna-gl","8":"product_tag-chaveiro","9":"product_tag-dia-da-nai","10":"product_tag-dia-do-pai","11":"product_tag-faro","12":"product_tag-impresion-3d-a-coruna","13":"product_tag-impresion-3d-coruna","14":"product_tag-monumento-gl","15":"product_tag-patrimonio-da-humanidade","16":"product_tag-recordo","17":"product_tag-souvenir","18":"product_tag-torre-de-hercules-gl-2","20":"first","21":"instock","22":"taxable","23":"shipping-taxable","24":"purchasable","25":"product-type-variable"},"exclude_global_add_ons":[],"addons":[],"_links":{"self":[{"href":"https:\/\/test.imprimetresde.com\/gl\/wp-json\/wp\/v2\/product\/10773","targetHints":{"allow":["GET"]}}],"collection":[{"href":"https:\/\/test.imprimetresde.com\/gl\/wp-json\/wp\/v2\/product"}],"about":[{"href":"https:\/\/test.imprimetresde.com\/gl\/wp-json\/wp\/v2\/types\/product"}],"replies":[{"embeddable":true,"href":"https:\/\/test.imprimetresde.com\/gl\/wp-json\/wp\/v2\/comments?post=10773"}],"wp:featuredmedia":[{"embeddable":true,"href":"https:\/\/test.imprimetresde.com\/gl\/wp-json\/wp\/v2\/media\/10786"}],"wp:attachment":[{"href":"https:\/\/test.imprimetresde.com\/gl\/wp-json\/wp\/v2\/media?parent=10773"}],"wp:term":[{"taxonomy":"product_brand","embeddable":true,"href":"https:\/\/test.imprimetresde.com\/gl\/wp-json\/wp\/v2\/product_brand?post=10773"},{"taxonomy":"product_cat","embeddable":true,"href":"https:\/\/test.imprimetresde.com\/gl\/wp-json\/wp\/v2\/product_cat?post=10773"},{"taxonomy":"product_tag","embeddable":true,"href":"https:\/\/test.imprimetresde.com\/gl\/wp-json\/wp\/v2\/product_tag?post=10773"}],"curies":[{"name":"wp","href":"https:\/\/api.w.org\/{rel}","templated":true}]}}

Chaveiro A Coruña con Torre

<p>Chaveiro A Coruña con torre, deseño exclusivo de <a href="https://test.imprimetresde.com/">Imprimetresde</a> . Chaveiro co nome da cidade da Coruña e que leva pendurada unha pequena réplica da <a href="https://gl.wikipedia.org/wiki/Torre_de_H%C3%A9rcules">Torre de Hércules</a> da Coruña, declarada Patrimonio da Humanidade no 2009. A torre pequeniña móvese e está todo impreso en diferentes e divertidas cores para que leves contigo e como recordo un anaco da cidade!</p>
<p>*O material no que está realizado é <a href="https://test.imprimetresde.com/nuestro-material-de-impresion-el-pla-polimero-biodegradable-procedente-de-recursos-vegetales/">PLA</a>, material procedente de materia vexetal, <a href="https://es.wikipedia.org/wiki/Biodegradabilidad">biodegradábel</a>, non tóxico e ecolóxico</p>

<p>Chaveiro A Coruña con torre, deseño exclusivo de <a href="https://test.imprimetresde.com/">Imprimetresde</a> . Chaveiro co nome da cidade da Coruña e que leva pendurada unha pequena réplica da <a href="https://gl.wikipedia.org/wiki/Torre_de_H%C3%A9rcules">Torre de Hércules</a> da Coruña, declarada Patrimonio da Humanidade no 2009</p>
