{"id":10832,"date":"2022-04-23T12:47:47","date_gmt":"2022-04-23T10:47:47","guid":{"rendered":"https:\/\/test.imprimetresde.com\/?post_type=product&#038;p=10832"},"modified":"2025-03-11T13:42:31","modified_gmt":"2025-03-11T11:42:31","slug":"brincos-vieira-con-porcelana","status":"publish","type":"product","link":"https:\/\/test.imprimetresde.com\/gl\/produto\/brincos-vieira-con-porcelana\/","title":{"rendered":"Brincos Vieira con porcelana"},"content":{"rendered":"<p>Brincos Vieira con porcelana dese\u00f1o orixinal de <a href=\"https:\/\/test.imprimetresde.com\/gl\/\">Imprimetresde<\/a>. Feito en madeira e con porcelana engarzada e pintada a man, co selo Artesan\u00eda de Galicia, \u00e9 a nosa homenaxe a <a href=\"https:\/\/gl.wikipedia.org\/wiki\/Vieira\">Vieira<\/a> . Os Brincos Vieira con porcelana poden levar fornitura de de prata (opcional).<\/p>\n<p>** As cores das porcelanas poden variar.<\/p>\n<p>A cuncha da vieira \u00e9 o s\u00edmbolo por excelencia do <a title=\"Peregrino\" href=\"https:\/\/gl.wikipedia.org\/wiki\/Peregrino\">peregrino<\/a> e da peregrina no <a title=\"Cami\u00f1o de Santiago\" href=\"https:\/\/gl.wikipedia.org\/wiki\/Cami%C3%B1o_de_Santiago\">Cami\u00f1o de Santiago<\/a>. A raz\u00f3n \u00e9 que, ao ser t\u00edpica das costas de <a title=\"Galicia\" href=\"https:\/\/gl.wikipedia.org\/wiki\/Galicia\">Galicia<\/a>, @s peregrin@s lev\u00e1bana \u00f3s seus lugares de orixe como proba de que chegaran at\u00e9 o final da viaxe. En realidade, <a class=\"mw-redirect\" title=\"Linneo\" href=\"https:\/\/gl.wikipedia.org\/wiki\/Linneo\">Linneo<\/a> deu o nome de <i>Pecten jacobeus<\/i>, ou cuncha de Santiago, \u00e1 <a class=\"new\" title=\"Vieira do Mediterr\u00e1neo (a p\u00e1xina a\u00ednda non existe)\" href=\"https:\/\/gl.wikipedia.org\/w\/index.php?title=Vieira_do_Mediterr%C3%A1neo&amp;action=edit&amp;redlink=1\">vieira do Mediterr\u00e1neo<\/a>, non \u00e1 especie propia das costas <a class=\"mw-redirect\" title=\"Atl\u00e1ntico\" href=\"https:\/\/gl.wikipedia.org\/wiki\/Atl%C3%A1ntico\">atl\u00e1nticas<\/a><\/p>\n<p>En Galicia, a vieira recibe tam\u00e9n os nomes de <i>avi\u00f1eira<\/i>, <i>peregrina<\/i>, <i>cuncha de pelegr\u00edn<\/i>, <i>xacobea<\/i> <sup id=\"cite_ref-1\" class=\"reference\"><a href=\"https:\/\/gl.wikipedia.org\/wiki\/Vieira#cite_note-1\">[1]<\/a><\/sup> e <i>cascarr\u00f3n<\/i>.<\/p>\n<p>Adem\u00e1is, o material no que est\u00e1n realizados \u00e9 Wooden <a href=\"https:\/\/test.imprimetresde.com\/gl\/o-noso-material-de-impresion-o-pla-polimero-biodegradabel-procedente-de-recursos-vexetais\/\">PLA<\/a> (material procedente de materia vexetal, biodegrad\u00e1bel, non t\u00f3xico e ecol\u00f3xico) e m\u00e1is un 80% de madeira.<\/p>\n","protected":false},"excerpt":{"rendered":"<p>Brincos Vieira con Porcelana dese\u00f1o orixinal de <a href=\"https:\/\/test.imprimetresde.com\/gl\/\">Imprimetresde<\/a>. Feito en madeira e con porcelana engarzada e pintada a man, co selo Artesan\u00eda de Galicia, \u00e9 a nosa homenaxe a <a href=\"https:\/\/gl.wikipedia.org\/wiki\/Vieira\">Vieira<\/a> . Os Brincos Vieira con porcelana poden levar fornitura de de prata (opcional).<\/p>\n","protected":false},"featured_media":10833,"comment_status":"open","ping_status":"closed","template":"","meta":{"_vp_format_video_url":"","_vp_image_focal_point":[]},"product_brand":[],"product_cat":[707],"product_tag":[1942,1941,1868,498,1344,1943,1114,2518,479,463,1944,2508,2507,962,1341,1340,2519,1866,968,591,1384,1337,1339],"class_list":{"0":"post-10832","1":"product","2":"type-product","3":"status-publish","4":"has-post-thumbnail","6":"product_cat-uncategorized-gl","7":"product_tag-ano-santo","8":"product_tag-artesania-de-galicia","9":"product_tag-camino-de-santiago","10":"product_tag-complementos","11":"product_tag-compostela","12":"product_tag-compostelana","13":"product_tag-dia-da-nai","14":"product_tag-dia-de-la-madre-gl","15":"product_tag-galicia","16":"product_tag-galiza","17":"product_tag-handmade","18":"product_tag-impresion-3d-a-coruna","19":"product_tag-impresion-3d-coruna","20":"product_tag-pendientes-gl","21":"product_tag-peregrina","22":"product_tag-peregrino","23":"product_tag-pintado-a-mano-gl","24":"product_tag-porcelana","25":"product_tag-regalo-gl","26":"product_tag-santiago-de-compostela-gl","27":"product_tag-souvenir","28":"product_tag-vieira","29":"product_tag-xacobeo","31":"first","32":"instock","33":"taxable","34":"shipping-taxable","35":"purchasable","36":"product-type-simple"},"exclude_global_add_ons":[],"addons":[],"_links":{"self":[{"href":"https:\/\/test.imprimetresde.com\/gl\/wp-json\/wp\/v2\/product\/10832","targetHints":{"allow":["GET"]}}],"collection":[{"href":"https:\/\/test.imprimetresde.com\/gl\/wp-json\/wp\/v2\/product"}],"about":[{"href":"https:\/\/test.imprimetresde.com\/gl\/wp-json\/wp\/v2\/types\/product"}],"replies":[{"embeddable":true,"href":"https:\/\/test.imprimetresde.com\/gl\/wp-json\/wp\/v2\/comments?post=10832"}],"wp:featuredmedia":[{"embeddable":true,"href":"https:\/\/test.imprimetresde.com\/gl\/wp-json\/wp\/v2\/media\/10833"}],"wp:attachment":[{"href":"https:\/\/test.imprimetresde.com\/gl\/wp-json\/wp\/v2\/media?parent=10832"}],"wp:term":[{"taxonomy":"product_brand","embeddable":true,"href":"https:\/\/test.imprimetresde.com\/gl\/wp-json\/wp\/v2\/product_brand?post=10832"},{"taxonomy":"product_cat","embeddable":true,"href":"https:\/\/test.imprimetresde.com\/gl\/wp-json\/wp\/v2\/product_cat?post=10832"},{"taxonomy":"product_tag","embeddable":true,"href":"https:\/\/test.imprimetresde.com\/gl\/wp-json\/wp\/v2\/product_tag?post=10832"}],"curies":[{"name":"wp","href":"https:\/\/api.w.org\/{rel}","templated":true}]}}

<p>Brincos Vieira con porcelana deseño orixinal de <a href="https://test.imprimetresde.com/gl/">Imprimetresde</a>. Feito en madeira e con porcelana engarzada e pintada a man, co selo Artesanía de Galicia, é a nosa homenaxe a <a href="https://gl.wikipedia.org/wiki/Vieira">Vieira</a> . Os Brincos Vieira con porcelana poden levar fornitura de de prata (opcional).</p>
<p>** As cores das porcelanas poden variar.</p>
<p>A cuncha da vieira é o símbolo por excelencia do <a title="Peregrino" href="https://gl.wikipedia.org/wiki/Peregrino">peregrino</a> e da peregrina no <a title="Camiño de Santiago" href="https://gl.wikipedia.org/wiki/Cami%C3%B1o_de_Santiago">Camiño de Santiago</a>. A razón é que, ao ser típica das costas de <a title="Galicia" href="https://gl.wikipedia.org/wiki/Galicia">Galicia</a>, @s peregrin@s levábana ós seus lugares de orixe como proba de que chegaran até o final da viaxe. En realidade, <a class="mw-redirect" title="Linneo" href="https://gl.wikipedia.org/wiki/Linneo">Linneo</a> deu o nome de <i>Pecten jacobeus</i>, ou cuncha de Santiago, á <a class="new" title="Vieira do Mediterráneo (a páxina aínda non existe)" href="https://gl.wikipedia.org/w/index.php?title=Vieira_do_Mediterr%C3%A1neo&amp;action=edit&amp;redlink=1">vieira do Mediterráneo</a>, non á especie propia das costas <a class="mw-redirect" title="Atlántico" href="https://gl.wikipedia.org/wiki/Atl%C3%A1ntico">atlánticas</a></p>
<p>En Galicia, a vieira recibe tamén os nomes de <i>aviñeira</i>, <i>peregrina</i>, <i>cuncha de pelegrín</i>, <i>xacobea</i> <sup id="cite_ref-1" class="reference"><a href="https://gl.wikipedia.org/wiki/Vieira#cite_note-1">[1]</a></sup> e <i>cascarrón</i>.</p>
<p>Ademáis, o material no que están realizados é Wooden <a href="https://test.imprimetresde.com/gl/o-noso-material-de-impresion-o-pla-polimero-biodegradabel-procedente-de-recursos-vexetais/">PLA</a> (material procedente de materia vexetal, biodegradábel, non tóxico e ecolóxico) e máis un 80% de madeira.</p>

<p>Brincos Vieira con Porcelana deseño orixinal de <a href="https://test.imprimetresde.com/gl/">Imprimetresde</a>. Feito en madeira e con porcelana engarzada e pintada a man, co selo Artesanía de Galicia, é a nosa homenaxe a <a href="https://gl.wikipedia.org/wiki/Vieira">Vieira</a> . Os Brincos Vieira con porcelana poden levar fornitura de de prata (opcional).</p>
