{"id":10860,"date":"2022-05-02T18:31:34","date_gmt":"2022-05-02T16:31:34","guid":{"rendered":"https:\/\/test.imprimetresde.com\/?post_type=product&#038;p=10860"},"modified":"2025-04-07T12:18:04","modified_gmt":"2025-04-07T10:18:04","slug":"escultura-torre-de-hercules","status":"publish","type":"product","link":"https:\/\/test.imprimetresde.com\/gl\/produto\/escultura-torre-de-hercules\/","title":{"rendered":"Escultura Torre de H\u00e9rcules"},"content":{"rendered":"<p>Escultura Torre de H\u00e9rcules, creaci\u00f3n orixinal de <a href=\"https:\/\/test.imprimetresde.com\/gl\/\">I3D<\/a>. Elegant\u00edsima escultura en PLA granito claro do monumento m\u00e1is emblem\u00e1tico da cidade da Coru\u00f1a declarado Patrimonio da Humanidade en 2009. A figura da <a href=\"https:\/\/gl.wikipedia.org\/wiki\/Torre_de_H%C3%A9rcules\">Torre de H\u00e9rcules<\/a> vai dentro dun marco de madeira tama\u00f1o 25x25cm que lucir\u00e1 en calqueira parede da t\u00faa casa, oficina ou lugar de traballo.<\/p>\n<p>*Para outros monumentos, consultar prezo e prazo de entrega.<\/p>\n<p>**Leva gancho para pendurala da parede<\/p>\n<p>***O material no que est\u00e1 realizado \u00e9 <a href=\"https:\/\/test.imprimetresde.com\/nuestro-material-de-impresion-el-pla-polimero-biodegradable-procedente-de-recursos-vegetales\/\">PLA<\/a>, material procedente de materia vexetal,\u00a0<a href=\"https:\/\/es.wikipedia.org\/wiki\/Biodegradabilidad\">biodegrad\u00e1bel<\/a>, non t\u00f3xico e ecol\u00f3xico.<\/p>\n","protected":false},"excerpt":{"rendered":"<p>Escultura Torre de H\u00e9rcules, creaci\u00f3n orixinal de <a href=\"https:\/\/test.imprimetresde.com\/gl\/\">I3D<\/a>. Elegant\u00edsima escultura en PLA granito claro do monumento m\u00e1is emblem\u00e1tico da cidade da Coru\u00f1a declarado Patrimonio da Humanidade en 2009.<\/p>\n","protected":false},"featured_media":10867,"comment_status":"open","ping_status":"closed","template":"","meta":{"_vp_format_video_url":"","_vp_image_focal_point":[]},"product_brand":[],"product_cat":[316,313],"product_tag":[587,2100,1603,1489,1685,210,1114,1115,2101,1953,1488,2508,2507,2099,1955,1546,1456,1490,1956,1916,1547,1384,1377,1954],"class_list":{"0":"post-10860","1":"product","2":"type-product","3":"status-publish","4":"has-post-thumbnail","6":"product_cat-cultura-gl","7":"product_cat-ambiente-gl","8":"product_tag-a-coruna-gl","9":"product_tag-cadro","10":"product_tag-casa","11":"product_tag-coruna","12":"product_tag-deco-gl","13":"product_tag-decoracion-gl","14":"product_tag-dia-da-nai","15":"product_tag-dia-do-pai","16":"product_tag-domus-gl","17":"product_tag-emblema","18":"product_tag-faro","19":"product_tag-impresion-3d-a-coruna","20":"product_tag-impresion-3d-coruna","21":"product_tag-lugar-de-traballo","22":"product_tag-mais-antigo","23":"product_tag-monumento-gl","24":"product_tag-oficina","25":"product_tag-patrimonio-da-humanidade","26":"product_tag-patrimonio-de-la-humanidad-gl","27":"product_tag-recordo","28":"product_tag-romano-gl","29":"product_tag-souvenir","30":"product_tag-torre-de-hercules-gl-2","31":"product_tag-turistico","33":"first","34":"instock","35":"sale","36":"taxable","37":"shipping-taxable","38":"purchasable","39":"product-type-simple"},"exclude_global_add_ons":[],"addons":[],"_links":{"self":[{"href":"https:\/\/test.imprimetresde.com\/gl\/wp-json\/wp\/v2\/product\/10860","targetHints":{"allow":["GET"]}}],"collection":[{"href":"https:\/\/test.imprimetresde.com\/gl\/wp-json\/wp\/v2\/product"}],"about":[{"href":"https:\/\/test.imprimetresde.com\/gl\/wp-json\/wp\/v2\/types\/product"}],"replies":[{"embeddable":true,"href":"https:\/\/test.imprimetresde.com\/gl\/wp-json\/wp\/v2\/comments?post=10860"}],"wp:featuredmedia":[{"embeddable":true,"href":"https:\/\/test.imprimetresde.com\/gl\/wp-json\/wp\/v2\/media\/10867"}],"wp:attachment":[{"href":"https:\/\/test.imprimetresde.com\/gl\/wp-json\/wp\/v2\/media?parent=10860"}],"wp:term":[{"taxonomy":"product_brand","embeddable":true,"href":"https:\/\/test.imprimetresde.com\/gl\/wp-json\/wp\/v2\/product_brand?post=10860"},{"taxonomy":"product_cat","embeddable":true,"href":"https:\/\/test.imprimetresde.com\/gl\/wp-json\/wp\/v2\/product_cat?post=10860"},{"taxonomy":"product_tag","embeddable":true,"href":"https:\/\/test.imprimetresde.com\/gl\/wp-json\/wp\/v2\/product_tag?post=10860"}],"curies":[{"name":"wp","href":"https:\/\/api.w.org\/{rel}","templated":true}]}}

Escultura Torre de Hércules

<p>Escultura Torre de Hércules, creación orixinal de <a href="https://test.imprimetresde.com/gl/">I3D</a>. Elegantísima escultura en PLA granito claro do monumento máis emblemático da cidade da Coruña declarado Patrimonio da Humanidade en 2009. A figura da <a href="https://gl.wikipedia.org/wiki/Torre_de_H%C3%A9rcules">Torre de Hércules</a> vai dentro dun marco de madeira tamaño 25x25cm que lucirá en calqueira parede da túa casa, oficina ou lugar de traballo.</p>
<p>*Para outros monumentos, consultar prezo e prazo de entrega.</p>
<p>**Leva gancho para pendurala da parede</p>
<p>***O material no que está realizado é <a href="https://test.imprimetresde.com/nuestro-material-de-impresion-el-pla-polimero-biodegradable-procedente-de-recursos-vegetales/">PLA</a>, material procedente de materia vexetal, <a href="https://es.wikipedia.org/wiki/Biodegradabilidad">biodegradábel</a>, non tóxico e ecolóxico.</p>

<p>Escultura Torre de Hércules, creación orixinal de <a href="https://test.imprimetresde.com/gl/">I3D</a>. Elegantísima escultura en PLA granito claro do monumento máis emblemático da cidade da Coruña declarado Patrimonio da Humanidade en 2009.</p>
