{"id":10956,"date":"2022-06-30T19:44:10","date_gmt":"2022-06-30T17:44:10","guid":{"rendered":"https:\/\/test.imprimetresde.com\/?post_type=product&#038;p=10956"},"modified":"2024-03-05T19:54:45","modified_gmt":"2024-03-05T17:54:45","slug":"pulseira-coiro-i3d","status":"publish","type":"product","link":"https:\/\/test.imprimetresde.com\/gl\/produto\/pulseira-coiro-i3d\/","title":{"rendered":"Pulseira Coiro I3D"},"content":{"rendered":"<p>Pulseira Coiro I3D dese\u00f1ada por <a href=\"https:\/\/test.imprimetresde.com\/gl\/\">Imprimetresde <\/a>, ideais para regalar. Atopar\u00e1s unha variedade de pulseiras para elixir a que m\u00e1is che guste para ti ou para agasallar. Est\u00e1n feitas en coiro e cos accesorios da colecci\u00f3n I3D. Pincha no despleg\u00e1bel e elixe!<\/p>\n<p>*O material no que est\u00e1 realizado \u00e9 <a href=\"https:\/\/test.imprimetresde.com\/nuestro-material-de-impresion-el-pla-polimero-biodegradable-procedente-de-recursos-vegetales\/\">PLA<\/a>, material procedente de materia vexetal, <a href=\"https:\/\/es.wikipedia.org\/wiki\/Biodegradabilidad\">biodegrad\u00e1bel<\/a>, non t\u00f3xico e ecol\u00f3xico<\/p>\n","protected":false},"excerpt":{"rendered":"<p>Pulseira Coiro I3D dese\u00f1ada por <a href=\"https:\/\/test.imprimetresde.com\/gl\/\">Imprimetresde <\/a>, ideais para regalar. Atopar\u00e1s unha variedade de pulseiras para elixir a que m\u00e1is che guste para ti ou para agasallar<\/p>\n","protected":false},"featured_media":10960,"comment_status":"open","ping_status":"closed","template":"","meta":{"_vp_format_video_url":"","_vp_image_focal_point":[]},"product_brand":[],"product_cat":[315,316],"product_tag":[1994,1996,1995,479,463,2508,2507,2004,1206,1997,1384],"class_list":{"0":"post-10956","1":"product","2":"type-product","3":"status-publish","4":"has-post-thumbnail","6":"product_cat-complementos-gl","7":"product_cat-cultura-gl","8":"product_tag-asalto-ao-castelo-de-vimianzo","9":"product_tag-castelo","10":"product_tag-coiro","11":"product_tag-galicia","12":"product_tag-galiza","13":"product_tag-impresion-3d-a-coruna","14":"product_tag-impresion-3d-coruna","15":"product_tag-irmandinos-gl","16":"product_tag-pulseira","17":"product_tag-regalo-orixinal","18":"product_tag-souvenir","20":"first","21":"instock","22":"sale","23":"taxable","24":"shipping-taxable","25":"purchasable","26":"product-type-variable"},"exclude_global_add_ons":[],"addons":[],"_links":{"self":[{"href":"https:\/\/test.imprimetresde.com\/gl\/wp-json\/wp\/v2\/product\/10956","targetHints":{"allow":["GET"]}}],"collection":[{"href":"https:\/\/test.imprimetresde.com\/gl\/wp-json\/wp\/v2\/product"}],"about":[{"href":"https:\/\/test.imprimetresde.com\/gl\/wp-json\/wp\/v2\/types\/product"}],"replies":[{"embeddable":true,"href":"https:\/\/test.imprimetresde.com\/gl\/wp-json\/wp\/v2\/comments?post=10956"}],"wp:featuredmedia":[{"embeddable":true,"href":"https:\/\/test.imprimetresde.com\/gl\/wp-json\/wp\/v2\/media\/10960"}],"wp:attachment":[{"href":"https:\/\/test.imprimetresde.com\/gl\/wp-json\/wp\/v2\/media?parent=10956"}],"wp:term":[{"taxonomy":"product_brand","embeddable":true,"href":"https:\/\/test.imprimetresde.com\/gl\/wp-json\/wp\/v2\/product_brand?post=10956"},{"taxonomy":"product_cat","embeddable":true,"href":"https:\/\/test.imprimetresde.com\/gl\/wp-json\/wp\/v2\/product_cat?post=10956"},{"taxonomy":"product_tag","embeddable":true,"href":"https:\/\/test.imprimetresde.com\/gl\/wp-json\/wp\/v2\/product_tag?post=10956"}],"curies":[{"name":"wp","href":"https:\/\/api.w.org\/{rel}","templated":true}]}}

<p>Pulseira Coiro I3D deseñada por <a href="https://test.imprimetresde.com/gl/">Imprimetresde </a>, ideais para regalar. Atoparás unha variedade de pulseiras para elixir a que máis che guste para ti ou para agasallar. Están feitas en coiro e cos accesorios da colección I3D. Pincha no desplegábel e elixe!</p>
<p>*O material no que está realizado é <a href="https://test.imprimetresde.com/nuestro-material-de-impresion-el-pla-polimero-biodegradable-procedente-de-recursos-vegetales/">PLA</a>, material procedente de materia vexetal, <a href="https://es.wikipedia.org/wiki/Biodegradabilidad">biodegradábel</a>, non tóxico e ecolóxico</p>

<p>Pulseira Coiro I3D deseñada por <a href="https://test.imprimetresde.com/gl/">Imprimetresde </a>, ideais para regalar. Atoparás unha variedade de pulseiras para elixir a que máis che guste para ti ou para agasallar</p>
