{"id":11027,"date":"2022-08-03T18:41:04","date_gmt":"2022-08-03T16:41:04","guid":{"rendered":"https:\/\/test.imprimetresde.com\/?post_type=product&#038;p=11027"},"modified":"2024-03-05T19:53:56","modified_gmt":"2024-03-05T17:53:56","slug":"colgante-torre-de-hercules","status":"publish","type":"product","link":"https:\/\/test.imprimetresde.com\/gl\/produto\/colgante-torre-de-hercules\/","title":{"rendered":"Colar Torre de H\u00e9rcules"},"content":{"rendered":"<p>Colar Torre de H\u00e9rcules con dese\u00f1o exclusivo de <a href=\"https:\/\/test.imprimetresde.com\/\">Imprimetresde<\/a> . Colar ca forma da <a href=\"https:\/\/gl.wikipedia.org\/wiki\/Torre_de_H%C3%A9rcules\">Torre de H\u00e9rcules<\/a> da Coru\u00f1a, declarada Patrimonio da Humanidade no 2009 e impreso en diferentes e divertidas cores para que leves contigo un anaco da cidade!<\/p>\n<p>*O material no que est\u00e1 realizado \u00e9\u00a0<a href=\"https:\/\/test.imprimetresde.com\/nuestro-material-de-impresion-el-pla-polimero-biodegradable-procedente-de-recursos-vegetales\/\">PLA<\/a>, material procedente de materia vexetal,\u00a0<a href=\"https:\/\/es.wikipedia.org\/wiki\/Biodegradabilidad\">biodegrad\u00e1bel<\/a>, non t\u00f3xico e ecol\u00f3xico<\/p>\n","protected":false},"excerpt":{"rendered":"<p>Colar Torre de H\u00e9rcules con dese\u00f1o exclusivo de <a href=\"https:\/\/test.imprimetresde.com\/\">Imprimetresde<\/a> . Colar ca forma da <a href=\"https:\/\/gl.wikipedia.org\/wiki\/Torre_de_H%C3%A9rcules\">Torre de H\u00e9rcules<\/a> da Coru\u00f1a, declarada Patrimonio da Humanidade no 2009 e impreso en diferentes e divertidas cores para que leves contigo un anaco da cidade!<\/p>\n","protected":false},"featured_media":11034,"comment_status":"open","ping_status":"closed","template":"","meta":{"_vp_format_video_url":"","_vp_image_focal_point":[]},"product_brand":[],"product_cat":[1312,315],"product_tag":[587,388,358,479,463,2508,2507,1546,1490,1384,1377],"class_list":{"0":"post-11027","1":"product","2":"type-product","3":"status-publish","4":"has-post-thumbnail","6":"product_cat-colgantes-gl","7":"product_cat-complementos-gl","8":"product_tag-a-coruna-gl","9":"product_tag-colar","10":"product_tag-colgante-gl","11":"product_tag-galicia","12":"product_tag-galiza","13":"product_tag-impresion-3d-a-coruna","14":"product_tag-impresion-3d-coruna","15":"product_tag-monumento-gl","16":"product_tag-patrimonio-da-humanidade","17":"product_tag-souvenir","18":"product_tag-torre-de-hercules-gl-2","20":"first","21":"instock","22":"sale","23":"taxable","24":"shipping-taxable","25":"purchasable","26":"product-type-variable"},"exclude_global_add_ons":false,"addons":[{"name":"Material da Cadea (opcional)","type":"checkbox","position":0,"required":false,"title_format":"label","default":"","description_enable":true,"description":"Opci\u00f3n de facer a peza con cadea e accesorios de prata 925, de primera lei.","placeholder_enable":false,"placeholder":"","display":"select","restrictions_type":"any_text","adjust_price":false,"price":"","price_type":"flat_fee","restrictions":false,"min":"0","max":"0","options":[{"label":"Prata","price":"10","price_type":"flat_fee","image":0,"visibility":true}]}],"_links":{"self":[{"href":"https:\/\/test.imprimetresde.com\/gl\/wp-json\/wp\/v2\/product\/11027","targetHints":{"allow":["GET"]}}],"collection":[{"href":"https:\/\/test.imprimetresde.com\/gl\/wp-json\/wp\/v2\/product"}],"about":[{"href":"https:\/\/test.imprimetresde.com\/gl\/wp-json\/wp\/v2\/types\/product"}],"replies":[{"embeddable":true,"href":"https:\/\/test.imprimetresde.com\/gl\/wp-json\/wp\/v2\/comments?post=11027"}],"wp:featuredmedia":[{"embeddable":true,"href":"https:\/\/test.imprimetresde.com\/gl\/wp-json\/wp\/v2\/media\/11034"}],"wp:attachment":[{"href":"https:\/\/test.imprimetresde.com\/gl\/wp-json\/wp\/v2\/media?parent=11027"}],"wp:term":[{"taxonomy":"product_brand","embeddable":true,"href":"https:\/\/test.imprimetresde.com\/gl\/wp-json\/wp\/v2\/product_brand?post=11027"},{"taxonomy":"product_cat","embeddable":true,"href":"https:\/\/test.imprimetresde.com\/gl\/wp-json\/wp\/v2\/product_cat?post=11027"},{"taxonomy":"product_tag","embeddable":true,"href":"https:\/\/test.imprimetresde.com\/gl\/wp-json\/wp\/v2\/product_tag?post=11027"}],"curies":[{"name":"wp","href":"https:\/\/api.w.org\/{rel}","templated":true}]}}

Colar Torre de Hércules

<p>Colar Torre de Hércules con deseño exclusivo de <a href="https://test.imprimetresde.com/">Imprimetresde</a> . Colar ca forma da <a href="https://gl.wikipedia.org/wiki/Torre_de_H%C3%A9rcules">Torre de Hércules</a> da Coruña, declarada Patrimonio da Humanidade no 2009 e impreso en diferentes e divertidas cores para que leves contigo un anaco da cidade!</p>
<p>*O material no que está realizado é <a href="https://test.imprimetresde.com/nuestro-material-de-impresion-el-pla-polimero-biodegradable-procedente-de-recursos-vegetales/">PLA</a>, material procedente de materia vexetal, <a href="https://es.wikipedia.org/wiki/Biodegradabilidad">biodegradábel</a>, non tóxico e ecolóxico</p>

<p>Colar Torre de Hércules con deseño exclusivo de <a href="https://test.imprimetresde.com/">Imprimetresde</a> . Colar ca forma da <a href="https://gl.wikipedia.org/wiki/Torre_de_H%C3%A9rcules">Torre de Hércules</a> da Coruña, declarada Patrimonio da Humanidade no 2009 e impreso en diferentes e divertidas cores para que leves contigo un anaco da cidade!</p>

Opción de facer a peza con cadea e accesorios de prata 925, de primera lei.
