{"id":11211,"date":"2022-10-26T12:30:43","date_gmt":"2022-10-26T10:30:43","guid":{"rendered":"https:\/\/test.imprimetresde.com\/?post_type=product&#038;p=11211"},"modified":"2025-03-11T13:40:39","modified_gmt":"2025-03-11T11:40:39","slug":"mortinos-da-santa-compana","status":"publish","type":"product","link":"https:\/\/test.imprimetresde.com\/gl\/produto\/mortinos-da-santa-compana\/","title":{"rendered":"Morti\u00f1os da Santa Compa\u00f1a"},"content":{"rendered":"<p>Morti\u00f1os da Santa Compa\u00f1a, creaci\u00f3n orixinal de I3D &#8211; Imprimetresde en homenaxe \u00e1 crenza na procesi\u00f3n da\u00a0<a href=\"https:\/\/gl.wikipedia.org\/wiki\/Santa_Compa%C3%B1a\"> Santa Compa\u00f1a<\/a>. Feitos en PLA negro e PLA GLOW in the dark, ilum\u00ednanse na escuridade!<\/p>\n<p>Elixe un dos Morti\u00f1os da Santa Compa\u00f1a ou l\u00e9vate toda a colecci\u00f3n!<\/p>\n<p>Dese\u00f1o realizado en colaboraci\u00f3n co dese\u00f1ador Juan Calo.<\/p>\n<p>A Santa Compa\u00f1a \u00e9 unha procesi\u00f3n de mortos ou \u00e1nimas en pena que percorren os cami\u00f1os dunha parroquia. Tr\u00e1tase dun tema do folclore galego. O tema das procesi\u00f3ns de mortos e\/ou de \u00e1nimas \u00e9 propio da literatura e das tradici\u00f3ns culturais da Europa occidental dende a Idade Media. A zona xeogr\u00e1fica &#8220;galega&#8221; na que a Santa Compa\u00f1a influ\u00edu m\u00e1is notoriamente consid\u00e9rase que \u00e9 o territorio correspondente \u00e1 antiga Gallaecia, inclu\u00edndo o norte de Portugal e Asturias[1], xa que esta zona pos\u00fae caracter\u00edsticas que a identifican como unha comunidade, reflectidas nos seus contos e na s\u00faa literatura e testemu\u00f1as do fen\u00f3meno. (Fonte: Galipedia)<\/p>\n<p>*O material no que est\u00e1n realizados \u00e9 <a href=\"https:\/\/test.imprimetresde.com\/gl\/o-noso-material-de-impresion-o-pla-polimero-biodegradabel-procedente-de-recursos-vexetais\/\">PLA<\/a>, material procedente de materia vexetal, biodegrad\u00e1bel, non t\u00f3xico e ecol\u00f3xico<\/p>\n<p>&nbsp;<\/p>\n<p>&nbsp;<\/p>\n","protected":false},"excerpt":{"rendered":"<p>Morti\u00f1os da Santa Compa\u00f1a, creaci\u00f3n orixinal de I3D &#8211; Imprimetresde en homenaxe \u00e1 crenza na procesi\u00f3n da\u00a0<a href=\"https:\/\/gl.wikipedia.org\/wiki\/Santa_Compa%C3%B1a\"> Santa Compa\u00f1a<\/a>. Feitos en PLA negro e PLA GLOW in the dark, ilum\u00ednanse na escuridade!<\/p>\n<p>Elixe un dos Morti\u00f1os da Santa Compa\u00f1a ou l\u00e9vate toda a colecci\u00f3n!<\/p>\n<p>Dese\u00f1o realizado en colaboraci\u00f3n co dese\u00f1ador Juan Calo.<\/p>\n","protected":false},"featured_media":12317,"comment_status":"open","ping_status":"closed","template":"","meta":{"_vp_format_video_url":"","_vp_image_focal_point":[]},"product_brand":[],"product_cat":[316],"product_tag":[2324,2068,1777,2065,2067,2071,1114,1115,438,2508,2507,2070,2064,2063,443,2072,2069,289,2066,1384,447,2073],"class_list":{"0":"post-11211","1":"product","2":"type-product","3":"status-publish","4":"has-post-thumbnail","6":"product_cat-cultura-gl","7":"product_tag-1-de-novembro","8":"product_tag-alma-en-pena","9":"product_tag-ancestral","10":"product_tag-animas","11":"product_tag-caminos","12":"product_tag-ceo","13":"product_tag-dia-da-nai","14":"product_tag-dia-do-pai","15":"product_tag-halloween","16":"product_tag-impresion-3d-a-coruna","17":"product_tag-impresion-3d-coruna","18":"product_tag-inferno","19":"product_tag-mortinos","20":"product_tag-mortos","21":"product_tag-noite-de-defuntos","22":"product_tag-procesion","23":"product_tag-purgatorio","24":"product_tag-samain-gl","25":"product_tag-santa-compana","26":"product_tag-souvenir","27":"product_tag-tradicion","28":"product_tag-vivos","30":"first","31":"instock","32":"sale","33":"taxable","34":"shipping-taxable","35":"purchasable","36":"product-type-variable"},"exclude_global_add_ons":[],"addons":[],"_links":{"self":[{"href":"https:\/\/test.imprimetresde.com\/gl\/wp-json\/wp\/v2\/product\/11211","targetHints":{"allow":["GET"]}}],"collection":[{"href":"https:\/\/test.imprimetresde.com\/gl\/wp-json\/wp\/v2\/product"}],"about":[{"href":"https:\/\/test.imprimetresde.com\/gl\/wp-json\/wp\/v2\/types\/product"}],"replies":[{"embeddable":true,"href":"https:\/\/test.imprimetresde.com\/gl\/wp-json\/wp\/v2\/comments?post=11211"}],"wp:featuredmedia":[{"embeddable":true,"href":"https:\/\/test.imprimetresde.com\/gl\/wp-json\/wp\/v2\/media\/12317"}],"wp:attachment":[{"href":"https:\/\/test.imprimetresde.com\/gl\/wp-json\/wp\/v2\/media?parent=11211"}],"wp:term":[{"taxonomy":"product_brand","embeddable":true,"href":"https:\/\/test.imprimetresde.com\/gl\/wp-json\/wp\/v2\/product_brand?post=11211"},{"taxonomy":"product_cat","embeddable":true,"href":"https:\/\/test.imprimetresde.com\/gl\/wp-json\/wp\/v2\/product_cat?post=11211"},{"taxonomy":"product_tag","embeddable":true,"href":"https:\/\/test.imprimetresde.com\/gl\/wp-json\/wp\/v2\/product_tag?post=11211"}],"curies":[{"name":"wp","href":"https:\/\/api.w.org\/{rel}","templated":true}]}}

Mortiños da Santa Compaña

<p>Mortiños da Santa Compaña, creación orixinal de I3D &#8211; Imprimetresde en homenaxe á crenza na procesión da <a href="https://gl.wikipedia.org/wiki/Santa_Compa%C3%B1a"> Santa Compaña</a>. Feitos en PLA negro e PLA GLOW in the dark, ilumínanse na escuridade!</p>
<p>Elixe un dos Mortiños da Santa Compaña ou lévate toda a colección!</p>
<p>Deseño realizado en colaboración co deseñador Juan Calo.</p>
<p>A Santa Compaña é unha procesión de mortos ou ánimas en pena que percorren os camiños dunha parroquia. Trátase dun tema do folclore galego. O tema das procesións de mortos e/ou de ánimas é propio da literatura e das tradicións culturais da Europa occidental dende a Idade Media. A zona xeográfica &#8220;galega&#8221; na que a Santa Compaña influíu máis notoriamente considérase que é o territorio correspondente á antiga Gallaecia, incluíndo o norte de Portugal e Asturias[1], xa que esta zona posúe características que a identifican como unha comunidade, reflectidas nos seus contos e na súa literatura e testemuñas do fenómeno. (Fonte: Galipedia)</p>
<p>*O material no que están realizados é <a href="https://test.imprimetresde.com/gl/o-noso-material-de-impresion-o-pla-polimero-biodegradabel-procedente-de-recursos-vexetais/">PLA</a>, material procedente de materia vexetal, biodegradábel, non tóxico e ecolóxico</p>
<p>&nbsp;</p>
<p>&nbsp;</p>

<p>Mortiños da Santa Compaña, creación orixinal de I3D &#8211; Imprimetresde en homenaxe á crenza na procesión da <a href="https://gl.wikipedia.org/wiki/Santa_Compa%C3%B1a"> Santa Compaña</a>. Feitos en PLA negro e PLA GLOW in the dark, ilumínanse na escuridade!</p>
<p>Elixe un dos Mortiños da Santa Compaña ou lévate toda a colección!</p>
<p>Deseño realizado en colaboración co deseñador Juan Calo.</p>
