{"id":11229,"date":"2022-10-27T12:02:01","date_gmt":"2022-10-27T10:02:01","guid":{"rendered":"https:\/\/test.imprimetresde.com\/?post_type=product&#038;p=11229"},"modified":"2025-07-15T13:07:05","modified_gmt":"2025-07-15T11:07:05","slug":"colgante-sardina-xl","status":"publish","type":"product","link":"https:\/\/test.imprimetresde.com\/gl\/produto\/colgante-sardina-xl\/","title":{"rendered":"Colar Sardi\u00f1a XL"},"content":{"rendered":"<p>Colar Sardi\u00f1a XL dese\u00f1o orixinal de I3D. Fermoso colar ca raspa dunha <a href=\"https:\/\/gl.wikipedia.org\/wiki\/Sardi%C3%B1a\">sardi\u00f1a<\/a> tan t\u00edpica da nosa costa galega, con f\u00edo encerado negro, desta volta present\u00e1mosvos a versi\u00f3n XL, ideal para combinar con vestidos ou prendas superiores longas.<\/p>\n<p>Para ti ou para agasallar, presume dun anaco do noso mar!<\/p>\n<p>*O material no que est\u00e1 realizado \u00e9 <a href=\"https:\/\/test.imprimetresde.com\/gl\/o-noso-material-de-impresion-o-pla-polimero-biodegradabel-procedente-de-recursos-vexetais\/\">PLA<\/a>, material procedente de materia vexetal, biodegrad\u00e1bel, non t\u00f3xico e ecol\u00f3xico<\/p>\n<p>&nbsp;<\/p>\n","protected":false},"excerpt":{"rendered":"<p>Colar Sardi\u00f1a XL dese\u00f1o orixinal de I3D. Fermoso colar ca raspa dunha <a href=\"https:\/\/gl.wikipedia.org\/wiki\/Sardi%C3%B1a\">sardi\u00f1a<\/a> tan t\u00edpica da nosa costa galega con f\u00edo encerado negro, desta volta present\u00e1mosvos a versi\u00f3n XL, ideal para combinar con vestidos ou prendas superiores longas.<\/p>\n","protected":false},"featured_media":11230,"comment_status":"open","ping_status":"closed","template":"","meta":{"_vp_format_video_url":"","_vp_image_focal_point":[]},"product_brand":[],"product_cat":[1312,315],"product_tag":[2088,388,358,2086,1114,1986,880,409,593,410,479,463,2508,2507,2087,1992,861,1298,1297,1295,1384,387],"class_list":{"0":"post-11229","1":"product","2":"type-product","3":"status-publish","4":"has-post-thumbnail","6":"product_cat-colgantes-gl","7":"product_cat-complementos-gl","8":"product_tag-24-xuno","9":"product_tag-colar","10":"product_tag-colgante-gl","11":"product_tag-costas","12":"product_tag-dia-da-nai","13":"product_tag-fogueiras","14":"product_tag-furancho","15":"product_tag-galega","16":"product_tag-galegas","17":"product_tag-galego","18":"product_tag-galicia","19":"product_tag-galiza","20":"product_tag-impresion-3d-a-coruna","21":"product_tag-impresion-3d-coruna","22":"product_tag-lume","23":"product_tag-lumeiradas-gl","24":"product_tag-peixe","25":"product_tag-raspa","26":"product_tag-san-xoan","27":"product_tag-sardina","28":"product_tag-souvenir","29":"product_tag-tipico","31":"first","32":"instock","33":"sale","34":"taxable","35":"shipping-taxable","36":"purchasable","37":"product-type-simple"},"exclude_global_add_ons":false,"addons":[{"name":"Material da Cadea (opcional)","type":"checkbox","position":0,"required":false,"title_format":"label","default":"","description_enable":true,"description":"Opci\u00f3n de facer a peza con cadea e accesorios de prata 925, de primera lei.","placeholder_enable":false,"placeholder":"","display":"select","restrictions_type":"any_text","adjust_price":false,"price":"","price_type":"flat_fee","restrictions":false,"min":"0","max":"0","options":[{"label":"Prata","price":"10","price_type":"flat_fee","image":0,"visibility":true}]}],"_links":{"self":[{"href":"https:\/\/test.imprimetresde.com\/gl\/wp-json\/wp\/v2\/product\/11229","targetHints":{"allow":["GET"]}}],"collection":[{"href":"https:\/\/test.imprimetresde.com\/gl\/wp-json\/wp\/v2\/product"}],"about":[{"href":"https:\/\/test.imprimetresde.com\/gl\/wp-json\/wp\/v2\/types\/product"}],"replies":[{"embeddable":true,"href":"https:\/\/test.imprimetresde.com\/gl\/wp-json\/wp\/v2\/comments?post=11229"}],"wp:featuredmedia":[{"embeddable":true,"href":"https:\/\/test.imprimetresde.com\/gl\/wp-json\/wp\/v2\/media\/11230"}],"wp:attachment":[{"href":"https:\/\/test.imprimetresde.com\/gl\/wp-json\/wp\/v2\/media?parent=11229"}],"wp:term":[{"taxonomy":"product_brand","embeddable":true,"href":"https:\/\/test.imprimetresde.com\/gl\/wp-json\/wp\/v2\/product_brand?post=11229"},{"taxonomy":"product_cat","embeddable":true,"href":"https:\/\/test.imprimetresde.com\/gl\/wp-json\/wp\/v2\/product_cat?post=11229"},{"taxonomy":"product_tag","embeddable":true,"href":"https:\/\/test.imprimetresde.com\/gl\/wp-json\/wp\/v2\/product_tag?post=11229"}],"curies":[{"name":"wp","href":"https:\/\/api.w.org\/{rel}","templated":true}]}}

Colar Sardiña XL

<p>Colar Sardiña XL deseño orixinal de I3D. Fermoso colar ca raspa dunha <a href="https://gl.wikipedia.org/wiki/Sardi%C3%B1a">sardiña</a> tan típica da nosa costa galega, con fío encerado negro, desta volta presentámosvos a versión XL, ideal para combinar con vestidos ou prendas superiores longas.</p>
<p>Para ti ou para agasallar, presume dun anaco do noso mar!</p>
<p>*O material no que está realizado é <a href="https://test.imprimetresde.com/gl/o-noso-material-de-impresion-o-pla-polimero-biodegradabel-procedente-de-recursos-vexetais/">PLA</a>, material procedente de materia vexetal, biodegradábel, non tóxico e ecolóxico</p>
<p>&nbsp;</p>

<p>Colar Sardiña XL deseño orixinal de I3D. Fermoso colar ca raspa dunha <a href="https://gl.wikipedia.org/wiki/Sardi%C3%B1a">sardiña</a> tan típica da nosa costa galega con fío encerado negro, desta volta presentámosvos a versión XL, ideal para combinar con vestidos ou prendas superiores longas.</p>

Opción de facer a peza con cadea e accesorios de prata 925, de primera lei.
