{"id":11360,"date":"2022-12-13T19:54:53","date_gmt":"2022-12-13T17:54:53","guid":{"rendered":"https:\/\/test.imprimetresde.com\/?post_type=product&#038;p=11360"},"modified":"2025-03-11T13:40:09","modified_gmt":"2025-03-11T11:40:09","slug":"servilleteiro-boas-festas","status":"publish","type":"product","link":"https:\/\/test.imprimetresde.com\/gl\/produto\/servilleteiro-boas-festas\/","title":{"rendered":"Servilleteiro Boas Festas"},"content":{"rendered":"<p>Servilleteiro Boas Festas, dese\u00f1o orixinal de <a href=\"https:\/\/test.imprimetresde.com\/\">I3D<\/a> para darlle o toque m\u00e1is festivo e orixinal \u00e1 t\u00faa mesa. O servilleteiro vai en cor dourada e tam\u00e9n podes encargar a t\u00faa versi\u00f3n personalizada por 11,90\u20ac co texto que desexes e na cor que queiras: en vermello, en dourado, en branco fosforescente, en verde musgo ou en azul.<\/p>\n<p>**O material no que est\u00e1 realizado \u00e9\u00a0<a href=\"https:\/\/test.imprimetresde.com\/nuestro-material-de-impresion-el-pla-polimero-biodegradable-procedente-de-recursos-vegetales\/\">PLA<\/a>, material procedente de materia vexetal,\u00a0<a href=\"https:\/\/es.wikipedia.org\/wiki\/Biodegradabilidad\">biodegrad\u00e1bel<\/a>, non t\u00f3xico e ecol\u00f3xico<\/p>\n","protected":false},"excerpt":{"rendered":"<p>Servilleteiro Boas Festas, dese\u00f1o orixinal de <a href=\"https:\/\/test.imprimetresde.com\/\">I3D<\/a> para darlle o toque m\u00e1is festivo e orixinal \u00e1 t\u00faa mesa. O servilleteiro vai en cor dourada e tam\u00e9n podes encargar a t\u00faa versi\u00f3n personalizada por 11,90\u20ac.<\/p>\n","protected":false},"featured_media":11361,"comment_status":"open","ping_status":"closed","template":"","meta":{"_vp_format_video_url":"","_vp_image_focal_point":[]},"product_brand":[],"product_cat":[313],"product_tag":[1852,2126,987,2125,1114,1115,2127,2508,2507,2124,1481,274,968,1586,909],"class_list":{"0":"post-11360","1":"product","2":"type-product","3":"status-publish","4":"has-post-thumbnail","6":"product_cat-ambiente-gl","7":"product_tag-boas-festas","8":"product_tag-cea","9":"product_tag-comida-gl","10":"product_tag-detalle","11":"product_tag-dia-da-nai","12":"product_tag-dia-do-pai","13":"product_tag-festas","14":"product_tag-impresion-3d-a-coruna","15":"product_tag-impresion-3d-coruna","16":"product_tag-mesa-de-nadal","17":"product_tag-nadal","18":"product_tag-personalizado-gl","19":"product_tag-regalo-gl","20":"product_tag-servilleteiro","21":"product_tag-xantar","23":"first","24":"instock","25":"taxable","26":"shipping-taxable","27":"purchasable","28":"product-type-simple"},"exclude_global_add_ons":[],"addons":[],"_links":{"self":[{"href":"https:\/\/test.imprimetresde.com\/gl\/wp-json\/wp\/v2\/product\/11360","targetHints":{"allow":["GET"]}}],"collection":[{"href":"https:\/\/test.imprimetresde.com\/gl\/wp-json\/wp\/v2\/product"}],"about":[{"href":"https:\/\/test.imprimetresde.com\/gl\/wp-json\/wp\/v2\/types\/product"}],"replies":[{"embeddable":true,"href":"https:\/\/test.imprimetresde.com\/gl\/wp-json\/wp\/v2\/comments?post=11360"}],"wp:featuredmedia":[{"embeddable":true,"href":"https:\/\/test.imprimetresde.com\/gl\/wp-json\/wp\/v2\/media\/11361"}],"wp:attachment":[{"href":"https:\/\/test.imprimetresde.com\/gl\/wp-json\/wp\/v2\/media?parent=11360"}],"wp:term":[{"taxonomy":"product_brand","embeddable":true,"href":"https:\/\/test.imprimetresde.com\/gl\/wp-json\/wp\/v2\/product_brand?post=11360"},{"taxonomy":"product_cat","embeddable":true,"href":"https:\/\/test.imprimetresde.com\/gl\/wp-json\/wp\/v2\/product_cat?post=11360"},{"taxonomy":"product_tag","embeddable":true,"href":"https:\/\/test.imprimetresde.com\/gl\/wp-json\/wp\/v2\/product_tag?post=11360"}],"curies":[{"name":"wp","href":"https:\/\/api.w.org\/{rel}","templated":true}]}}

<p>Servilleteiro Boas Festas, deseño orixinal de <a href="https://test.imprimetresde.com/">I3D</a> para darlle o toque máis festivo e orixinal á túa mesa. O servilleteiro vai en cor dourada e tamén podes encargar a túa versión personalizada por 11,90€ co texto que desexes e na cor que queiras: en vermello, en dourado, en branco fosforescente, en verde musgo ou en azul.</p>
<p>**O material no que está realizado é <a href="https://test.imprimetresde.com/nuestro-material-de-impresion-el-pla-polimero-biodegradable-procedente-de-recursos-vegetales/">PLA</a>, material procedente de materia vexetal, <a href="https://es.wikipedia.org/wiki/Biodegradabilidad">biodegradábel</a>, non tóxico e ecolóxico</p>

<p>Servilleteiro Boas Festas, deseño orixinal de <a href="https://test.imprimetresde.com/">I3D</a> para darlle o toque máis festivo e orixinal á túa mesa. O servilleteiro vai en cor dourada e tamén podes encargar a túa versión personalizada por 11,90€.</p>
