{"id":11610,"date":"2023-01-05T19:01:10","date_gmt":"2023-01-05T17:01:10","guid":{"rendered":"https:\/\/test.imprimetresde.com\/?post_type=product&#038;p=11610"},"modified":"2025-03-11T13:39:55","modified_gmt":"2025-03-11T11:39:55","slug":"escultura-nazon-de-breogan","status":"publish","type":"product","link":"https:\/\/test.imprimetresde.com\/gl\/produto\/escultura-nazon-de-breogan\/","title":{"rendered":"Escultura Naz\u00f3n de Breog\u00e1n"},"content":{"rendered":"<p>Escultura Naz\u00f3n de <a href=\"https:\/\/gl.wikipedia.org\/wiki\/Breog%C3%A1n\">Breog\u00e1n<\/a>, dese\u00f1o exclusivo de I3D, \u00e9 unha escultura en homenaxe \u00e1 figura de Breog\u00e1n (rei mitol\u00f3xico da Galiza) situada os p\u00e9s da Torre de H\u00e9rcules da Coru\u00f1a. <b>Breog\u00e1n<\/b>, tam\u00e9n identificado como\u00a0<b>Brigo<\/b>,<sup id=\"cite_ref-1\" class=\"reference\"><a href=\"https:\/\/gl.wikipedia.org\/wiki\/Breog%C3%A1n#cite_note-1\">[1]<\/a><\/sup><sup id=\"cite_ref-timeline_2-0\" class=\"reference\"><a href=\"https:\/\/gl.wikipedia.org\/wiki\/Breog%C3%A1n#cite_note-timeline-2\">[2]<\/a><\/sup>\u00a0\u00e9 un rei mitol\u00f3xico\u00a0<a title=\"Celtas\" href=\"https:\/\/gl.wikipedia.org\/wiki\/Celtas\">c\u00e9ltico<\/a>\u00a0de\u00a0<a title=\"Galicia\" href=\"https:\/\/gl.wikipedia.org\/wiki\/Galicia\">Galicia<\/a>\u00a0que \u00e9 descrito como o fundador da cidade de\u00a0<a title=\"A Coru\u00f1a\" href=\"https:\/\/gl.wikipedia.org\/wiki\/A_Coru%C3%B1a\">Brigantia<\/a>\u00a0e o construtor dunha gran torre,<sup id=\"cite_ref-3\" class=\"reference\"><a href=\"https:\/\/gl.wikipedia.org\/wiki\/Breog%C3%A1n#cite_note-3\">[3]<\/a><\/sup>\u00a0identificada coa\u00a0<a title=\"Torre de H\u00e9rcules\" href=\"https:\/\/gl.wikipedia.org\/wiki\/Torre_de_H%C3%A9rcules\">Torre de H\u00e9rcules<\/a><\/p>\n<p>Esta expresi\u00f3n, de fondo contido\u00a0<a title=\"Nacionalismo\" href=\"https:\/\/gl.wikipedia.org\/wiki\/Nacionalismo\">nacionalista<\/a>, motivou que a &#8220;segunda parte&#8221; do himno (estrofas terceira e cuarta) estivese prohibida durante o\u00a0<a title=\"Franquismo\" href=\"https:\/\/gl.wikipedia.org\/wiki\/Franquismo\">franquismo<\/a>. O himno foi cantado como reivindicaci\u00f3n polos estudantes cando o entoaron ap\u00f3s a prohibici\u00f3n de empregar o galego nas\u00a0<i><a title=\"Festas Minervais\" href=\"https:\/\/gl.wikipedia.org\/wiki\/Festas_Minervais\">Festas Minervais<\/a><\/i>.<\/p>\n<p>***O material no que est\u00e1 realizado \u00e9 <a href=\"https:\/\/test.imprimetresde.com\/nuestro-material-de-impresion-el-pla-polimero-biodegradable-procedente-de-recursos-vegetales\/\">PLA<\/a>, material procedente de materia vexetal,\u00a0<a href=\"https:\/\/es.wikipedia.org\/wiki\/Biodegradabilidad\">biodegrad\u00e1bel<\/a>, non t\u00f3xico e ecol\u00f3xico.<\/p>\n","protected":false},"excerpt":{"rendered":"<p>Escultura Naz\u00f3n de <a href=\"https:\/\/gl.wikipedia.org\/wiki\/Breog%C3%A1n\">Breog\u00e1n<\/a>, dese\u00f1o exclusivo de I3D, \u00e9 unha escultura en homenaxe \u00e1 figura de Breog\u00e1n (rei mitol\u00f3xico da Galiza) situada os p\u00e9s da Torre de H\u00e9rcules da Coru\u00f1a.<\/p>\n","protected":false},"featured_media":11615,"comment_status":"open","ping_status":"closed","template":"","meta":{"_vp_format_video_url":"","_vp_image_focal_point":[]},"product_brand":[],"product_cat":[316,313],"product_tag":[587,1319,2157,2158,1114,1115,1009,1651,479,463,2159,2508,2507,561,565,578,1650],"class_list":{"0":"post-11610","1":"product","2":"type-product","3":"status-publish","4":"has-post-thumbnail","6":"product_cat-cultura-gl","7":"product_cat-ambiente-gl","8":"product_tag-a-coruna-gl","9":"product_tag-breogan","10":"product_tag-brigantia","11":"product_tag-brigantium","12":"product_tag-dia-da-nai","13":"product_tag-dia-do-pai","14":"product_tag-escultura","15":"product_tag-fogar-de-breogan-gl","16":"product_tag-galicia","17":"product_tag-galiza","18":"product_tag-himno","19":"product_tag-impresion-3d-a-coruna","20":"product_tag-impresion-3d-coruna","21":"product_tag-nacion","22":"product_tag-nacionalismo","23":"product_tag-nazon","24":"product_tag-nazon-de-breogan-gl","26":"first","27":"instock","28":"taxable","29":"shipping-taxable","30":"purchasable","31":"product-type-simple"},"exclude_global_add_ons":[],"addons":[],"_links":{"self":[{"href":"https:\/\/test.imprimetresde.com\/gl\/wp-json\/wp\/v2\/product\/11610","targetHints":{"allow":["GET"]}}],"collection":[{"href":"https:\/\/test.imprimetresde.com\/gl\/wp-json\/wp\/v2\/product"}],"about":[{"href":"https:\/\/test.imprimetresde.com\/gl\/wp-json\/wp\/v2\/types\/product"}],"replies":[{"embeddable":true,"href":"https:\/\/test.imprimetresde.com\/gl\/wp-json\/wp\/v2\/comments?post=11610"}],"wp:featuredmedia":[{"embeddable":true,"href":"https:\/\/test.imprimetresde.com\/gl\/wp-json\/wp\/v2\/media\/11615"}],"wp:attachment":[{"href":"https:\/\/test.imprimetresde.com\/gl\/wp-json\/wp\/v2\/media?parent=11610"}],"wp:term":[{"taxonomy":"product_brand","embeddable":true,"href":"https:\/\/test.imprimetresde.com\/gl\/wp-json\/wp\/v2\/product_brand?post=11610"},{"taxonomy":"product_cat","embeddable":true,"href":"https:\/\/test.imprimetresde.com\/gl\/wp-json\/wp\/v2\/product_cat?post=11610"},{"taxonomy":"product_tag","embeddable":true,"href":"https:\/\/test.imprimetresde.com\/gl\/wp-json\/wp\/v2\/product_tag?post=11610"}],"curies":[{"name":"wp","href":"https:\/\/api.w.org\/{rel}","templated":true}]}}

Escultura Nazón de Breogán

<p>Escultura Nazón de <a href="https://gl.wikipedia.org/wiki/Breog%C3%A1n">Breogán</a>, deseño exclusivo de I3D, é unha escultura en homenaxe á figura de Breogán (rei mitolóxico da Galiza) situada os pés da Torre de Hércules da Coruña. <b>Breogán</b>, tamén identificado como <b>Brigo</b>,<sup id="cite_ref-1" class="reference"><a href="https://gl.wikipedia.org/wiki/Breog%C3%A1n#cite_note-1">[1]</a></sup><sup id="cite_ref-timeline_2-0" class="reference"><a href="https://gl.wikipedia.org/wiki/Breog%C3%A1n#cite_note-timeline-2">[2]</a></sup> é un rei mitolóxico <a title="Celtas" href="https://gl.wikipedia.org/wiki/Celtas">céltico</a> de <a title="Galicia" href="https://gl.wikipedia.org/wiki/Galicia">Galicia</a> que é descrito como o fundador da cidade de <a title="A Coruña" href="https://gl.wikipedia.org/wiki/A_Coru%C3%B1a">Brigantia</a> e o construtor dunha gran torre,<sup id="cite_ref-3" class="reference"><a href="https://gl.wikipedia.org/wiki/Breog%C3%A1n#cite_note-3">[3]</a></sup> identificada coa <a title="Torre de Hércules" href="https://gl.wikipedia.org/wiki/Torre_de_H%C3%A9rcules">Torre de Hércules</a></p>
<p>Esta expresión, de fondo contido <a title="Nacionalismo" href="https://gl.wikipedia.org/wiki/Nacionalismo">nacionalista</a>, motivou que a &#8220;segunda parte&#8221; do himno (estrofas terceira e cuarta) estivese prohibida durante o <a title="Franquismo" href="https://gl.wikipedia.org/wiki/Franquismo">franquismo</a>. O himno foi cantado como reivindicación polos estudantes cando o entoaron após a prohibición de empregar o galego nas <i><a title="Festas Minervais" href="https://gl.wikipedia.org/wiki/Festas_Minervais">Festas Minervais</a></i>.</p>
<p>***O material no que está realizado é <a href="https://test.imprimetresde.com/nuestro-material-de-impresion-el-pla-polimero-biodegradable-procedente-de-recursos-vegetales/">PLA</a>, material procedente de materia vexetal, <a href="https://es.wikipedia.org/wiki/Biodegradabilidad">biodegradábel</a>, non tóxico e ecolóxico.</p>

<p>Escultura Nazón de <a href="https://gl.wikipedia.org/wiki/Breog%C3%A1n">Breogán</a>, deseño exclusivo de I3D, é unha escultura en homenaxe á figura de Breogán (rei mitolóxico da Galiza) situada os pés da Torre de Hércules da Coruña.</p>
