{"id":11818,"date":"2023-02-15T20:05:14","date_gmt":"2023-02-15T18:05:14","guid":{"rendered":"https:\/\/test.imprimetresde.com\/?post_type=product&#038;p=11818"},"modified":"2025-03-11T13:35:55","modified_gmt":"2025-03-11T11:35:55","slug":"textos-decorativos","status":"publish","type":"product","link":"https:\/\/test.imprimetresde.com\/gl\/produto\/textos-decorativos\/","title":{"rendered":"Textos Decorativos"},"content":{"rendered":"<p>Textos Decorativos cas t\u00faas frases ou versos favoritos. En I3D fac\u00e9mosche o texto corp\u00f3reo que queiras nun tama\u00f1o aproximado 25cmx10cmx5cm e na cor que elixas ou podes escoller entre os que vos propo\u00f1emos.<\/p>\n<p>Por exemplo:<\/p>\n<p>EU SON LIBRE. En homenaxe \u00e1 escritora galega m\u00e1is universal, <a href=\"https:\/\/gl.wikipedia.org\/wiki\/Rosal%C3%ADa_de_Castro\">Rosal\u00eda de Castro<\/a>, dese\u00f1amos desde <a href=\"https:\/\/test.imprimetresde.com\/gl\/\">Imprimetresde<\/a> este\u00a0broche Eu Son Libre en cor lila, frase que escollimos do seu manifesto feminista Lieders, onde se adianta \u00e1 s\u00faa \u00e9poca reivindicando o papel das mulleres na escrita e na defensa dos seus dereitos.<\/p>\n<pre><span style=\"color: #4c4c4c;\"><span style=\"font-family: Geometric 415 Black, monospace;\"><span style=\"font-size: large;\"><b>EU SON LIBRE<\/b><\/span><\/span><\/span>\r\n\r\n<span style=\"color: #4c4c4c;\"><span style=\"font-family: Geometric 415 Black, monospace;\"><span style=\"font-size: large;\"><b>Nada pode conter a marcha dos meus pensamentos <\/b><\/span><\/span><\/span>\r\n\r\n<span style=\"color: #4c4c4c;\"><span style=\"font-family: Geometric 415 Black, monospace;\"><span style=\"font-size: large;\"><b>e eles son a lei que rixe meu destino\". <\/b><\/span><\/span><\/span>\r\n\r\n<span style=\"color: #4c4c4c;\"><span style=\"font-family: Geometric 415 Black, monospace;\"><span style=\"font-size: large;\"><b>Rosal\u00eda de Castro. Manifiesto Lieders (1858)<\/b><\/span><\/span><\/span><\/pre>\n<p>&nbsp;<\/p>\n<p>*O material no que est\u00e1 realizado \u00e9 <a href=\"https:\/\/test.imprimetresde.com\/gl\/o-noso-material-de-impresion-o-pla-polimero-biodegradabel-procedente-de-recursos-vexetais\/\">PLA<\/a>, material procedente de materia vexetal, biodegrad\u00e1bel, non t\u00f3xico e ecol\u00f3xico.<\/p>\n","protected":false},"excerpt":{"rendered":"<p>Textos Decorativos cas t\u00faas frases ou versos favoritos. En I3D fac\u00e9mosche o texto corp\u00f3reo que queiras nun tama\u00f1o aproximado 25cmx10cmx5cm e na cor que elixas ou podes escoller entre os que vos propo\u00f1emos.<\/p>\n<p>Por exemplo:<\/p>\n<p>EU SON LIBRE. En homenaxe \u00e1 escritora galega m\u00e1is universal, <a href=\"https:\/\/gl.wikipedia.org\/wiki\/Rosal%C3%ADa_de_Castro\">Rosal\u00eda de Castro<\/a>, dese\u00f1amos desde <a href=\"https:\/\/test.imprimetresde.com\/gl\/\">Imprimetresde<\/a> este\u00a0broche Eu Son Libre en cor lila<\/p>\n","protected":false},"featured_media":11828,"comment_status":"open","ping_status":"closed","template":"","meta":{"_vp_format_video_url":"","_vp_image_focal_point":[]},"product_brand":[],"product_cat":[421,315,313,2499],"product_tag":[971,2313,970,884,541,388,1114,1115,2231,469,2122,357,354,409,2308,2508,2507,356,972,2096,2097,973,274,969,281,1452],"class_list":{"0":"post-11818","1":"product","2":"type-product","3":"status-publish","4":"has-post-thumbnail","6":"product_cat-activismo","7":"product_cat-complementos-gl","8":"product_cat-ambiente-gl","9":"product_cat-personalizados","10":"product_tag-25-de-novembro","11":"product_tag-25-de-noviembre-gl","12":"product_tag-25n","13":"product_tag-8-de-marzo","14":"product_tag-8m","15":"product_tag-colar","16":"product_tag-dia-da-nai","17":"product_tag-dia-do-pai","18":"product_tag-dia-internacional-contra-a-violencia-machista","19":"product_tag-escritora","20":"product_tag-eu-son-libre","21":"product_tag-feminismo-gl","22":"product_tag-feminista-gl","23":"product_tag-galega","24":"product_tag-gallega-gl","25":"product_tag-impresion-3d-a-coruna","26":"product_tag-impresion-3d-coruna","27":"product_tag-lila-gl","28":"product_tag-manifesto-lieders","29":"product_tag-mujer-gl","30":"product_tag-mujeres-gl","31":"product_tag-muller-gl","32":"product_tag-personalizado-gl","33":"product_tag-rosalia","34":"product_tag-rosalia-de-castro-gl","35":"product_tag-violencia-machista","37":"first","38":"instock","39":"sale","40":"taxable","41":"shipping-taxable","42":"purchasable","43":"product-type-variable"},"exclude_global_add_ons":false,"addons":[{"name":"Texto Personalizado","type":"custom_text","position":0,"required":false,"title_format":"label","default":"","description_enable":true,"description":"Introduce o texto que queres para o Texto Decorativo","placeholder_enable":false,"placeholder":"","display":"select","restrictions_type":"any_text","adjust_price":true,"price":"10","price_type":"flat_fee","restrictions":true,"min":"1","max":"15","options":[]}],"_links":{"self":[{"href":"https:\/\/test.imprimetresde.com\/gl\/wp-json\/wp\/v2\/product\/11818","targetHints":{"allow":["GET"]}}],"collection":[{"href":"https:\/\/test.imprimetresde.com\/gl\/wp-json\/wp\/v2\/product"}],"about":[{"href":"https:\/\/test.imprimetresde.com\/gl\/wp-json\/wp\/v2\/types\/product"}],"replies":[{"embeddable":true,"href":"https:\/\/test.imprimetresde.com\/gl\/wp-json\/wp\/v2\/comments?post=11818"}],"wp:featuredmedia":[{"embeddable":true,"href":"https:\/\/test.imprimetresde.com\/gl\/wp-json\/wp\/v2\/media\/11828"}],"wp:attachment":[{"href":"https:\/\/test.imprimetresde.com\/gl\/wp-json\/wp\/v2\/media?parent=11818"}],"wp:term":[{"taxonomy":"product_brand","embeddable":true,"href":"https:\/\/test.imprimetresde.com\/gl\/wp-json\/wp\/v2\/product_brand?post=11818"},{"taxonomy":"product_cat","embeddable":true,"href":"https:\/\/test.imprimetresde.com\/gl\/wp-json\/wp\/v2\/product_cat?post=11818"},{"taxonomy":"product_tag","embeddable":true,"href":"https:\/\/test.imprimetresde.com\/gl\/wp-json\/wp\/v2\/product_tag?post=11818"}],"curies":[{"name":"wp","href":"https:\/\/api.w.org\/{rel}","templated":true}]}}

<p>Textos Decorativos cas túas frases ou versos favoritos. En I3D facémosche o texto corpóreo que queiras nun tamaño aproximado 25cmx10cmx5cm e na cor que elixas ou podes escoller entre os que vos propoñemos.</p>
<p>Por exemplo:</p>
<p>EU SON LIBRE. En homenaxe á escritora galega máis universal, <a href="https://gl.wikipedia.org/wiki/Rosal%C3%ADa_de_Castro">Rosalía de Castro</a>, deseñamos desde <a href="https://test.imprimetresde.com/gl/">Imprimetresde</a> este broche Eu Son Libre en cor lila, frase que escollimos do seu manifesto feminista Lieders, onde se adianta á súa época reivindicando o papel das mulleres na escrita e na defensa dos seus dereitos.</p>
<pre><span style="color: #4c4c4c;"><span style="font-family: Geometric 415 Black, monospace;"><span style="font-size: large;"><b>EU SON LIBRE</b></span></span></span>

<span style="color: #4c4c4c;"><span style="font-family: Geometric 415 Black, monospace;"><span style="font-size: large;"><b>Nada pode conter a marcha dos meus pensamentos </b></span></span></span>

<span style="color: #4c4c4c;"><span style="font-family: Geometric 415 Black, monospace;"><span style="font-size: large;"><b>e eles son a lei que rixe meu destino". </b></span></span></span>

<span style="color: #4c4c4c;"><span style="font-family: Geometric 415 Black, monospace;"><span style="font-size: large;"><b>Rosalía de Castro. Manifiesto Lieders (1858)</b></span></span></span></pre>
<p>&nbsp;</p>
<p>*O material no que está realizado é <a href="https://test.imprimetresde.com/gl/o-noso-material-de-impresion-o-pla-polimero-biodegradabel-procedente-de-recursos-vexetais/">PLA</a>, material procedente de materia vexetal, biodegradábel, non tóxico e ecolóxico.</p>

<p>Textos Decorativos cas túas frases ou versos favoritos. En I3D facémosche o texto corpóreo que queiras nun tamaño aproximado 25cmx10cmx5cm e na cor que elixas ou podes escoller entre os que vos propoñemos.</p>
<p>Por exemplo:</p>
<p>EU SON LIBRE. En homenaxe á escritora galega máis universal, <a href="https://gl.wikipedia.org/wiki/Rosal%C3%ADa_de_Castro">Rosalía de Castro</a>, deseñamos desde <a href="https://test.imprimetresde.com/gl/">Imprimetresde</a> este broche Eu Son Libre en cor lila</p>
