{"id":11937,"date":"2023-04-25T18:09:35","date_gmt":"2023-04-25T16:09:35","guid":{"rendered":"https:\/\/test.imprimetresde.com\/?post_type=product&#038;p=11937"},"modified":"2025-03-11T13:35:43","modified_gmt":"2025-03-11T11:35:43","slug":"escultura-martires-de-carral","status":"publish","type":"product","link":"https:\/\/test.imprimetresde.com\/gl\/produto\/escultura-martires-de-carral\/","title":{"rendered":"Escultura M\u00e1rtires de Carral"},"content":{"rendered":"<p>Escultura M\u00e1rtires de Carral, escultura en homenaxe o Pante\u00f3n que homenaxea os <a href=\"https:\/\/gl.wikipedia.org\/wiki\/M%C3%A1rtires_de_Carral\">M\u00e1rtires de Carral<\/a> ou M\u00e1rtires da Liberdade. Conmemora a <a href=\"https:\/\/gl.wikipedia.org\/wiki\/Revoluci%C3%B3n_galega_de_1846\">Revoluci\u00f3n Galega de 1846<\/a>: &#8220;Revoluci\u00f3n galega de 1846, levantamento de 1846, pronunciamento de 1846 ou sublevaci\u00f3n liberal de 1846, son os nomes que recibe a revolta iniciada co pronunciamento do comandante Miguel Sol\u00eds, o 2 de abril de 1846 en Lugo, contra o goberno conservador do xeneral Narv\u00e1ez.&#8221;, Galipedia.<\/p>\n<p>Podes adquirir tam\u00e9n a escultura con peana de madeira de xatoba por 10\u20ac m\u00e1is.<\/p>\n<p>***O material no que est\u00e1 realizado \u00e9 <a href=\"https:\/\/test.imprimetresde.com\/nuestro-material-de-impresion-el-pla-polimero-biodegradable-procedente-de-recursos-vegetales\/\">PLA<\/a>, material procedente de materia vexetal,\u00a0<a href=\"https:\/\/es.wikipedia.org\/wiki\/Biodegradabilidad\">biodegrad\u00e1bel<\/a>, non t\u00f3xico e ecol\u00f3xico.<\/p>\n","protected":false},"excerpt":{"rendered":"<p>Escultura M\u00e1rtires de Carral, escultura en homenaxe o Pante\u00f3n que homenaxea os <a href=\"https:\/\/gl.wikipedia.org\/wiki\/M%C3%A1rtires_de_Carral\">M\u00e1rtires de Carral<\/a> ou M\u00e1rtires da Liberdade. Conmemora a Revoluci\u00f3n Galega de 1846.<\/p>\n<p>Podes adquirir tam\u00e9n a escultura con peana de madeira de xatoba por 10\u20ac m\u00e1is.<\/p>\n<p>&nbsp;<\/p>\n","protected":false},"featured_media":11941,"comment_status":"open","ping_status":"closed","template":"","meta":{"_vp_format_video_url":"","_vp_image_focal_point":[]},"product_brand":[],"product_cat":[421,314,316],"product_tag":[2241,2242,2246,1114,1115,409,410,463,462,2243,2508,2507,2245,2239,2238,2237,2236,2240,2244],"class_list":{"0":"post-11937","1":"product","2":"type-product","3":"status-publish","4":"has-post-thumbnail","6":"product_cat-activismo","7":"product_cat-bustos-gl","8":"product_cat-cultura-gl","9":"product_tag-2241","10":"product_tag-26-de-abril","11":"product_tag-batalla-de-cacheiras","12":"product_tag-dia-da-nai","13":"product_tag-dia-do-pai","14":"product_tag-galega","15":"product_tag-galego","16":"product_tag-galiza","17":"product_tag-gz","18":"product_tag-homenaxe","19":"product_tag-impresion-3d-a-coruna","20":"product_tag-impresion-3d-coruna","21":"product_tag-irmandades-da-fala","22":"product_tag-liberdade","23":"product_tag-martires","24":"product_tag-martires-de-carral","25":"product_tag-panteon","26":"product_tag-revolucion-galega","27":"product_tag-solis","29":"first","30":"instock","31":"taxable","32":"shipping-taxable","33":"purchasable","34":"product-type-simple"},"exclude_global_add_ons":[],"addons":[],"_links":{"self":[{"href":"https:\/\/test.imprimetresde.com\/gl\/wp-json\/wp\/v2\/product\/11937","targetHints":{"allow":["GET"]}}],"collection":[{"href":"https:\/\/test.imprimetresde.com\/gl\/wp-json\/wp\/v2\/product"}],"about":[{"href":"https:\/\/test.imprimetresde.com\/gl\/wp-json\/wp\/v2\/types\/product"}],"replies":[{"embeddable":true,"href":"https:\/\/test.imprimetresde.com\/gl\/wp-json\/wp\/v2\/comments?post=11937"}],"wp:featuredmedia":[{"embeddable":true,"href":"https:\/\/test.imprimetresde.com\/gl\/wp-json\/wp\/v2\/media\/11941"}],"wp:attachment":[{"href":"https:\/\/test.imprimetresde.com\/gl\/wp-json\/wp\/v2\/media?parent=11937"}],"wp:term":[{"taxonomy":"product_brand","embeddable":true,"href":"https:\/\/test.imprimetresde.com\/gl\/wp-json\/wp\/v2\/product_brand?post=11937"},{"taxonomy":"product_cat","embeddable":true,"href":"https:\/\/test.imprimetresde.com\/gl\/wp-json\/wp\/v2\/product_cat?post=11937"},{"taxonomy":"product_tag","embeddable":true,"href":"https:\/\/test.imprimetresde.com\/gl\/wp-json\/wp\/v2\/product_tag?post=11937"}],"curies":[{"name":"wp","href":"https:\/\/api.w.org\/{rel}","templated":true}]}}

Escultura Mártires de Carral

<p>Escultura Mártires de Carral, escultura en homenaxe o Panteón que homenaxea os <a href="https://gl.wikipedia.org/wiki/M%C3%A1rtires_de_Carral">Mártires de Carral</a> ou Mártires da Liberdade. Conmemora a <a href="https://gl.wikipedia.org/wiki/Revoluci%C3%B3n_galega_de_1846">Revolución Galega de 1846</a>: &#8220;Revolución galega de 1846, levantamento de 1846, pronunciamento de 1846 ou sublevación liberal de 1846, son os nomes que recibe a revolta iniciada co pronunciamento do comandante Miguel Solís, o 2 de abril de 1846 en Lugo, contra o goberno conservador do xeneral Narváez.&#8221;, Galipedia.</p>
<p>Podes adquirir tamén a escultura con peana de madeira de xatoba por 10€ máis.</p>
<p>***O material no que está realizado é <a href="https://test.imprimetresde.com/nuestro-material-de-impresion-el-pla-polimero-biodegradable-procedente-de-recursos-vegetales/">PLA</a>, material procedente de materia vexetal, <a href="https://es.wikipedia.org/wiki/Biodegradabilidad">biodegradábel</a>, non tóxico e ecolóxico.</p>

<p>Escultura Mártires de Carral, escultura en homenaxe o Panteón que homenaxea os <a href="https://gl.wikipedia.org/wiki/M%C3%A1rtires_de_Carral">Mártires de Carral</a> ou Mártires da Liberdade. Conmemora a Revolución Galega de 1846.</p>
<p>Podes adquirir tamén a escultura con peana de madeira de xatoba por 10€ máis.</p>
<p>&nbsp;</p>
