{"id":12080,"date":"2023-07-04T18:29:27","date_gmt":"2023-07-04T16:29:27","guid":{"rendered":"https:\/\/test.imprimetresde.com\/?post_type=product&#038;p=12080"},"modified":"2025-03-12T18:54:42","modified_gmt":"2025-03-12T16:54:42","slug":"coleccion-flor-do-toxo","status":"publish","type":"product","link":"https:\/\/test.imprimetresde.com\/gl\/produto\/coleccion-flor-do-toxo\/","title":{"rendered":"Colecci\u00f3n Flor do Toxo"},"content":{"rendered":"<p>Colecci\u00f3n Flor do Toxo. Colar, brincos, broche e anel dese\u00f1ados por <a href=\"https:\/\/test.imprimetresde.com\/gl\/\">Imprimetresde<\/a> na s\u00faa cor t\u00edpica, o amarelo. <a href=\"https:\/\/gl.wikipedia.org\/wiki\/Chorima\">Chorimas<\/a> ou flor do <a href=\"https:\/\/gl.wikipedia.org\/wiki\/Ulex\">toxo <\/a>ou da xesta, que cada ano tinguen de beleza os nosos campos e montes.<\/p>\n<p>*O material no que est\u00e1 realizado \u00e9 <a href=\"https:\/\/test.imprimetresde.com\/gl\/o-noso-material-de-impresion-o-pla-polimero-biodegradabel-procedente-de-recursos-vexetais\/\">PLA<\/a>, material procedente de materia vexetal, biodegrad\u00e1bel, non t\u00f3xico e ecol\u00f3xico<\/p>\n","protected":false},"excerpt":{"rendered":"<p>Colecci\u00f3n Flor do Toxo. Colar, brincos broche e anel dese\u00f1ados por <a href=\"https:\/\/test.imprimetresde.com\/gl\/\">Imprimetresde<\/a> na s\u00faa cor t\u00edpica, o amarelo. Chorimas ou flor do toxo ou da xesta, que cada ano tinguen de beleza os nosos campos e montes.<\/p>\n","protected":false},"featured_media":12163,"comment_status":"open","ping_status":"closed","template":"","meta":{"_vp_format_video_url":"","_vp_image_focal_point":[]},"product_brand":[],"product_cat":[1312,315,1290],"product_tag":[2259,2262,2307,756,353,365,824,388,1114,828,825,409,479,463,2308,2508,2507,2260,962,2261],"class_list":{"0":"post-12080","1":"product","2":"type-product","3":"status-publish","4":"has-post-thumbnail","6":"product_cat-colgantes-gl","7":"product_cat-complementos-gl","8":"product_cat-pendentes","9":"product_tag-ai-ven-o-maio","10":"product_tag-amarelo","11":"product_tag-amarillo-gl","12":"product_tag-anel","13":"product_tag-brincos","14":"product_tag-broche","15":"product_tag-chorima","16":"product_tag-colar","17":"product_tag-dia-da-nai","18":"product_tag-flor","19":"product_tag-flor-do-toxo","20":"product_tag-galega","21":"product_tag-galicia","22":"product_tag-galiza","23":"product_tag-gallega-gl","24":"product_tag-impresion-3d-a-coruna","25":"product_tag-impresion-3d-coruna","26":"product_tag-maio","27":"product_tag-pendientes-gl","28":"product_tag-primavera","30":"first","31":"instock","32":"sale","33":"taxable","34":"shipping-taxable","35":"purchasable","36":"product-type-variable"},"exclude_global_add_ons":false,"addons":[{"name":"Material de las fornituras (opcional)","type":"checkbox","position":0,"required":false,"title_format":"label","default":"","description_enable":true,"description":"Opci\u00f3n de incorporar fornituras de plata 925, de primera ley.","placeholder_enable":false,"placeholder":"","display":"select","restrictions_type":"any_text","adjust_price":false,"price":"","price_type":"flat_fee","restrictions":false,"min":"0","max":"0","options":[{"label":"Plata","price":"5","price_type":"flat_fee","image":0,"visibility":true}]},{"name":"Material da Cadea (opcional)","type":"checkbox","position":0,"required":false,"title_format":"label","default":"","description_enable":true,"description":"Opci\u00f3n de facer a peza con cadea e accesorios de prata 925, de primera lei.","placeholder_enable":false,"placeholder":"","display":"select","restrictions_type":"any_text","adjust_price":false,"price":"","price_type":"flat_fee","restrictions":false,"min":"0","max":"0","options":[{"label":"Prata","price":"10","price_type":"flat_fee","image":0,"visibility":true}]}],"_links":{"self":[{"href":"https:\/\/test.imprimetresde.com\/gl\/wp-json\/wp\/v2\/product\/12080","targetHints":{"allow":["GET"]}}],"collection":[{"href":"https:\/\/test.imprimetresde.com\/gl\/wp-json\/wp\/v2\/product"}],"about":[{"href":"https:\/\/test.imprimetresde.com\/gl\/wp-json\/wp\/v2\/types\/product"}],"replies":[{"embeddable":true,"href":"https:\/\/test.imprimetresde.com\/gl\/wp-json\/wp\/v2\/comments?post=12080"}],"wp:featuredmedia":[{"embeddable":true,"href":"https:\/\/test.imprimetresde.com\/gl\/wp-json\/wp\/v2\/media\/12163"}],"wp:attachment":[{"href":"https:\/\/test.imprimetresde.com\/gl\/wp-json\/wp\/v2\/media?parent=12080"}],"wp:term":[{"taxonomy":"product_brand","embeddable":true,"href":"https:\/\/test.imprimetresde.com\/gl\/wp-json\/wp\/v2\/product_brand?post=12080"},{"taxonomy":"product_cat","embeddable":true,"href":"https:\/\/test.imprimetresde.com\/gl\/wp-json\/wp\/v2\/product_cat?post=12080"},{"taxonomy":"product_tag","embeddable":true,"href":"https:\/\/test.imprimetresde.com\/gl\/wp-json\/wp\/v2\/product_tag?post=12080"}],"curies":[{"name":"wp","href":"https:\/\/api.w.org\/{rel}","templated":true}]}}

Colección Flor do Toxo

<p>Colección Flor do Toxo. Colar, brincos, broche e anel deseñados por <a href="https://test.imprimetresde.com/gl/">Imprimetresde</a> na súa cor típica, o amarelo. <a href="https://gl.wikipedia.org/wiki/Chorima">Chorimas</a> ou flor do <a href="https://gl.wikipedia.org/wiki/Ulex">toxo </a>ou da xesta, que cada ano tinguen de beleza os nosos campos e montes.</p>
<p>*O material no que está realizado é <a href="https://test.imprimetresde.com/gl/o-noso-material-de-impresion-o-pla-polimero-biodegradabel-procedente-de-recursos-vexetais/">PLA</a>, material procedente de materia vexetal, biodegradábel, non tóxico e ecolóxico</p>

<p>Colección Flor do Toxo. Colar, brincos broche e anel deseñados por <a href="https://test.imprimetresde.com/gl/">Imprimetresde</a> na súa cor típica, o amarelo. Chorimas ou flor do toxo ou da xesta, que cada ano tinguen de beleza os nosos campos e montes.</p>

Opción de incorporar fornituras de plata 925, de primera ley.

Opción de facer a peza con cadea e accesorios de prata 925, de primera lei.
