{"id":12114,"date":"2023-07-18T19:39:05","date_gmt":"2023-07-18T17:39:05","guid":{"rendered":"https:\/\/test.imprimetresde.com\/?post_type=product&#038;p=12114"},"modified":"2025-03-11T13:34:43","modified_gmt":"2025-03-11T11:34:43","slug":"pin-da-patria","status":"publish","type":"product","link":"https:\/\/test.imprimetresde.com\/gl\/produto\/pin-da-patria\/","title":{"rendered":"Pin da Patria"},"content":{"rendered":"<p>Pin da Patria. Dese\u00f1o \u00fanico e orixinal de Imprimetresde baseado nas cores da <a href=\"https:\/\/gl.wikipedia.org\/wiki\/Estreleira\">Estreleira<\/a> ou bandeira da Patria, que simboliza a loita pola independencia de Galiza. \u00c9 a bandeira galega cunha estrela vermella de cinco puntas no centro, que significa independencia e socialismo. Est\u00e1 formado por pezas brancas, azuis e a estrela en vermello, todas elas unidas cunha goma el\u00e1stica. \u00c9 moi c\u00f3moda de po\u00f1er e quitar xa que non leva peche.<\/p>\n<p>*O material no que est\u00e1 realizado \u00e9\u00a0<a href=\"https:\/\/test.imprimetresde.com\/gl\/o-noso-material-de-impresion-o-pla-polimero-biodegradabel-procedente-de-recursos-vexetais\/\">PLA<\/a>, material procedente de materia vexetal, biodegrad\u00e1bel, non t\u00f3xico e ecol\u00f3xico.<\/p>\n<p><script src=\"moz-extension:\/\/5bdaac7b-9cd7-491b-8ff4-ed31f89b43b7\/js\/app.js\" type=\"text\/javascript\"><\/script><\/p>\n","protected":false},"excerpt":{"rendered":"<p>Pin da Patria. Dese\u00f1o \u00fanico e orixinal de Imprimetresde baseado nas cores da <a href=\"https:\/\/gl.wikipedia.org\/wiki\/Estreleira\">Estreleira<\/a> ou bandeira da Patria, que simboliza a loita pola independencia de Galiza. \u00c9 a bandeira galega cunha estrela vermella de cinco puntas no centro, que significa independencia e socialismo.<\/p>\n<p><script src=\"moz-extension:\/\/5bdaac7b-9cd7-491b-8ff4-ed31f89b43b7\/js\/app.js\" type=\"text\/javascript\"><\/script><\/p>\n","protected":false},"featured_media":14080,"comment_status":"open","ping_status":"closed","template":"","meta":{"_vp_format_video_url":"","_vp_image_focal_point":[]},"product_brand":[],"product_cat":[421,315,316],"product_tag":[2011,2010,2117,2267,1114,1208,1115,237,409,479,463,2508,2507,1764,2269,602,2195,2268],"class_list":{"0":"post-12114","1":"product","2":"type-product","3":"status-publish","4":"has-post-thumbnail","6":"product_cat-activismo","7":"product_cat-complementos-gl","8":"product_cat-cultura-gl","9":"product_tag-25-de-xullo-gl","10":"product_tag-25x-gl","11":"product_tag-bandeira","12":"product_tag-dia-da-matria","13":"product_tag-dia-da-nai","14":"product_tag-dia-da-patria","15":"product_tag-dia-do-pai","16":"product_tag-estreleira-gl","17":"product_tag-galega","18":"product_tag-galicia","19":"product_tag-galiza","20":"product_tag-impresion-3d-a-coruna","21":"product_tag-impresion-3d-coruna","22":"product_tag-independentismo","23":"product_tag-nacion-sen-estado","24":"product_tag-patria","25":"product_tag-pin-gl","26":"product_tag-soberanismo","28":"first","29":"instock","30":"taxable","31":"shipping-taxable","32":"purchasable","33":"product-type-simple"},"exclude_global_add_ons":[],"addons":[],"_links":{"self":[{"href":"https:\/\/test.imprimetresde.com\/gl\/wp-json\/wp\/v2\/product\/12114","targetHints":{"allow":["GET"]}}],"collection":[{"href":"https:\/\/test.imprimetresde.com\/gl\/wp-json\/wp\/v2\/product"}],"about":[{"href":"https:\/\/test.imprimetresde.com\/gl\/wp-json\/wp\/v2\/types\/product"}],"replies":[{"embeddable":true,"href":"https:\/\/test.imprimetresde.com\/gl\/wp-json\/wp\/v2\/comments?post=12114"}],"wp:featuredmedia":[{"embeddable":true,"href":"https:\/\/test.imprimetresde.com\/gl\/wp-json\/wp\/v2\/media\/14080"}],"wp:attachment":[{"href":"https:\/\/test.imprimetresde.com\/gl\/wp-json\/wp\/v2\/media?parent=12114"}],"wp:term":[{"taxonomy":"product_brand","embeddable":true,"href":"https:\/\/test.imprimetresde.com\/gl\/wp-json\/wp\/v2\/product_brand?post=12114"},{"taxonomy":"product_cat","embeddable":true,"href":"https:\/\/test.imprimetresde.com\/gl\/wp-json\/wp\/v2\/product_cat?post=12114"},{"taxonomy":"product_tag","embeddable":true,"href":"https:\/\/test.imprimetresde.com\/gl\/wp-json\/wp\/v2\/product_tag?post=12114"}],"curies":[{"name":"wp","href":"https:\/\/api.w.org\/{rel}","templated":true}]}}

<p>Pin da Patria. Deseño único e orixinal de Imprimetresde baseado nas cores da <a href="https://gl.wikipedia.org/wiki/Estreleira">Estreleira</a> ou bandeira da Patria, que simboliza a loita pola independencia de Galiza. É a bandeira galega cunha estrela vermella de cinco puntas no centro, que significa independencia e socialismo. Está formado por pezas brancas, azuis e a estrela en vermello, todas elas unidas cunha goma elástica. É moi cómoda de poñer e quitar xa que non leva peche.</p>
<p>*O material no que está realizado é <a href="https://test.imprimetresde.com/gl/o-noso-material-de-impresion-o-pla-polimero-biodegradabel-procedente-de-recursos-vexetais/">PLA</a>, material procedente de materia vexetal, biodegradábel, non tóxico e ecolóxico.</p>
<p><script src="moz-extension://5bdaac7b-9cd7-491b-8ff4-ed31f89b43b7/js/app.js" type="text/javascript"></script></p>

<p>Pin da Patria. Deseño único e orixinal de Imprimetresde baseado nas cores da <a href="https://gl.wikipedia.org/wiki/Estreleira">Estreleira</a> ou bandeira da Patria, que simboliza a loita pola independencia de Galiza. É a bandeira galega cunha estrela vermella de cinco puntas no centro, que significa independencia e socialismo.</p>
<p><script src="moz-extension://5bdaac7b-9cd7-491b-8ff4-ed31f89b43b7/js/app.js" type="text/javascript"></script></p>
