{"id":12329,"date":"2023-10-25T18:46:07","date_gmt":"2023-10-25T16:46:07","guid":{"rendered":"https:\/\/test.imprimetresde.com\/?post_type=product&#038;p=12329"},"modified":"2026-01-01T23:54:01","modified_gmt":"2026-01-01T21:54:01","slug":"patrimonio-galego","status":"publish","type":"product","link":"https:\/\/test.imprimetresde.com\/gl\/produto\/patrimonio-galego\/","title":{"rendered":"Patrimonio Galego"},"content":{"rendered":"<p>Patrimonio Galego. Escolma das esculturas m\u00e1is representativas do patrimonio galego: a Muralla de Lugo, a Torre de H\u00e9rcules, que son patrimonio da Humanidade, pero tam\u00e9n outros monumentos que forman parte da historia e da cultura galegas como o Pante\u00f3n dos M\u00e1rtires de Carral.<\/p>\n<p>Tam\u00e9n podemos facer a escultura do monumento ao que lle te\u00f1as m\u00e1is cari\u00f1o, p\u00eddenos prezo sen compromiso!<\/p>\n<p>**Podes adquirir tam\u00e9n as esculturas con peana de madeira de xatoba por 10\u20ac m\u00e1is.<\/p>\n<p>***O material no que est\u00e1 realizado \u00e9 <a href=\"https:\/\/test.imprimetresde.com\/nuestro-material-de-impresion-el-pla-polimero-biodegradable-procedente-de-recursos-vegetales\/\">PLA<\/a>, material procedente de materia vexetal,\u00a0<a href=\"https:\/\/es.wikipedia.org\/wiki\/Biodegradabilidad\">biodegrad\u00e1bel<\/a>, non t\u00f3xico e ecol\u00f3xico.<\/p>\n","protected":false},"excerpt":{"rendered":"<p>Patrimonio Galego. Escolma das esculturas m\u00e1is representativas do patrimonio galego: a Muralla de Lugo, a Torre de H\u00e9rcules, que son patrimonio da Humanidade, pero tam\u00e9n outros monumentos que forman parte da historia e da cultura galegas como o Pante\u00f3n dos M\u00e1rtires de Carral.<\/p>\n","protected":false},"featured_media":10867,"comment_status":"open","ping_status":"closed","template":"","meta":{"_vp_format_video_url":"","_vp_image_focal_point":[]},"product_brand":[],"product_cat":[707,314,316,2258],"product_tag":[587,1489,2511,2331,2332,1114,1115,2326,2512,2508,2507,2327,2328,2329,2513,2514,1377],"class_list":{"0":"post-12329","1":"product","2":"type-product","3":"status-publish","4":"has-post-thumbnail","6":"product_cat-uncategorized-gl","7":"product_cat-bustos-gl","8":"product_cat-cultura-gl","9":"product_cat-esculturas","10":"product_tag-a-coruna-gl","11":"product_tag-coruna","12":"product_tag-cultura-gallega-gl","13":"product_tag-de-galicia","14":"product_tag-de-galiza","15":"product_tag-dia-da-nai","16":"product_tag-dia-do-pai","17":"product_tag-esculturas","18":"product_tag-homenaje-gl","19":"product_tag-impresion-3d-a-coruna","20":"product_tag-impresion-3d-coruna","21":"product_tag-monumentos","22":"product_tag-muralla-de-lugo","23":"product_tag-panteon-martires-de-carral","24":"product_tag-patrimonio-gallego-gl","25":"product_tag-piedra-gl","26":"product_tag-torre-de-hercules-gl-2","28":"first","29":"instock","30":"sale","31":"taxable","32":"shipping-taxable","33":"purchasable","34":"product-type-variable"},"exclude_global_add_ons":[],"addons":[],"_links":{"self":[{"href":"https:\/\/test.imprimetresde.com\/gl\/wp-json\/wp\/v2\/product\/12329","targetHints":{"allow":["GET"]}}],"collection":[{"href":"https:\/\/test.imprimetresde.com\/gl\/wp-json\/wp\/v2\/product"}],"about":[{"href":"https:\/\/test.imprimetresde.com\/gl\/wp-json\/wp\/v2\/types\/product"}],"replies":[{"embeddable":true,"href":"https:\/\/test.imprimetresde.com\/gl\/wp-json\/wp\/v2\/comments?post=12329"}],"wp:featuredmedia":[{"embeddable":true,"href":"https:\/\/test.imprimetresde.com\/gl\/wp-json\/wp\/v2\/media\/10867"}],"wp:attachment":[{"href":"https:\/\/test.imprimetresde.com\/gl\/wp-json\/wp\/v2\/media?parent=12329"}],"wp:term":[{"taxonomy":"product_brand","embeddable":true,"href":"https:\/\/test.imprimetresde.com\/gl\/wp-json\/wp\/v2\/product_brand?post=12329"},{"taxonomy":"product_cat","embeddable":true,"href":"https:\/\/test.imprimetresde.com\/gl\/wp-json\/wp\/v2\/product_cat?post=12329"},{"taxonomy":"product_tag","embeddable":true,"href":"https:\/\/test.imprimetresde.com\/gl\/wp-json\/wp\/v2\/product_tag?post=12329"}],"curies":[{"name":"wp","href":"https:\/\/api.w.org\/{rel}","templated":true}]}}

<p>Patrimonio Galego. Escolma das esculturas máis representativas do patrimonio galego: a Muralla de Lugo, a Torre de Hércules, que son patrimonio da Humanidade, pero tamén outros monumentos que forman parte da historia e da cultura galegas como o Panteón dos Mártires de Carral.</p>
<p>Tamén podemos facer a escultura do monumento ao que lle teñas máis cariño, pídenos prezo sen compromiso!</p>
<p>**Podes adquirir tamén as esculturas con peana de madeira de xatoba por 10€ máis.</p>
<p>***O material no que está realizado é <a href="https://test.imprimetresde.com/nuestro-material-de-impresion-el-pla-polimero-biodegradable-procedente-de-recursos-vegetales/">PLA</a>, material procedente de materia vexetal, <a href="https://es.wikipedia.org/wiki/Biodegradabilidad">biodegradábel</a>, non tóxico e ecolóxico.</p>

<p>Patrimonio Galego. Escolma das esculturas máis representativas do patrimonio galego: a Muralla de Lugo, a Torre de Hércules, que son patrimonio da Humanidade, pero tamén outros monumentos que forman parte da historia e da cultura galegas como o Panteón dos Mártires de Carral.</p>
