{"id":12345,"date":"2023-10-26T13:22:34","date_gmt":"2023-10-26T11:22:34","guid":{"rendered":"https:\/\/test.imprimetresde.com\/?post_type=product&#038;p=12345"},"modified":"2025-03-11T13:17:31","modified_gmt":"2025-03-11T11:17:31","slug":"escultura-castelao","status":"publish","type":"product","link":"https:\/\/test.imprimetresde.com\/gl\/produto\/escultura-castelao\/","title":{"rendered":"ESCULTURA CASTELAO"},"content":{"rendered":"<p>Escultura Castelao, dese\u00f1o de <a href=\"https:\/\/test.imprimetresde.com\/gl\/\">Imprimetresde<\/a>, baseado nun dese\u00f1o do propio Daniel A. Rodr\u00edguez <a href=\"https:\/\/gl.wikipedia.org\/wiki\/Alfonso_Daniel_Rodr%C3%ADguez_Castelao\">Castelao<\/a> sobre a s\u00faa imaxe: \u201cAutocaricatura\u201d de 1914. Tama\u00f1o 25 cm, aprox., e leva incorporada unha pequena peana que fai as veces do seu libro Sempre en Galiza.<\/p>\n<p>*O material no que est\u00e1 realizado \u00e9 <a href=\"https:\/\/test.imprimetresde.com\/gl\/o-noso-material-de-impresion-o-pla-polimero-biodegradabel-procedente-de-recursos-vexetais\/\">PLA<\/a>\u00a0que \u00e9 un material procedente de materia vexetal, biodegrad\u00e1bel, non t\u00f3xico e ecol\u00f3xico<\/p>\n","protected":false},"excerpt":{"rendered":"<p>Escultura Castelao, dese\u00f1o de <a href=\"https:\/\/test.imprimetresde.com\/gl\/\">Imprimetresde<\/a>, baseado nun dese\u00f1o do propio Daniel A. Rodr\u00edguez Castelao sobre a s\u00faa imaxe: \u201cAutocaricatura\u201d de 1914. Tama\u00f1o 25 cm, aprox.<\/p>\n","protected":false},"featured_media":12346,"comment_status":"open","ping_status":"closed","template":"","meta":{"_vp_format_video_url":"","_vp_image_focal_point":[]},"product_brand":[],"product_cat":[707],"product_tag":[1962,1963,2301,2010,2345,378,2267,1114,1208,1149,1115,601,1009,2293,2508,2507,561,578,2510,464,562],"class_list":{"0":"post-12345","1":"product","2":"type-product","3":"status-publish","4":"has-post-thumbnail","6":"product_cat-uncategorized-gl","7":"product_tag-17-de-maio","8":"product_tag-17m","9":"product_tag-25-de-julio-gl","10":"product_tag-25x-gl","11":"product_tag-caricatura","12":"product_tag-castelao","13":"product_tag-dia-da-matria","14":"product_tag-dia-da-nai","15":"product_tag-dia-da-patria","16":"product_tag-dia-das-letras","17":"product_tag-dia-do-pai","18":"product_tag-escritor","19":"product_tag-escultura","20":"product_tag-gallego-gl","21":"product_tag-impresion-3d-a-coruna","22":"product_tag-impresion-3d-coruna","23":"product_tag-nacion","24":"product_tag-nazon","25":"product_tag-padre-de-la-patria-gallega-gl","26":"product_tag-pais","27":"product_tag-sempre-en-galiza","29":"first","30":"instock","31":"sale","32":"taxable","33":"shipping-taxable","34":"purchasable","35":"product-type-simple"},"exclude_global_add_ons":[],"addons":[],"_links":{"self":[{"href":"https:\/\/test.imprimetresde.com\/gl\/wp-json\/wp\/v2\/product\/12345","targetHints":{"allow":["GET"]}}],"collection":[{"href":"https:\/\/test.imprimetresde.com\/gl\/wp-json\/wp\/v2\/product"}],"about":[{"href":"https:\/\/test.imprimetresde.com\/gl\/wp-json\/wp\/v2\/types\/product"}],"replies":[{"embeddable":true,"href":"https:\/\/test.imprimetresde.com\/gl\/wp-json\/wp\/v2\/comments?post=12345"}],"wp:featuredmedia":[{"embeddable":true,"href":"https:\/\/test.imprimetresde.com\/gl\/wp-json\/wp\/v2\/media\/12346"}],"wp:attachment":[{"href":"https:\/\/test.imprimetresde.com\/gl\/wp-json\/wp\/v2\/media?parent=12345"}],"wp:term":[{"taxonomy":"product_brand","embeddable":true,"href":"https:\/\/test.imprimetresde.com\/gl\/wp-json\/wp\/v2\/product_brand?post=12345"},{"taxonomy":"product_cat","embeddable":true,"href":"https:\/\/test.imprimetresde.com\/gl\/wp-json\/wp\/v2\/product_cat?post=12345"},{"taxonomy":"product_tag","embeddable":true,"href":"https:\/\/test.imprimetresde.com\/gl\/wp-json\/wp\/v2\/product_tag?post=12345"}],"curies":[{"name":"wp","href":"https:\/\/api.w.org\/{rel}","templated":true}]}}

<p>Escultura Castelao, deseño de <a href="https://test.imprimetresde.com/gl/">Imprimetresde</a>, baseado nun deseño do propio Daniel A. Rodríguez <a href="https://gl.wikipedia.org/wiki/Alfonso_Daniel_Rodr%C3%ADguez_Castelao">Castelao</a> sobre a súa imaxe: “Autocaricatura” de 1914. Tamaño 25 cm, aprox., e leva incorporada unha pequena peana que fai as veces do seu libro Sempre en Galiza.</p>
<p>*O material no que está realizado é <a href="https://test.imprimetresde.com/gl/o-noso-material-de-impresion-o-pla-polimero-biodegradabel-procedente-de-recursos-vexetais/">PLA</a> que é un material procedente de materia vexetal, biodegradábel, non tóxico e ecolóxico</p>

<p>Escultura Castelao, deseño de <a href="https://test.imprimetresde.com/gl/">Imprimetresde</a>, baseado nun deseño do propio Daniel A. Rodríguez Castelao sobre a súa imaxe: “Autocaricatura” de 1914. Tamaño 25 cm, aprox.</p>
