{"id":12394,"date":"2023-11-02T19:28:26","date_gmt":"2023-11-02T17:28:26","guid":{"rendered":"https:\/\/test.imprimetresde.com\/?post_type=product&#038;p=12394"},"modified":"2025-03-11T13:17:04","modified_gmt":"2025-03-11T11:17:04","slug":"iman-torre","status":"publish","type":"product","link":"https:\/\/test.imprimetresde.com\/gl\/produto\/iman-torre\/","title":{"rendered":"Im\u00e1n Torre"},"content":{"rendered":"<p>Im\u00e1n Torre dese\u00f1o exclusivo de <a href=\"https:\/\/test.imprimetresde.com\/\">Imprimetresde<\/a>. Im\u00e1n ca forma da <a href=\"https:\/\/gl.wikipedia.org\/wiki\/Torre_de_H%C3%A9rcules\">Torre de H\u00e9rcules<\/a> da Coru\u00f1a, declarada Patrimonio da Humanidade no 2009 e impreso en diferentes e divertidas cores para que decores a t\u00faa neveira ou o que che pete cun anaqui\u00f1o da cidade!<\/p>\n<p>*O material no que est\u00e1 realizado \u00e9\u00a0<a href=\"https:\/\/test.imprimetresde.com\/nuestro-material-de-impresion-el-pla-polimero-biodegradable-procedente-de-recursos-vegetales\/\">PLA<\/a>, material procedente de materia vexetal,\u00a0<a href=\"https:\/\/es.wikipedia.org\/wiki\/Biodegradabilidad\">biodegrad\u00e1bel<\/a>, non t\u00f3xico e ecol\u00f3xico<\/p>\n","protected":false},"excerpt":{"rendered":"<p>Im\u00e1n Torre dese\u00f1o exclusivo de <a href=\"https:\/\/test.imprimetresde.com\/\">Imprimetresde<\/a>. Im\u00e1n ca forma da <a href=\"https:\/\/gl.wikipedia.org\/wiki\/Torre_de_H%C3%A9rcules\">Torre de H\u00e9rcules<\/a> da Coru\u00f1a, declarada Patrimonio da Humanidade no 2009<\/p>\n","protected":false},"featured_media":12396,"comment_status":"open","ping_status":"closed","template":"","meta":{"_vp_format_video_url":"","_vp_image_focal_point":[]},"product_brand":[],"product_cat":[315,313],"product_tag":[587,905,2413,2411,2412,1160,1114,1115,415,2508,2507,416,2414,1490,1956,1506,1377],"class_list":{"0":"post-12394","1":"product","2":"type-product","3":"status-publish","4":"has-post-thumbnail","6":"product_cat-complementos-gl","7":"product_cat-ambiente-gl","8":"product_tag-a-coruna-gl","9":"product_tag-cidade","10":"product_tag-cidades","11":"product_tag-ciudad","12":"product_tag-ciudades","13":"product_tag-coleccion","14":"product_tag-dia-da-nai","15":"product_tag-dia-do-pai","16":"product_tag-iman","17":"product_tag-impresion-3d-a-coruna","18":"product_tag-impresion-3d-coruna","19":"product_tag-neveira","20":"product_tag-nevera-gl","21":"product_tag-patrimonio-da-humanidade","22":"product_tag-patrimonio-de-la-humanidad-gl","23":"product_tag-torre","24":"product_tag-torre-de-hercules-gl-2","26":"first","27":"instock","28":"taxable","29":"shipping-taxable","30":"purchasable","31":"product-type-variable"},"exclude_global_add_ons":[],"addons":[],"_links":{"self":[{"href":"https:\/\/test.imprimetresde.com\/gl\/wp-json\/wp\/v2\/product\/12394","targetHints":{"allow":["GET"]}}],"collection":[{"href":"https:\/\/test.imprimetresde.com\/gl\/wp-json\/wp\/v2\/product"}],"about":[{"href":"https:\/\/test.imprimetresde.com\/gl\/wp-json\/wp\/v2\/types\/product"}],"replies":[{"embeddable":true,"href":"https:\/\/test.imprimetresde.com\/gl\/wp-json\/wp\/v2\/comments?post=12394"}],"wp:featuredmedia":[{"embeddable":true,"href":"https:\/\/test.imprimetresde.com\/gl\/wp-json\/wp\/v2\/media\/12396"}],"wp:attachment":[{"href":"https:\/\/test.imprimetresde.com\/gl\/wp-json\/wp\/v2\/media?parent=12394"}],"wp:term":[{"taxonomy":"product_brand","embeddable":true,"href":"https:\/\/test.imprimetresde.com\/gl\/wp-json\/wp\/v2\/product_brand?post=12394"},{"taxonomy":"product_cat","embeddable":true,"href":"https:\/\/test.imprimetresde.com\/gl\/wp-json\/wp\/v2\/product_cat?post=12394"},{"taxonomy":"product_tag","embeddable":true,"href":"https:\/\/test.imprimetresde.com\/gl\/wp-json\/wp\/v2\/product_tag?post=12394"}],"curies":[{"name":"wp","href":"https:\/\/api.w.org\/{rel}","templated":true}]}}

Imán Torre

<p>Imán Torre deseño exclusivo de <a href="https://test.imprimetresde.com/">Imprimetresde</a>. Imán ca forma da <a href="https://gl.wikipedia.org/wiki/Torre_de_H%C3%A9rcules">Torre de Hércules</a> da Coruña, declarada Patrimonio da Humanidade no 2009 e impreso en diferentes e divertidas cores para que decores a túa neveira ou o que che pete cun anaquiño da cidade!</p>
<p>*O material no que está realizado é <a href="https://test.imprimetresde.com/nuestro-material-de-impresion-el-pla-polimero-biodegradable-procedente-de-recursos-vegetales/">PLA</a>, material procedente de materia vexetal, <a href="https://es.wikipedia.org/wiki/Biodegradabilidad">biodegradábel</a>, non tóxico e ecolóxico</p>

<p>Imán Torre deseño exclusivo de <a href="https://test.imprimetresde.com/">Imprimetresde</a>. Imán ca forma da <a href="https://gl.wikipedia.org/wiki/Torre_de_H%C3%A9rcules">Torre de Hércules</a> da Coruña, declarada Patrimonio da Humanidade no 2009</p>
