{"id":13113,"date":"2024-05-21T12:29:38","date_gmt":"2024-05-21T10:29:38","guid":{"rendered":"https:\/\/test.imprimetresde.com\/?post_type=product&#038;p=13113"},"modified":"2025-04-09T12:16:43","modified_gmt":"2025-04-09T10:16:43","slug":"reloxo-personalizado","status":"publish","type":"product","link":"https:\/\/test.imprimetresde.com\/gl\/produto\/reloxo-personalizado\/","title":{"rendered":"Reloxo Personalizado"},"content":{"rendered":"<p>Reloxo Personalizado dese\u00f1ado pola equipa de <a href=\"https:\/\/test.imprimetresde.com\/gl\/\">Imprimetresde <\/a>, \u00e9 ideal para regalar. Personaliza un reloxo co teu nome ou para facer o agasallo m\u00e1is orixinal. Preg\u00fantanos para incorportar dese\u00f1os a maiores.<\/p>\n<p>*O material no que est\u00e1 realizado \u00e9 <a href=\"https:\/\/test.imprimetresde.com\/nuestro-material-de-impresion-el-pla-polimero-biodegradable-procedente-de-recursos-vegetales\/\">PLA<\/a>, material procedente de materia vexetal, <a href=\"https:\/\/es.wikipedia.org\/wiki\/Biodegradabilidad\">biodegrad\u00e1bel<\/a>, non t\u00f3xico e ecol\u00f3xico<\/p>\n","protected":false},"excerpt":{"rendered":"<p>Reloxo Personalizado dese\u00f1ado pola equipa de <a href=\"https:\/\/test.imprimetresde.com\/gl\/\">Imprimetresde <\/a>, \u00e9 ideal para regalar. Personaliza un reloxo co teu nome ou para facer o agasallo m\u00e1is orixinal. Preg\u00fantanos para incorportar dese\u00f1os a maiores.<\/p>\n","protected":false},"featured_media":13628,"comment_status":"open","ping_status":"closed","template":"","meta":{"_vp_format_video_url":"","_vp_image_focal_point":[]},"product_brand":[],"product_cat":[313,2499],"product_tag":[566,1114,1115,1328,274,968,1653],"class_list":{"0":"post-13113","1":"product","2":"type-product","3":"status-publish","4":"has-post-thumbnail","6":"product_cat-ambiente-gl","7":"product_cat-personalizados","8":"product_tag-agasallo","9":"product_tag-dia-da-nai","10":"product_tag-dia-do-pai","11":"product_tag-orixinal","12":"product_tag-personalizado-gl","13":"product_tag-regalo-gl","14":"product_tag-reloxo","16":"first","17":"instock","18":"sale","19":"taxable","20":"shipping-taxable","21":"purchasable","22":"product-type-simple"},"exclude_global_add_ons":[],"addons":[],"_links":{"self":[{"href":"https:\/\/test.imprimetresde.com\/gl\/wp-json\/wp\/v2\/product\/13113","targetHints":{"allow":["GET"]}}],"collection":[{"href":"https:\/\/test.imprimetresde.com\/gl\/wp-json\/wp\/v2\/product"}],"about":[{"href":"https:\/\/test.imprimetresde.com\/gl\/wp-json\/wp\/v2\/types\/product"}],"replies":[{"embeddable":true,"href":"https:\/\/test.imprimetresde.com\/gl\/wp-json\/wp\/v2\/comments?post=13113"}],"wp:featuredmedia":[{"embeddable":true,"href":"https:\/\/test.imprimetresde.com\/gl\/wp-json\/wp\/v2\/media\/13628"}],"wp:attachment":[{"href":"https:\/\/test.imprimetresde.com\/gl\/wp-json\/wp\/v2\/media?parent=13113"}],"wp:term":[{"taxonomy":"product_brand","embeddable":true,"href":"https:\/\/test.imprimetresde.com\/gl\/wp-json\/wp\/v2\/product_brand?post=13113"},{"taxonomy":"product_cat","embeddable":true,"href":"https:\/\/test.imprimetresde.com\/gl\/wp-json\/wp\/v2\/product_cat?post=13113"},{"taxonomy":"product_tag","embeddable":true,"href":"https:\/\/test.imprimetresde.com\/gl\/wp-json\/wp\/v2\/product_tag?post=13113"}],"curies":[{"name":"wp","href":"https:\/\/api.w.org\/{rel}","templated":true}]}}

<p>Reloxo Personalizado deseñado pola equipa de <a href="https://test.imprimetresde.com/gl/">Imprimetresde </a>, é ideal para regalar. Personaliza un reloxo co teu nome ou para facer o agasallo máis orixinal. Pregúntanos para incorportar deseños a maiores.</p>
<p>*O material no que está realizado é <a href="https://test.imprimetresde.com/nuestro-material-de-impresion-el-pla-polimero-biodegradable-procedente-de-recursos-vegetales/">PLA</a>, material procedente de materia vexetal, <a href="https://es.wikipedia.org/wiki/Biodegradabilidad">biodegradábel</a>, non tóxico e ecolóxico</p>

<p>Reloxo Personalizado deseñado pola equipa de <a href="https://test.imprimetresde.com/gl/">Imprimetresde </a>, é ideal para regalar. Personaliza un reloxo co teu nome ou para facer o agasallo máis orixinal. Pregúntanos para incorportar deseños a maiores.</p>
