{"id":13469,"date":"2024-09-26T17:15:25","date_gmt":"2024-09-26T15:15:25","guid":{"rendered":"https:\/\/test.imprimetresde.com\/?post_type=product&#038;p=13469"},"modified":"2024-12-27T03:18:26","modified_gmt":"2024-12-27T01:18:26","slug":"brincos-meninas","status":"publish","type":"product","link":"https:\/\/test.imprimetresde.com\/gl\/produto\/brincos-meninas\/","title":{"rendered":"Brincos Meninas"},"content":{"rendered":"<p>Brincos Meninas, creaci\u00f3n orixinal de I3D &#8211; Imprimetresde en homenaxe \u00e1s <a href=\"https:\/\/www.ferrolcultura.gal\/index.php\/proxectos-singulares\/as-meninas-de-canido\/\">Meninas de Canido<\/a> que \u00e9 un movemento de intervenci\u00f3n cultural que naceu da man do<span class=\"NA6bn ILfuVd\" lang=\"es\"><span class=\"hgKElc\"> artista Eduardo Hermida e \u00e1 s\u00faa filla, Estrela, cando comezaron a pintar as paredes m\u00e1is en ru\u00edna do seu barrio para ocultar con cores o abandono. De a\u00ed saiu o Festival de Arte Urbana co mesmo nome.<br \/>\n<\/span><\/span><\/p>\n<p>&nbsp;<\/p>\n<p>*O material no que est\u00e1n realizados \u00e9\u00a0<a href=\"https:\/\/test.imprimetresde.com\/gl\/o-noso-material-de-impresion-o-pla-polimero-biodegradabel-procedente-de-recursos-vexetais\/\">PLA<\/a> (material procedente de materia vexetal, biodegrad\u00e1bel, non t\u00f3xico e ecol\u00f3xico)<\/p>\n<p>&nbsp;<\/p>\n","protected":false},"excerpt":{"rendered":"<p>Brincos Meninas, creaci\u00f3n orixinal de I3D &#8211; Imprimetresde en homenaxe \u00e1s Meninas de Canido, un movemento de intervenci\u00f3n cultural que naceu da man do<span class=\"NA6bn ILfuVd\" lang=\"es\"><span class=\"hgKElc\"> artista Eduardo Hermida e \u00e1 s\u00faa filla, Estrela, cando comezaron a pintar as paredes m\u00e1is en ru\u00edna do seu barrio<\/span><\/span><\/p>\n","protected":false},"featured_media":13474,"comment_status":"open","ping_status":"closed","template":"","meta":{"_vp_format_video_url":"","_vp_image_focal_point":[]},"product_brand":[],"product_cat":[421,315,316,1290],"product_tag":[2025,2722,353,2724,2719,513,2721,2723,2508,2718,962,2026,2726,2725,2720],"class_list":{"0":"post-13469","1":"product","2":"type-product","3":"status-publish","4":"has-post-thumbnail","6":"product_cat-activismo","7":"product_cat-complementos-gl","8":"product_cat-cultura-gl","9":"product_cat-pendentes","10":"product_tag-arte","11":"product_tag-arte-urbana","12":"product_tag-brincos","13":"product_tag-cadros","14":"product_tag-canido","15":"product_tag-cultura","16":"product_tag-ferrol","17":"product_tag-festival","18":"product_tag-impresion-3d-a-coruna","19":"product_tag-meninas","20":"product_tag-pendientes-gl","21":"product_tag-pintura","22":"product_tag-street-art","23":"product_tag-urban","24":"product_tag-velazquez","26":"first","27":"instock","28":"sale","29":"taxable","30":"shipping-taxable","31":"purchasable","32":"product-type-variable"},"exclude_global_add_ons":false,"addons":[{"name":"Material de las fornituras (opcional)","type":"checkbox","position":0,"required":false,"title_format":"label","default":"","description_enable":true,"description":"Opci\u00f3n de incorporar fornituras de plata 925, de primera ley.","placeholder_enable":false,"placeholder":"","display":"select","restrictions_type":"any_text","adjust_price":false,"price":"","price_type":"flat_fee","restrictions":false,"min":"0","max":"0","options":[{"label":"Plata","price":"5","price_type":"flat_fee","image":0,"visibility":true}]}],"_links":{"self":[{"href":"https:\/\/test.imprimetresde.com\/gl\/wp-json\/wp\/v2\/product\/13469","targetHints":{"allow":["GET"]}}],"collection":[{"href":"https:\/\/test.imprimetresde.com\/gl\/wp-json\/wp\/v2\/product"}],"about":[{"href":"https:\/\/test.imprimetresde.com\/gl\/wp-json\/wp\/v2\/types\/product"}],"replies":[{"embeddable":true,"href":"https:\/\/test.imprimetresde.com\/gl\/wp-json\/wp\/v2\/comments?post=13469"}],"wp:featuredmedia":[{"embeddable":true,"href":"https:\/\/test.imprimetresde.com\/gl\/wp-json\/wp\/v2\/media\/13474"}],"wp:attachment":[{"href":"https:\/\/test.imprimetresde.com\/gl\/wp-json\/wp\/v2\/media?parent=13469"}],"wp:term":[{"taxonomy":"product_brand","embeddable":true,"href":"https:\/\/test.imprimetresde.com\/gl\/wp-json\/wp\/v2\/product_brand?post=13469"},{"taxonomy":"product_cat","embeddable":true,"href":"https:\/\/test.imprimetresde.com\/gl\/wp-json\/wp\/v2\/product_cat?post=13469"},{"taxonomy":"product_tag","embeddable":true,"href":"https:\/\/test.imprimetresde.com\/gl\/wp-json\/wp\/v2\/product_tag?post=13469"}],"curies":[{"name":"wp","href":"https:\/\/api.w.org\/{rel}","templated":true}]}}

<p>Brincos Meninas, creación orixinal de I3D &#8211; Imprimetresde en homenaxe ás <a href="https://www.ferrolcultura.gal/index.php/proxectos-singulares/as-meninas-de-canido/">Meninas de Canido</a> que é un movemento de intervención cultural que naceu da man do<span class="NA6bn ILfuVd" lang="es"><span class="hgKElc"> artista Eduardo Hermida e á súa filla, Estrela, cando comezaron a pintar as paredes máis en ruína do seu barrio para ocultar con cores o abandono. De aí saiu o Festival de Arte Urbana co mesmo nome.<br />
</span></span></p>
<p>&nbsp;</p>
<p>*O material no que están realizados é <a href="https://test.imprimetresde.com/gl/o-noso-material-de-impresion-o-pla-polimero-biodegradabel-procedente-de-recursos-vexetais/">PLA</a> (material procedente de materia vexetal, biodegradábel, non tóxico e ecolóxico)</p>
<p>&nbsp;</p>

<p>Brincos Meninas, creación orixinal de I3D &#8211; Imprimetresde en homenaxe ás Meninas de Canido, un movemento de intervención cultural que naceu da man do<span class="NA6bn ILfuVd" lang="es"><span class="hgKElc"> artista Eduardo Hermida e á súa filla, Estrela, cando comezaron a pintar as paredes máis en ruína do seu barrio</span></span></p>

Opción de incorporar fornituras de plata 925, de primera ley.
