{"id":13581,"date":"2024-11-07T14:00:03","date_gmt":"2024-11-07T12:00:03","guid":{"rendered":"https:\/\/test.imprimetresde.com\/?post_type=product&#038;p=13581"},"modified":"2025-03-11T13:09:19","modified_gmt":"2025-03-11T11:09:19","slug":"reloxo-fouce-e-martelo","status":"publish","type":"product","link":"https:\/\/test.imprimetresde.com\/gl\/produto\/reloxo-fouce-e-martelo\/","title":{"rendered":"Reloxo Fouce e Martelo"},"content":{"rendered":"<p>Reloxo <a href=\"https:\/\/gl.wikipedia.org\/wiki\/Fouce_e_martelo\">Fouce e Martelo<\/a>, co s\u00edmbolo <a href=\"https:\/\/gl.wikipedia.org\/wiki\/Comunismo\">comunista<\/a> e en vermello dese\u00f1ado por I3D.\u00a0 As s\u00faas dimensi\u00f3ns son 17cmx20cmx3cm aprox., o que permite que poidas penduralo na parede ou colocalo elegantemente nunha repisa ou estanter\u00eda da casa, da oficina &#8230;<\/p>\n<p>Tam\u00e9n temos a dispor o tama\u00f1o mesi\u00f1a de noite, 10x12x2,7 cm aprox.<\/p>\n<p>&nbsp;<\/p>\n<p>*O material no que est\u00e1 realizado \u00e9 <a href=\"https:\/\/test.imprimetresde.com\/gl\/o-noso-material-de-impresion-o-pla-polimero-biodegradabel-procedente-de-recursos-vexetais\/\">PLA<\/a>, material procedente de materia vexetal, biodegrad\u00e1bel, non t\u00f3xico e ecol\u00f3xico<\/p>\n","protected":false},"excerpt":{"rendered":"<p>Reloxo <a href=\"https:\/\/gl.wikipedia.org\/wiki\/Fouce_e_martelo\">Fouce e Martelo<\/a>, co s\u00edmbolo <a href=\"https:\/\/gl.wikipedia.org\/wiki\/Comunismo\">comunista<\/a> e en vermello dese\u00f1ado por I3D.\u00a0 As s\u00faas dimensi\u00f3ns son 17cmx20cmx3cm aprox., o que permite que poidas penduralo na parede ou colocalo elegantemente nunha repisa ou estanter\u00eda da casa, da oficina &#8230;<\/p>\n","protected":false},"featured_media":13590,"comment_status":"open","ping_status":"closed","template":"","meta":{"_vp_format_video_url":"","_vp_image_focal_point":[]},"product_brand":[],"product_cat":[421,316,313,2499],"product_tag":[1603,502,2193,1114,1115,2769,1654,2771,2393,2508,2773,2449,2770,2774,1456,2772,2775,1653,2776,2777,530,2450,579],"class_list":{"0":"post-13581","1":"product","2":"type-product","3":"status-publish","4":"has-post-thumbnail","6":"product_cat-activismo","7":"product_cat-cultura-gl","8":"product_cat-ambiente-gl","9":"product_cat-personalizados","10":"product_tag-casa","11":"product_tag-comunismo","12":"product_tag-comunista-gl","13":"product_tag-dia-da-nai","14":"product_tag-dia-do-pai","15":"product_tag-fouce-e-martelo","16":"product_tag-hora","17":"product_tag-ideoloxia","18":"product_tag-impresion-3d","19":"product_tag-impresion-3d-a-coruna","20":"product_tag-lenin","21":"product_tag-local","22":"product_tag-marcar-a-hora","23":"product_tag-marx","24":"product_tag-oficina","25":"product_tag-patria-comunista","26":"product_tag-politica","27":"product_tag-reloxo","28":"product_tag-reloxo-de-parede","29":"product_tag-reloxo-de-sobremesa","30":"product_tag-sovietico","31":"product_tag-tenda","32":"product_tag-urss","34":"first","35":"instock","36":"sale","37":"taxable","38":"shipping-taxable","39":"purchasable","40":"product-type-simple"},"exclude_global_add_ons":[],"addons":[],"_links":{"self":[{"href":"https:\/\/test.imprimetresde.com\/gl\/wp-json\/wp\/v2\/product\/13581","targetHints":{"allow":["GET"]}}],"collection":[{"href":"https:\/\/test.imprimetresde.com\/gl\/wp-json\/wp\/v2\/product"}],"about":[{"href":"https:\/\/test.imprimetresde.com\/gl\/wp-json\/wp\/v2\/types\/product"}],"replies":[{"embeddable":true,"href":"https:\/\/test.imprimetresde.com\/gl\/wp-json\/wp\/v2\/comments?post=13581"}],"wp:featuredmedia":[{"embeddable":true,"href":"https:\/\/test.imprimetresde.com\/gl\/wp-json\/wp\/v2\/media\/13590"}],"wp:attachment":[{"href":"https:\/\/test.imprimetresde.com\/gl\/wp-json\/wp\/v2\/media?parent=13581"}],"wp:term":[{"taxonomy":"product_brand","embeddable":true,"href":"https:\/\/test.imprimetresde.com\/gl\/wp-json\/wp\/v2\/product_brand?post=13581"},{"taxonomy":"product_cat","embeddable":true,"href":"https:\/\/test.imprimetresde.com\/gl\/wp-json\/wp\/v2\/product_cat?post=13581"},{"taxonomy":"product_tag","embeddable":true,"href":"https:\/\/test.imprimetresde.com\/gl\/wp-json\/wp\/v2\/product_tag?post=13581"}],"curies":[{"name":"wp","href":"https:\/\/api.w.org\/{rel}","templated":true}]}}

<p>Reloxo <a href="https://gl.wikipedia.org/wiki/Fouce_e_martelo">Fouce e Martelo</a>, co símbolo <a href="https://gl.wikipedia.org/wiki/Comunismo">comunista</a> e en vermello deseñado por I3D.  As súas dimensións son 17cmx20cmx3cm aprox., o que permite que poidas penduralo na parede ou colocalo elegantemente nunha repisa ou estantería da casa, da oficina &#8230;</p>
<p>Tamén temos a dispor o tamaño mesiña de noite, 10x12x2,7 cm aprox.</p>
<p>&nbsp;</p>
<p>*O material no que está realizado é <a href="https://test.imprimetresde.com/gl/o-noso-material-de-impresion-o-pla-polimero-biodegradabel-procedente-de-recursos-vexetais/">PLA</a>, material procedente de materia vexetal, biodegradábel, non tóxico e ecolóxico</p>

<p>Reloxo <a href="https://gl.wikipedia.org/wiki/Fouce_e_martelo">Fouce e Martelo</a>, co símbolo <a href="https://gl.wikipedia.org/wiki/Comunismo">comunista</a> e en vermello deseñado por I3D.  As súas dimensións son 17cmx20cmx3cm aprox., o que permite que poidas penduralo na parede ou colocalo elegantemente nunha repisa ou estantería da casa, da oficina &#8230;</p>
