{"id":14187,"date":"2025-03-07T14:02:33","date_gmt":"2025-03-07T12:02:33","guid":{"rendered":"https:\/\/test.imprimetresde.com\/?post_type=product&#038;p=14187"},"modified":"2025-10-20T14:28:07","modified_gmt":"2025-10-20T12:28:07","slug":"colar-gafas-lilas","status":"publish","type":"product","link":"https:\/\/test.imprimetresde.com\/gl\/produto\/colar-gafas-lilas\/","title":{"rendered":"Colar Gafas Lilas"},"content":{"rendered":"<p>Colar Gafas Lilas dese\u00f1ado pola I3D. Podes atopar este colar cas famosas Gafas Lilas, a cor que identifica mundialmente a loita feminista, e que tanta falta fan! Asimesmo, podes completar a colecci\u00f3n cuns brincos a xogo. Est\u00e1 feito con <a href=\"https:\/\/test.imprimetresde.com\/gl\/o-noso-material-de-impresion-o-pla-polimero-biodegradabel-procedente-de-recursos-vexetais\/\">PLA<\/a> ecol\u00f3xico.<\/p>\n<p><a href=\"https:\/\/gl.wikipedia.org\/wiki\/D%C3%ADa_Internacional_da_Muller\">8 de marzo<\/a>, D\u00eda Internacional da Muller Traballadora<\/p>\n<p>*O material no que est\u00e1 realizado \u00e9 <a href=\"https:\/\/test.imprimetresde.com\/gl\/o-noso-material-de-impresion-o-pla-polimero-biodegradabel-procedente-de-recursos-vexetais\/\">PLA<\/a>, material procedente de materia vexetal, biodegrad\u00e1bel, non t\u00f3xico e ecol\u00f3xico<\/p>\n<p>&nbsp;<\/p>\n<p><script src=\"moz-extension:\/\/5bdaac7b-9cd7-491b-8ff4-ed31f89b43b7\/js\/app.js\" type=\"text\/javascript\"><\/script><\/p>\n<p><script src=\"moz-extension:\/\/5bdaac7b-9cd7-491b-8ff4-ed31f89b43b7\/js\/app.js\" type=\"text\/javascript\"><\/script><\/p>\n<p><script src=\"moz-extension:\/\/5bdaac7b-9cd7-491b-8ff4-ed31f89b43b7\/js\/app.js\" type=\"text\/javascript\"><\/script><\/p>\n","protected":false},"excerpt":{"rendered":"<p>Colar Gafas Lilas dese\u00f1ado pola I3D. Podes atopar este colar cas famosas Gafas Lilas, a cor que identifica mundialmente a loita feminista, e que tanta falta fan! Asimesmo, podes completar a colecci\u00f3n cuns brincos a xogo.<\/p>\n<p>*O material no que est\u00e1 realizado \u00e9 <a href=\"https:\/\/test.imprimetresde.com\/gl\/o-noso-material-de-impresion-o-pla-polimero-biodegradabel-procedente-de-recursos-vexetais\/\">PLA<\/a>, material procedente de materia vexetal, biodegrad\u00e1bel, non t\u00f3xico e ecol\u00f3xico<\/p>\n<p>&nbsp;<\/p>\n<p>&nbsp;<\/p>\n<p><script src=\"moz-extension:\/\/5bdaac7b-9cd7-491b-8ff4-ed31f89b43b7\/js\/app.js\" type=\"text\/javascript\"><\/script><\/p>\n<p><script src=\"moz-extension:\/\/5bdaac7b-9cd7-491b-8ff4-ed31f89b43b7\/js\/app.js\" type=\"text\/javascript\"><\/script><\/p>\n<p><script src=\"moz-extension:\/\/5bdaac7b-9cd7-491b-8ff4-ed31f89b43b7\/js\/app.js\" type=\"text\/javascript\"><\/script><\/p>\n","protected":false},"featured_media":14189,"comment_status":"open","ping_status":"closed","template":"","meta":{"_vp_format_video_url":"","_vp_image_focal_point":[]},"product_brand":[],"product_cat":[421,1312],"product_tag":[2506,2229,541,566,1204,452,451,388,498,225,469,357,354,409,479,463,2508,2507,481,755,973,1441,2864,968,969,281,1384,515],"class_list":{"0":"post-14187","1":"product","2":"type-product","3":"status-publish","4":"has-post-thumbnail","6":"product_cat-activismo","7":"product_cat-colgantes-gl","8":"product_tag-23-de-febreiro","9":"product_tag-23f","10":"product_tag-8m","11":"product_tag-agasallo","12":"product_tag-artesania","13":"product_tag-bisuteria","14":"product_tag-bixuteria","15":"product_tag-colar","16":"product_tag-complementos","17":"product_tag-dia-de-rosalia-gl","18":"product_tag-escritora","19":"product_tag-feminismo-gl","20":"product_tag-feminista-gl","21":"product_tag-galega","22":"product_tag-galicia","23":"product_tag-galiza","24":"product_tag-impresion-3d-a-coruna","25":"product_tag-impresion-3d-coruna","26":"product_tag-libros","27":"product_tag-literatura","28":"product_tag-muller-gl","29":"product_tag-mulleres-gl","30":"product_tag-poeta-galega","31":"product_tag-regalo-gl","32":"product_tag-rosalia","33":"product_tag-rosalia-de-castro-gl","34":"product_tag-souvenir","35":"product_tag-universal","37":"first","38":"instock","39":"sale","40":"taxable","41":"shipping-taxable","42":"purchasable","43":"product-type-simple"},"exclude_global_add_ons":false,"addons":[{"name":"Material da Cadea (opcional)","type":"checkbox","position":0,"required":false,"title_format":"label","default":"","description_enable":true,"description":"Opci\u00f3n de facer a peza con cadea e accesorios de prata 925, de primera lei.","placeholder_enable":false,"placeholder":"","display":"select","restrictions_type":"any_text","adjust_price":false,"price":"","price_type":"flat_fee","restrictions":false,"min":"0","max":"0","options":[{"label":"Prata","price":"10","price_type":"flat_fee","image":0,"visibility":true}]}],"_links":{"self":[{"href":"https:\/\/test.imprimetresde.com\/gl\/wp-json\/wp\/v2\/product\/14187","targetHints":{"allow":["GET"]}}],"collection":[{"href":"https:\/\/test.imprimetresde.com\/gl\/wp-json\/wp\/v2\/product"}],"about":[{"href":"https:\/\/test.imprimetresde.com\/gl\/wp-json\/wp\/v2\/types\/product"}],"replies":[{"embeddable":true,"href":"https:\/\/test.imprimetresde.com\/gl\/wp-json\/wp\/v2\/comments?post=14187"}],"wp:featuredmedia":[{"embeddable":true,"href":"https:\/\/test.imprimetresde.com\/gl\/wp-json\/wp\/v2\/media\/14189"}],"wp:attachment":[{"href":"https:\/\/test.imprimetresde.com\/gl\/wp-json\/wp\/v2\/media?parent=14187"}],"wp:term":[{"taxonomy":"product_brand","embeddable":true,"href":"https:\/\/test.imprimetresde.com\/gl\/wp-json\/wp\/v2\/product_brand?post=14187"},{"taxonomy":"product_cat","embeddable":true,"href":"https:\/\/test.imprimetresde.com\/gl\/wp-json\/wp\/v2\/product_cat?post=14187"},{"taxonomy":"product_tag","embeddable":true,"href":"https:\/\/test.imprimetresde.com\/gl\/wp-json\/wp\/v2\/product_tag?post=14187"}],"curies":[{"name":"wp","href":"https:\/\/api.w.org\/{rel}","templated":true}]}}

<p>Colar Gafas Lilas deseñado pola I3D. Podes atopar este colar cas famosas Gafas Lilas, a cor que identifica mundialmente a loita feminista, e que tanta falta fan! Asimesmo, podes completar a colección cuns brincos a xogo. Está feito con <a href="https://test.imprimetresde.com/gl/o-noso-material-de-impresion-o-pla-polimero-biodegradabel-procedente-de-recursos-vexetais/">PLA</a> ecolóxico.</p>
<p><a href="https://gl.wikipedia.org/wiki/D%C3%ADa_Internacional_da_Muller">8 de marzo</a>, Día Internacional da Muller Traballadora</p>
<p>*O material no que está realizado é <a href="https://test.imprimetresde.com/gl/o-noso-material-de-impresion-o-pla-polimero-biodegradabel-procedente-de-recursos-vexetais/">PLA</a>, material procedente de materia vexetal, biodegradábel, non tóxico e ecolóxico</p>
<p>&nbsp;</p>
<p><script src="moz-extension://5bdaac7b-9cd7-491b-8ff4-ed31f89b43b7/js/app.js" type="text/javascript"></script></p>
<p><script src="moz-extension://5bdaac7b-9cd7-491b-8ff4-ed31f89b43b7/js/app.js" type="text/javascript"></script></p>
<p><script src="moz-extension://5bdaac7b-9cd7-491b-8ff4-ed31f89b43b7/js/app.js" type="text/javascript"></script></p>

<p>Colar Gafas Lilas deseñado pola I3D. Podes atopar este colar cas famosas Gafas Lilas, a cor que identifica mundialmente a loita feminista, e que tanta falta fan! Asimesmo, podes completar a colección cuns brincos a xogo.</p>
<p>*O material no que está realizado é <a href="https://test.imprimetresde.com/gl/o-noso-material-de-impresion-o-pla-polimero-biodegradabel-procedente-de-recursos-vexetais/">PLA</a>, material procedente de materia vexetal, biodegradábel, non tóxico e ecolóxico</p>
<p>&nbsp;</p>
<p>&nbsp;</p>
<p><script src="moz-extension://5bdaac7b-9cd7-491b-8ff4-ed31f89b43b7/js/app.js" type="text/javascript"></script></p>
<p><script src="moz-extension://5bdaac7b-9cd7-491b-8ff4-ed31f89b43b7/js/app.js" type="text/javascript"></script></p>
<p><script src="moz-extension://5bdaac7b-9cd7-491b-8ff4-ed31f89b43b7/js/app.js" type="text/javascript"></script></p>

Opción de facer a peza con cadea e accesorios de prata 925, de primera lei.
