{"id":14233,"date":"2025-03-12T18:44:44","date_gmt":"2025-03-12T16:44:44","guid":{"rendered":"https:\/\/test.imprimetresde.com\/?post_type=product&#038;p=14233"},"modified":"2025-10-20T14:27:47","modified_gmt":"2025-10-20T12:27:47","slug":"chaveiros-familia","status":"publish","type":"product","link":"https:\/\/test.imprimetresde.com\/gl\/produto\/chaveiros-familia\/","title":{"rendered":"Chaveiros Familia"},"content":{"rendered":"<p>Chaveiros Familia: Avo\u00ed\u00f1a, avo\u00ed\u00f1o, papa\u00ed\u00f1o, mama\u00ed\u00f1a. Cal queres? Faite con un para ti ou agas\u00e1llao e as persoas quedar\u00e1n encantadas!!<\/p>\n<p>*O material no que est\u00e1n realizados \u00e9 <a href=\"https:\/\/test.imprimetresde.com\/gl\/o-noso-material-de-impresion-o-pla-polimero-biodegradabel-procedente-de-recursos-vexetais\/\">PLA<\/a> (material procedente de materia vexetal, biodegrad\u00e1bel, non t\u00f3xico e ecol\u00f3xico)<\/p>\n<p>Preg\u00fantanos por m\u00e1is cores diferentes!!<\/p>\n<p>&nbsp;<\/p>\n<p>&nbsp;<\/p>\n<p><script src=\"moz-extension:\/\/5bdaac7b-9cd7-491b-8ff4-ed31f89b43b7\/js\/app.js\" type=\"text\/javascript\"><\/script><\/p>\n","protected":false},"excerpt":{"rendered":"<p>Chaveiros Familia: Avo\u00ed\u00f1a, avo\u00ed\u00f1o, papa\u00ed\u00f1o, mama\u00ed\u00f1a. Cal queres? Faite con un para ti ou agas\u00e1llao e as persoas quedar\u00e1n encantadas!!<\/p>\n<p><script src=\"moz-extension:\/\/5bdaac7b-9cd7-491b-8ff4-ed31f89b43b7\/js\/app.js\" type=\"text\/javascript\"><\/script><\/p>\n","protected":false},"featured_media":14360,"comment_status":"open","ping_status":"closed","template":"","meta":{"_vp_format_video_url":"","_vp_image_focal_point":[]},"product_brand":[],"product_cat":[315],"product_tag":[566,256,1114,1115,1848,409,410,479,463,2508,2882,2883,968],"class_list":{"0":"post-14233","1":"product","2":"type-product","3":"status-publish","4":"has-post-thumbnail","6":"product_cat-complementos-gl","7":"product_tag-agasallo","8":"product_tag-chaveiro","9":"product_tag-dia-da-nai","10":"product_tag-dia-do-pai","11":"product_tag-familia","12":"product_tag-galega","13":"product_tag-galego","14":"product_tag-galicia","15":"product_tag-galiza","16":"product_tag-impresion-3d-a-coruna","17":"product_tag-mamaina","18":"product_tag-papaino","19":"product_tag-regalo-gl","21":"first","22":"instock","23":"taxable","24":"shipping-taxable","25":"purchasable","26":"product-type-variable"},"exclude_global_add_ons":[],"addons":[],"_links":{"self":[{"href":"https:\/\/test.imprimetresde.com\/gl\/wp-json\/wp\/v2\/product\/14233","targetHints":{"allow":["GET"]}}],"collection":[{"href":"https:\/\/test.imprimetresde.com\/gl\/wp-json\/wp\/v2\/product"}],"about":[{"href":"https:\/\/test.imprimetresde.com\/gl\/wp-json\/wp\/v2\/types\/product"}],"replies":[{"embeddable":true,"href":"https:\/\/test.imprimetresde.com\/gl\/wp-json\/wp\/v2\/comments?post=14233"}],"wp:featuredmedia":[{"embeddable":true,"href":"https:\/\/test.imprimetresde.com\/gl\/wp-json\/wp\/v2\/media\/14360"}],"wp:attachment":[{"href":"https:\/\/test.imprimetresde.com\/gl\/wp-json\/wp\/v2\/media?parent=14233"}],"wp:term":[{"taxonomy":"product_brand","embeddable":true,"href":"https:\/\/test.imprimetresde.com\/gl\/wp-json\/wp\/v2\/product_brand?post=14233"},{"taxonomy":"product_cat","embeddable":true,"href":"https:\/\/test.imprimetresde.com\/gl\/wp-json\/wp\/v2\/product_cat?post=14233"},{"taxonomy":"product_tag","embeddable":true,"href":"https:\/\/test.imprimetresde.com\/gl\/wp-json\/wp\/v2\/product_tag?post=14233"}],"curies":[{"name":"wp","href":"https:\/\/api.w.org\/{rel}","templated":true}]}}

<p>Chaveiros Familia: Avoíña, avoíño, papaíño, mamaíña. Cal queres? Faite con un para ti ou agasállao e as persoas quedarán encantadas!!</p>
<p>*O material no que están realizados é <a href="https://test.imprimetresde.com/gl/o-noso-material-de-impresion-o-pla-polimero-biodegradabel-procedente-de-recursos-vexetais/">PLA</a> (material procedente de materia vexetal, biodegradábel, non tóxico e ecolóxico)</p>
<p>Pregúntanos por máis cores diferentes!!</p>
<p>&nbsp;</p>
<p>&nbsp;</p>
<p><script src="moz-extension://5bdaac7b-9cd7-491b-8ff4-ed31f89b43b7/js/app.js" type="text/javascript"></script></p>

<p>Chaveiros Familia: Avoíña, avoíño, papaíño, mamaíña. Cal queres? Faite con un para ti ou agasállao e as persoas quedarán encantadas!!</p>
<p><script src="moz-extension://5bdaac7b-9cd7-491b-8ff4-ed31f89b43b7/js/app.js" type="text/javascript"></script></p>
