{"id":14280,"date":"2025-03-24T19:47:49","date_gmt":"2025-03-24T17:47:49","guid":{"rendered":"https:\/\/test.imprimetresde.com\/?post_type=product&#038;p=14280"},"modified":"2025-09-28T02:36:42","modified_gmt":"2025-09-28T00:36:42","slug":"brincos-queixo-arzua-ulloa","status":"publish","type":"product","link":"https:\/\/test.imprimetresde.com\/gl\/produto\/brincos-queixo-arzua-ulloa\/","title":{"rendered":"Brincos Queixo Arz\u00faa-Ulloa"},"content":{"rendered":"<p>Brincos Queixo Arz\u00faa-Ulloa, idea orixinal de I3D &#8211; Imprimetresde para homenaxear a unha das m\u00e1is famosas delicatessen do noso Pa\u00eds; o queixo da Denominaci\u00f3n de Orixe Arz\u00faa-Ulloa. Os Brincos Queixo Arz\u00faa-Ulloa present\u00e1molos o pasado 15 de marzo na <a href=\"https:\/\/www.festadoqueixo.org\/\">Festa do Queixo<\/a>, en Arz\u00faa, que chegou \u00e1 s\u00faa 50 edici\u00f3n neste ano 2025 e dese\u00f1\u00e1molos en dous formatos: un par de queixos iguais co seu pa\u00f1o e todo ou ben en formato asim\u00e9trico, cun anaqui\u00f1o para unha orella e o resto para a outra. Desfrut\u00e1deos!<\/p>\n<p>O <a href=\"https:\/\/gl.wikipedia.org\/wiki\/Queixo_de_Arz%C3%BAa-Ulloa\"><b>queixo de Arz\u00faa<\/b> ou <b>queixo de Ulloa<\/b><\/a> \u00e9 un <a title=\"Queixo\" href=\"https:\/\/gl.wikipedia.org\/wiki\/Queixo\">queixo<\/a> <a title=\"Denominaci\u00f3n de orixe\" href=\"https:\/\/gl.wikipedia.org\/wiki\/Denominaci%C3%B3n_de_orixe\">DO<\/a> galego, de <a title=\"Leite\" href=\"https:\/\/gl.wikipedia.org\/wiki\/Leite\">leite<\/a> de <a title=\"Vaca\" href=\"https:\/\/gl.wikipedia.org\/wiki\/Vaca\">vaca<\/a>, que se acolle protexido pola <a title=\"Denominaci\u00f3n de orixe\" href=\"https:\/\/gl.wikipedia.org\/wiki\/Denominaci%C3%B3n_de_orixe\">denominaci\u00f3n de orixe<\/a> <a title=\"Comarca de Arz\u00faa\" href=\"https:\/\/gl.wikipedia.org\/wiki\/Comarca_de_Arz%C3%BAa\">Arz\u00faa<\/a>&#8211;<a title=\"Comarca da Ulloa\" href=\"https:\/\/gl.wikipedia.org\/wiki\/Comarca_da_Ulloa\">Ulloa<\/a>. Tam\u00e9n se lle pode chamar <i>queixo de Lugo<\/i>, <i>queixo de Chantada<\/i> ou <i>queixo de Curtis<\/i> nas diversas localidades da s\u00faa ampla zona de fabricaci\u00f3n.<\/p>\n<p>Realizados en\u00a0<a href=\"https:\/\/test.imprimetresde.com\/gl\/o-noso-material-de-impresion-o-pla-polimero-biodegradabel-procedente-de-recursos-vexetais\/\">PLA<\/a>, material procedente de materia vexetal, biodegrad\u00e1bel, non t\u00f3xico e ecol\u00f3xico.<\/p>\n<p><script src=\"moz-extension:\/\/5bdaac7b-9cd7-491b-8ff4-ed31f89b43b7\/js\/app.js\" type=\"text\/javascript\"><\/script><\/p>\n","protected":false},"excerpt":{"rendered":"<p>Brincos Queixo Arz\u00faa-Ulloa, idea orixinal de I3D &#8211; Imprimetresde para homenaxear a unha das m\u00e1is famosas delicatessen do noso Pa\u00eds; o queixo da Denominaci\u00f3n de Orixe Arz\u00faa-Ulloa.<\/p>\n<p><script src=\"moz-extension:\/\/5bdaac7b-9cd7-491b-8ff4-ed31f89b43b7\/js\/app.js\" type=\"text\/javascript\"><\/script><\/p>\n","protected":false},"featured_media":14281,"comment_status":"open","ping_status":"closed","template":"","meta":{"_vp_format_video_url":"","_vp_image_focal_point":[]},"product_brand":[],"product_cat":[315,1290],"product_tag":[1204,353,513,2887,1114,959,880,409,410,479,463,464,2888,962,2886,2889],"class_list":{"0":"post-14280","1":"product","2":"type-product","3":"status-publish","4":"has-post-thumbnail","6":"product_cat-complementos-gl","7":"product_cat-pendentes","8":"product_tag-artesania","9":"product_tag-brincos","10":"product_tag-cultura","11":"product_tag-delicatessen","12":"product_tag-dia-da-nai","13":"product_tag-festa-do-queixo","14":"product_tag-furancho","15":"product_tag-galega","16":"product_tag-galego","17":"product_tag-galicia","18":"product_tag-galiza","19":"product_tag-pais","20":"product_tag-patrimonio-gastronomico","21":"product_tag-pendientes-gl","22":"product_tag-queixo","23":"product_tag-ruta-gastronomica","25":"first","26":"instock","27":"sale","28":"taxable","29":"shipping-taxable","30":"purchasable","31":"product-type-simple"},"exclude_global_add_ons":false,"addons":[{"name":"Material de las fornituras (opcional)","type":"checkbox","position":0,"required":false,"title_format":"label","default":"","description_enable":true,"description":"Opci\u00f3n de incorporar fornituras de plata 925, de primera ley.","placeholder_enable":false,"placeholder":"","display":"select","restrictions_type":"any_text","adjust_price":false,"price":"","price_type":"flat_fee","restrictions":false,"min":"0","max":"0","options":[{"label":"Plata","price":"5","price_type":"flat_fee","image":0,"visibility":true}]}],"_links":{"self":[{"href":"https:\/\/test.imprimetresde.com\/gl\/wp-json\/wp\/v2\/product\/14280","targetHints":{"allow":["GET"]}}],"collection":[{"href":"https:\/\/test.imprimetresde.com\/gl\/wp-json\/wp\/v2\/product"}],"about":[{"href":"https:\/\/test.imprimetresde.com\/gl\/wp-json\/wp\/v2\/types\/product"}],"replies":[{"embeddable":true,"href":"https:\/\/test.imprimetresde.com\/gl\/wp-json\/wp\/v2\/comments?post=14280"}],"wp:featuredmedia":[{"embeddable":true,"href":"https:\/\/test.imprimetresde.com\/gl\/wp-json\/wp\/v2\/media\/14281"}],"wp:attachment":[{"href":"https:\/\/test.imprimetresde.com\/gl\/wp-json\/wp\/v2\/media?parent=14280"}],"wp:term":[{"taxonomy":"product_brand","embeddable":true,"href":"https:\/\/test.imprimetresde.com\/gl\/wp-json\/wp\/v2\/product_brand?post=14280"},{"taxonomy":"product_cat","embeddable":true,"href":"https:\/\/test.imprimetresde.com\/gl\/wp-json\/wp\/v2\/product_cat?post=14280"},{"taxonomy":"product_tag","embeddable":true,"href":"https:\/\/test.imprimetresde.com\/gl\/wp-json\/wp\/v2\/product_tag?post=14280"}],"curies":[{"name":"wp","href":"https:\/\/api.w.org\/{rel}","templated":true}]}}

Brincos Queixo Arzúa-Ulloa

<p>Brincos Queixo Arzúa-Ulloa, idea orixinal de I3D &#8211; Imprimetresde para homenaxear a unha das máis famosas delicatessen do noso País; o queixo da Denominación de Orixe Arzúa-Ulloa. Os Brincos Queixo Arzúa-Ulloa presentámolos o pasado 15 de marzo na <a href="https://www.festadoqueixo.org/">Festa do Queixo</a>, en Arzúa, que chegou á súa 50 edición neste ano 2025 e deseñámolos en dous formatos: un par de queixos iguais co seu paño e todo ou ben en formato asimétrico, cun anaquiño para unha orella e o resto para a outra. Desfrutádeos!</p>
<p>O <a href="https://gl.wikipedia.org/wiki/Queixo_de_Arz%C3%BAa-Ulloa"><b>queixo de Arzúa</b> ou <b>queixo de Ulloa</b></a> é un <a title="Queixo" href="https://gl.wikipedia.org/wiki/Queixo">queixo</a> <a title="Denominación de orixe" href="https://gl.wikipedia.org/wiki/Denominaci%C3%B3n_de_orixe">DO</a> galego, de <a title="Leite" href="https://gl.wikipedia.org/wiki/Leite">leite</a> de <a title="Vaca" href="https://gl.wikipedia.org/wiki/Vaca">vaca</a>, que se acolle protexido pola <a title="Denominación de orixe" href="https://gl.wikipedia.org/wiki/Denominaci%C3%B3n_de_orixe">denominación de orixe</a> <a title="Comarca de Arzúa" href="https://gl.wikipedia.org/wiki/Comarca_de_Arz%C3%BAa">Arzúa</a>&#8211;<a title="Comarca da Ulloa" href="https://gl.wikipedia.org/wiki/Comarca_da_Ulloa">Ulloa</a>. Tamén se lle pode chamar <i>queixo de Lugo</i>, <i>queixo de Chantada</i> ou <i>queixo de Curtis</i> nas diversas localidades da súa ampla zona de fabricación.</p>
<p>Realizados en <a href="https://test.imprimetresde.com/gl/o-noso-material-de-impresion-o-pla-polimero-biodegradabel-procedente-de-recursos-vexetais/">PLA</a>, material procedente de materia vexetal, biodegradábel, non tóxico e ecolóxico.</p>
<p><script src="moz-extension://5bdaac7b-9cd7-491b-8ff4-ed31f89b43b7/js/app.js" type="text/javascript"></script></p>

<p>Brincos Queixo Arzúa-Ulloa, idea orixinal de I3D &#8211; Imprimetresde para homenaxear a unha das máis famosas delicatessen do noso País; o queixo da Denominación de Orixe Arzúa-Ulloa.</p>
<p><script src="moz-extension://5bdaac7b-9cd7-491b-8ff4-ed31f89b43b7/js/app.js" type="text/javascript"></script></p>

Opción de incorporar fornituras de plata 925, de primera ley.
