{"id":14436,"date":"2025-05-08T17:24:15","date_gmt":"2025-05-08T15:24:15","guid":{"rendered":"https:\/\/test.imprimetresde.com\/?post_type=product&#038;p=14436"},"modified":"2025-08-01T10:13:41","modified_gmt":"2025-08-01T08:13:41","slug":"broche-pandeireta-personalizado","status":"publish","type":"product","link":"https:\/\/test.imprimetresde.com\/gl\/produto\/broche-pandeireta-personalizado\/","title":{"rendered":"Broche Pandeireta Personalizado"},"content":{"rendered":"<p>Broche Pandeireta Personalizado dese\u00f1ado pola equipa de <a href=\"https:\/\/test.imprimetresde.com\/gl\/\">I3D<\/a>. Fermos\u00edsimo colar en homenaxe \u00e1 nosa <a href=\"https:\/\/gl.wikipedia.org\/wiki\/Pandeireta\">pandeireta<\/a>. Personal\u00edzao co teu nome ou para agasallar!<\/p>\n<p>Este marabilloso instrumento constit\u00fae a base da m\u00fasica tradicional galega. Realizado en madeira imprim\u00edbel (wooden PLA) e <a href=\"https:\/\/test.imprimetresde.com\/gl\/o-noso-material-de-impresion-o-pla-polimero-biodegradabel-procedente-de-recursos-vexetais\/\">PLA<\/a>. Asimesmo, disp\u00f3n dunhas ferre\u00f1as met\u00e1licas que far\u00e1n as delicias de calquer mel\u00f3man@.<\/p>\n<p>*Realizados en <a href=\"https:\/\/test.imprimetresde.com\/gl\/o-noso-material-de-impresion-o-pla-polimero-biodegradabel-procedente-de-recursos-vexetais\/\">PLA<\/a>, material procedente de materia vexetal, biodegrad\u00e1bel, non t\u00f3xico e ecol\u00f3xico.<\/p>\n","protected":false},"excerpt":{"rendered":"<p>Broche Pandeireta Personalizado dese\u00f1ado pola equipa de <a href=\"https:\/\/test.imprimetresde.com\/gl\/\">I3D<\/a>. Fermos\u00edsimo colar en homenaxe \u00e1 nosa <a href=\"https:\/\/gl.wikipedia.org\/wiki\/Pandeireta\">pandeireta<\/a>. <strong>Personal\u00edzao co teu nome ou para agasallar!<\/strong><\/p>\n","protected":false},"featured_media":13856,"comment_status":"open","ping_status":"closed","template":"","meta":{"_vp_format_video_url":"","_vp_image_focal_point":[]},"product_brand":[],"product_cat":[315,2499],"product_tag":[388,358,498,1114,410,479,463,2508,2507,1839,511,1328,1205,274,2903,1384,1735,1838,512],"class_list":{"0":"post-14436","1":"product","2":"type-product","3":"status-publish","4":"has-post-thumbnail","6":"product_cat-complementos-gl","7":"product_cat-personalizados","8":"product_tag-colar","9":"product_tag-colgante-gl","10":"product_tag-complementos","11":"product_tag-dia-da-nai","12":"product_tag-galego","13":"product_tag-galicia","14":"product_tag-galiza","15":"product_tag-impresion-3d-a-coruna","16":"product_tag-impresion-3d-coruna","17":"product_tag-instrumento","18":"product_tag-musica","19":"product_tag-orixinal","20":"product_tag-pandeireta-gl","21":"product_tag-personalizado-gl","22":"product_tag-regal","23":"product_tag-souvenir","24":"product_tag-terra","25":"product_tag-trad","26":"product_tag-tradicional","28":"first","29":"instock","30":"sale","31":"taxable","32":"shipping-taxable","33":"purchasable","34":"product-type-simple"},"exclude_global_add_ons":[],"addons":[],"_links":{"self":[{"href":"https:\/\/test.imprimetresde.com\/gl\/wp-json\/wp\/v2\/product\/14436","targetHints":{"allow":["GET"]}}],"collection":[{"href":"https:\/\/test.imprimetresde.com\/gl\/wp-json\/wp\/v2\/product"}],"about":[{"href":"https:\/\/test.imprimetresde.com\/gl\/wp-json\/wp\/v2\/types\/product"}],"replies":[{"embeddable":true,"href":"https:\/\/test.imprimetresde.com\/gl\/wp-json\/wp\/v2\/comments?post=14436"}],"wp:featuredmedia":[{"embeddable":true,"href":"https:\/\/test.imprimetresde.com\/gl\/wp-json\/wp\/v2\/media\/13856"}],"wp:attachment":[{"href":"https:\/\/test.imprimetresde.com\/gl\/wp-json\/wp\/v2\/media?parent=14436"}],"wp:term":[{"taxonomy":"product_brand","embeddable":true,"href":"https:\/\/test.imprimetresde.com\/gl\/wp-json\/wp\/v2\/product_brand?post=14436"},{"taxonomy":"product_cat","embeddable":true,"href":"https:\/\/test.imprimetresde.com\/gl\/wp-json\/wp\/v2\/product_cat?post=14436"},{"taxonomy":"product_tag","embeddable":true,"href":"https:\/\/test.imprimetresde.com\/gl\/wp-json\/wp\/v2\/product_tag?post=14436"}],"curies":[{"name":"wp","href":"https:\/\/api.w.org\/{rel}","templated":true}]}}

<p>Broche Pandeireta Personalizado deseñado pola equipa de <a href="https://test.imprimetresde.com/gl/">I3D</a>. Fermosísimo colar en homenaxe á nosa <a href="https://gl.wikipedia.org/wiki/Pandeireta">pandeireta</a>. Personalízao co teu nome ou para agasallar!</p>
<p>Este marabilloso instrumento constitúe a base da música tradicional galega. Realizado en madeira imprimíbel (wooden PLA) e <a href="https://test.imprimetresde.com/gl/o-noso-material-de-impresion-o-pla-polimero-biodegradabel-procedente-de-recursos-vexetais/">PLA</a>. Asimesmo, dispón dunhas ferreñas metálicas que farán as delicias de calquer melóman@.</p>
<p>*Realizados en <a href="https://test.imprimetresde.com/gl/o-noso-material-de-impresion-o-pla-polimero-biodegradabel-procedente-de-recursos-vexetais/">PLA</a>, material procedente de materia vexetal, biodegradábel, non tóxico e ecolóxico.</p>

<p>Broche Pandeireta Personalizado deseñado pola equipa de <a href="https://test.imprimetresde.com/gl/">I3D</a>. Fermosísimo colar en homenaxe á nosa <a href="https://gl.wikipedia.org/wiki/Pandeireta">pandeireta</a>. <strong>Personalízao co teu nome ou para agasallar!</strong></p>
