{"id":14587,"date":"2025-07-10T12:39:40","date_gmt":"2025-07-10T10:39:40","guid":{"rendered":"https:\/\/test.imprimetresde.com\/?post_type=product&#038;p=14587"},"modified":"2025-10-20T14:28:46","modified_gmt":"2025-10-20T12:28:46","slug":"coleccion-altri-non","status":"publish","type":"product","link":"https:\/\/test.imprimetresde.com\/gl\/produto\/coleccion-altri-non\/","title":{"rendered":"Colecci\u00f3n ALTRI NON"},"content":{"rendered":"<p>Colecci\u00f3n ALTRI NON. Novas creaci\u00f3ns da Equipa I3D, desta volta para denunciar a bomba ambiental que a Xunta de Galicia quere chantar no coraz\u00f3n do noso Pa\u00eds. A Colecci\u00f3n ALTRI NON ven para sumarse aos berros de miles de persoas contra da implantaci\u00f3n desta f\u00e1brica que vai destru\u00edr a terra e a r\u00eda. Escolle entre brincos, colar, broche ou chaveiro e faite o\u00edr!!<\/p>\n<p>*O material no que est\u00e1 realizado \u00e9 <a href=\"https:\/\/test.imprimetresde.com\/gl\/o-noso-material-de-impresion-o-pla-polimero-biodegradabel-procedente-de-recursos-vexetais\/\">PLA<\/a>, material procedente de materia vexetal, biodegrad\u00e1bel, non t\u00f3xico e ecol\u00f3xico.<\/p>\n","protected":false},"excerpt":{"rendered":"<p>Colecci\u00f3n ALTRI NON. Novas creaci\u00f3ns da Equipa I3D, desta volta para denunciar a bomba ambiental que a Xunta de Galicia quere chantar no coraz\u00f3n do noso Pa\u00eds.<\/p>\n","protected":false},"featured_media":14603,"comment_status":"open","ping_status":"closed","template":"","meta":{"_vp_format_video_url":"","_vp_image_focal_point":[]},"product_brand":[],"product_cat":[315,1290],"product_tag":[1010,2908,467,2907,365,256,388,2910,2911,479,463,2393,2508,962,2912,2909],"class_list":{"0":"post-14587","1":"product","2":"type-product","3":"status-publish","4":"has-post-thumbnail","6":"product_cat-complementos-gl","7":"product_cat-pendentes","8":"product_tag-3d","9":"product_tag-a-ulloa","10":"product_tag-activismo","11":"product_tag-altri-non","12":"product_tag-broche","13":"product_tag-chaveiro","14":"product_tag-colar","15":"product_tag-ence-non","16":"product_tag-eucaliptos","17":"product_tag-galicia","18":"product_tag-galiza","19":"product_tag-impresion-3d","20":"product_tag-impresion-3d-a-coruna","21":"product_tag-pendientes-gl","22":"product_tag-plataforma-ulloa-viva","23":"product_tag-ria-de-noia","25":"first","26":"instock","27":"sale","28":"featured","29":"taxable","30":"shipping-taxable","31":"purchasable","32":"product-type-variable"},"exclude_global_add_ons":false,"addons":[{"name":"Material de las fornituras (opcional)","type":"checkbox","position":0,"required":false,"title_format":"label","default":"","description_enable":true,"description":"Opci\u00f3n de incorporar fornituras de plata 925, de primera ley.","placeholder_enable":false,"placeholder":"","display":"select","restrictions_type":"any_text","adjust_price":false,"price":"","price_type":"flat_fee","restrictions":false,"min":"0","max":"0","options":[{"label":"Plata","price":"5","price_type":"flat_fee","image":0,"visibility":true}]}],"_links":{"self":[{"href":"https:\/\/test.imprimetresde.com\/gl\/wp-json\/wp\/v2\/product\/14587","targetHints":{"allow":["GET"]}}],"collection":[{"href":"https:\/\/test.imprimetresde.com\/gl\/wp-json\/wp\/v2\/product"}],"about":[{"href":"https:\/\/test.imprimetresde.com\/gl\/wp-json\/wp\/v2\/types\/product"}],"replies":[{"embeddable":true,"href":"https:\/\/test.imprimetresde.com\/gl\/wp-json\/wp\/v2\/comments?post=14587"}],"wp:featuredmedia":[{"embeddable":true,"href":"https:\/\/test.imprimetresde.com\/gl\/wp-json\/wp\/v2\/media\/14603"}],"wp:attachment":[{"href":"https:\/\/test.imprimetresde.com\/gl\/wp-json\/wp\/v2\/media?parent=14587"}],"wp:term":[{"taxonomy":"product_brand","embeddable":true,"href":"https:\/\/test.imprimetresde.com\/gl\/wp-json\/wp\/v2\/product_brand?post=14587"},{"taxonomy":"product_cat","embeddable":true,"href":"https:\/\/test.imprimetresde.com\/gl\/wp-json\/wp\/v2\/product_cat?post=14587"},{"taxonomy":"product_tag","embeddable":true,"href":"https:\/\/test.imprimetresde.com\/gl\/wp-json\/wp\/v2\/product_tag?post=14587"}],"curies":[{"name":"wp","href":"https:\/\/api.w.org\/{rel}","templated":true}]}}

Colección ALTRI NON

<p>Colección ALTRI NON. Novas creacións da Equipa I3D, desta volta para denunciar a bomba ambiental que a Xunta de Galicia quere chantar no corazón do noso País. A Colección ALTRI NON ven para sumarse aos berros de miles de persoas contra da implantación desta fábrica que vai destruír a terra e a ría. Escolle entre brincos, colar, broche ou chaveiro e faite oír!!</p>
<p>*O material no que está realizado é <a href="https://test.imprimetresde.com/gl/o-noso-material-de-impresion-o-pla-polimero-biodegradabel-procedente-de-recursos-vexetais/">PLA</a>, material procedente de materia vexetal, biodegradábel, non tóxico e ecolóxico.</p>

<p>Colección ALTRI NON. Novas creacións da Equipa I3D, desta volta para denunciar a bomba ambiental que a Xunta de Galicia quere chantar no corazón do noso País.</p>

Opción de incorporar fornituras de plata 925, de primera ley.
