{"id":14808,"date":"2025-10-23T11:34:30","date_gmt":"2025-10-23T09:34:30","guid":{"rendered":"https:\/\/test.imprimetresde.com\/?post_type=product&#038;p=14808"},"modified":"2025-10-23T12:38:53","modified_gmt":"2025-10-23T10:38:53","slug":"brincos-polbos","status":"publish","type":"product","link":"https:\/\/test.imprimetresde.com\/gl\/produto\/brincos-polbos\/","title":{"rendered":"Brincos Polbos"},"content":{"rendered":"<p>Brincos Polbos\u00a0dese\u00f1o orixinal de I3D. Fermosos brincos con forma de raxo de <a href=\"https:\/\/gl.wikipedia.org\/wiki\/Polbo\">polbo<\/a>, do cefal\u00f3podo tan t\u00edpico da nosa costa galega. Para ti ou para agasallar, presume dun anaco do noso mar!<\/p>\n<p>*O material no que est\u00e1 realizado \u00e9 <a href=\"https:\/\/test.imprimetresde.com\/gl\/o-noso-material-de-impresion-o-pla-polimero-biodegradabel-procedente-de-recursos-vexetais\/\">PLA<\/a>, material procedente de materia vexetal, biodegrad\u00e1bel, non t\u00f3xico e ecol\u00f3xico<\/p>\n","protected":false},"excerpt":{"rendered":"<p>Brincos Polbos\u00a0dese\u00f1o orixinal de I3D. Fermosos brincos con forma de raxo de <a href=\"https:\/\/gl.wikipedia.org\/wiki\/Polbo\">polbo<\/a>, do cefal\u00f3podo tan t\u00edpico da nosa costa galega.<\/p>\n","protected":false},"featured_media":14809,"comment_status":"open","ping_status":"closed","template":"","meta":{"_vp_format_video_url":"","_vp_image_focal_point":[]},"product_brand":[],"product_cat":[315,1290],"product_tag":[2929,388,1114,1115,2127,409,410,463,2927,961,2928,439,278,2924,2925,2926],"class_list":{"0":"post-14808","1":"product","2":"type-product","3":"status-publish","4":"has-post-thumbnail","6":"product_cat-complementos-gl","7":"product_cat-pendentes","8":"product_tag-5-outubro","9":"product_tag-colar","10":"product_tag-dia-da-nai","11":"product_tag-dia-do-pai","12":"product_tag-festas","13":"product_tag-galega","14":"product_tag-galego","15":"product_tag-galiza","16":"product_tag-gastronomia-galega","17":"product_tag-lugo","18":"product_tag-manxar","19":"product_tag-outono","20":"product_tag-polbo","21":"product_tag-raxo-de-polbo","22":"product_tag-rexo-de-polbo","23":"product_tag-san-froilan","25":"first","26":"instock","27":"taxable","28":"shipping-taxable","29":"purchasable","30":"product-type-simple"},"exclude_global_add_ons":false,"addons":[{"name":"Material de las fornituras (opcional)","type":"checkbox","position":0,"required":false,"title_format":"label","default":"","description_enable":true,"description":"Opci\u00f3n de incorporar fornituras de plata 925, de primera ley.","placeholder_enable":false,"placeholder":"","display":"select","restrictions_type":"any_text","adjust_price":false,"price":"","price_type":"flat_fee","restrictions":false,"min":"0","max":"0","options":[{"label":"Plata","price":"5","price_type":"flat_fee","image":0,"visibility":true}]}],"_links":{"self":[{"href":"https:\/\/test.imprimetresde.com\/gl\/wp-json\/wp\/v2\/product\/14808","targetHints":{"allow":["GET"]}}],"collection":[{"href":"https:\/\/test.imprimetresde.com\/gl\/wp-json\/wp\/v2\/product"}],"about":[{"href":"https:\/\/test.imprimetresde.com\/gl\/wp-json\/wp\/v2\/types\/product"}],"replies":[{"embeddable":true,"href":"https:\/\/test.imprimetresde.com\/gl\/wp-json\/wp\/v2\/comments?post=14808"}],"wp:featuredmedia":[{"embeddable":true,"href":"https:\/\/test.imprimetresde.com\/gl\/wp-json\/wp\/v2\/media\/14809"}],"wp:attachment":[{"href":"https:\/\/test.imprimetresde.com\/gl\/wp-json\/wp\/v2\/media?parent=14808"}],"wp:term":[{"taxonomy":"product_brand","embeddable":true,"href":"https:\/\/test.imprimetresde.com\/gl\/wp-json\/wp\/v2\/product_brand?post=14808"},{"taxonomy":"product_cat","embeddable":true,"href":"https:\/\/test.imprimetresde.com\/gl\/wp-json\/wp\/v2\/product_cat?post=14808"},{"taxonomy":"product_tag","embeddable":true,"href":"https:\/\/test.imprimetresde.com\/gl\/wp-json\/wp\/v2\/product_tag?post=14808"}],"curies":[{"name":"wp","href":"https:\/\/api.w.org\/{rel}","templated":true}]}}

<p>Brincos Polbos deseño orixinal de I3D. Fermosos brincos con forma de raxo de <a href="https://gl.wikipedia.org/wiki/Polbo">polbo</a>, do cefalópodo tan típico da nosa costa galega. Para ti ou para agasallar, presume dun anaco do noso mar!</p>
<p>*O material no que está realizado é <a href="https://test.imprimetresde.com/gl/o-noso-material-de-impresion-o-pla-polimero-biodegradabel-procedente-de-recursos-vexetais/">PLA</a>, material procedente de materia vexetal, biodegradábel, non tóxico e ecolóxico</p>

<p>Brincos Polbos deseño orixinal de I3D. Fermosos brincos con forma de raxo de <a href="https://gl.wikipedia.org/wiki/Polbo">polbo</a>, do cefalópodo tan típico da nosa costa galega.</p>

Opción de incorporar fornituras de plata 925, de primera ley.
