{"id":5183,"date":"2016-10-25T22:12:51","date_gmt":"2016-10-25T21:12:51","guid":{"rendered":"https:\/\/test.imprimetresde.com\/producto\/figura-de-samain\/"},"modified":"2024-11-07T14:46:09","modified_gmt":"2024-11-07T12:46:09","slug":"figura-de-samain","status":"publish","type":"product","link":"https:\/\/test.imprimetresde.com\/gl\/produto\/figura-de-samain\/","title":{"rendered":"Figura de Sama\u00edn"},"content":{"rendered":"<p>Figura de Sama\u00edn. Figura conmemorativa do <a href=\"https:\/\/gl.wikipedia.org\/wiki\/Sama%C3%ADn\">Sama\u00edn<\/a>, unha festa asociada ao ciclo anual do sol que xa forma parte do Patrimonio Inmaterial de Galicia e o Norte de Portugal. A recuperaci\u00f3n da tradici\u00f3n involucra a varias escolas que promoven actividades que \u00e1 s\u00faa vez son inseridas na promoci\u00f3n da candidatura a Patrimonio Inmaterial.<\/p>\n<p>Produto realizado en <a href=\"https:\/\/test.imprimetresde.com\/gl\/o-noso-material-de-impresion-o-pla-polimero-biodegradabel-procedente-de-recursos-vexetais\/\">PLA ecol\u00f3xico<\/a><\/p>\n<h5><strong>Vista 3D<\/strong>\u00a0(Click + esquerda ou dereita para rotar)<\/h5>\n<p>&nbsp;<\/p>\n<img data-area='' data-attr='{}' data-brake='0.23' data-clickfree='false' data-cursor='url(\"https:\/\/test.imprimetresde.com\/wp-content\/plugins\/wp-reel\/cur\/jquery.reel.cur\"),hand' data-cw='false' data-delay='0' data-directional='' data-draggable='true' data-duration='' data-entry='' data-footage='6' data-framelock='false' data-graph='' data-hint='' data-horizontal='true' data-indicator='0' data-inversed='false' data-klass='' data-lazyness='' data-monitor='' data-opening='0' data-orbital='0' data-orientable='' data-preload='fidelity' data-preloader='4' data-rebound='0.5' data-responsive='true' data-row='1' data-rows='0' data-rowlock='false' data-scrollable='true' data-shy='false' data-spacing='0' data-steppable='true' data-tempo='25' data-throwable='true' data-velocity='0' data-vertical='false' data-wheelable='true' width='575' height='311'  class='reel' data-revolution='575'  data-speed='0'  data-loops='true'  data-frames='40' data-size='' data-frame='1'   data-images='https:\/\/test.imprimetresde.com\/wp-content\/uploads\/2016\/10\/sama1_anim0040.jpg,https:\/\/test.imprimetresde.com\/wp-content\/uploads\/2016\/10\/sama1_anim0039.jpg,https:\/\/test.imprimetresde.com\/wp-content\/uploads\/2016\/10\/sama1_anim0038.jpg,https:\/\/test.imprimetresde.com\/wp-content\/uploads\/2016\/10\/sama1_anim0037.jpg,https:\/\/test.imprimetresde.com\/wp-content\/uploads\/2016\/10\/sama1_anim0036.jpg,https:\/\/test.imprimetresde.com\/wp-content\/uploads\/2016\/10\/sama1_anim0035.jpg,https:\/\/test.imprimetresde.com\/wp-content\/uploads\/2016\/10\/sama1_anim0034.jpg,https:\/\/test.imprimetresde.com\/wp-content\/uploads\/2016\/10\/sama1_anim0033.jpg,https:\/\/test.imprimetresde.com\/wp-content\/uploads\/2016\/10\/sama1_anim0032.jpg,https:\/\/test.imprimetresde.com\/wp-content\/uploads\/2016\/10\/sama1_anim0031.jpg,https:\/\/test.imprimetresde.com\/wp-content\/uploads\/2016\/10\/sama1_anim0030.jpg,https:\/\/test.imprimetresde.com\/wp-content\/uploads\/2016\/10\/sama1_anim0029.jpg,https:\/\/test.imprimetresde.com\/wp-content\/uploads\/2016\/10\/sama1_anim0028.jpg,https:\/\/test.imprimetresde.com\/wp-content\/uploads\/2016\/10\/sama1_anim0027.jpg,https:\/\/test.imprimetresde.com\/wp-content\/uploads\/2016\/10\/sama1_anim0026.jpg,https:\/\/test.imprimetresde.com\/wp-content\/uploads\/2016\/10\/sama1_anim0025.jpg,https:\/\/test.imprimetresde.com\/wp-content\/uploads\/2016\/10\/sama1_anim0024.jpg,https:\/\/test.imprimetresde.com\/wp-content\/uploads\/2016\/10\/sama1_anim0023.jpg,https:\/\/test.imprimetresde.com\/wp-content\/uploads\/2016\/10\/sama1_anim0022.jpg,https:\/\/test.imprimetresde.com\/wp-content\/uploads\/2016\/10\/sama1_anim0021.jpg,https:\/\/test.imprimetresde.com\/wp-content\/uploads\/2016\/10\/sama1_anim0020.jpg,https:\/\/test.imprimetresde.com\/wp-content\/uploads\/2016\/10\/sama1_anim0019.jpg,https:\/\/test.imprimetresde.com\/wp-content\/uploads\/2016\/10\/sama1_anim0018.jpg,https:\/\/test.imprimetresde.com\/wp-content\/uploads\/2016\/10\/sama1_anim0017.jpg,https:\/\/test.imprimetresde.com\/wp-content\/uploads\/2016\/10\/sama1_anim0016.jpg,https:\/\/test.imprimetresde.com\/wp-content\/uploads\/2016\/10\/sama1_anim0015.jpg,https:\/\/test.imprimetresde.com\/wp-content\/uploads\/2016\/10\/sama1_anim0014.jpg,https:\/\/test.imprimetresde.com\/wp-content\/uploads\/2016\/10\/sama1_anim0013.jpg,https:\/\/test.imprimetresde.com\/wp-content\/uploads\/2016\/10\/sama1_anim0012.jpg,https:\/\/test.imprimetresde.com\/wp-content\/uploads\/2016\/10\/sama1_anim0011.jpg,https:\/\/test.imprimetresde.com\/wp-content\/uploads\/2016\/10\/sama1_anim0010.jpg,https:\/\/test.imprimetresde.com\/wp-content\/uploads\/2016\/10\/sama1_anim0009.jpg,https:\/\/test.imprimetresde.com\/wp-content\/uploads\/2016\/10\/sama1_anim0008.jpg,https:\/\/test.imprimetresde.com\/wp-content\/uploads\/2016\/10\/sama1_anim0007.jpg,https:\/\/test.imprimetresde.com\/wp-content\/uploads\/2016\/10\/sama1_anim0006.jpg,https:\/\/test.imprimetresde.com\/wp-content\/uploads\/2016\/10\/sama1_anim0005.jpg,https:\/\/test.imprimetresde.com\/wp-content\/uploads\/2016\/10\/sama1_anim0004.jpg,https:\/\/test.imprimetresde.com\/wp-content\/uploads\/2016\/10\/sama1_anim0003.jpg,https:\/\/test.imprimetresde.com\/wp-content\/uploads\/2016\/10\/sama1_anim0002.jpg,https:\/\/test.imprimetresde.com\/wp-content\/uploads\/2016\/10\/sama1_anim0001.jpg' src='https:\/\/test.imprimetresde.com\/wp-content\/uploads\/2016\/10\/sama1_anim0040.jpg' >\n<p>&nbsp;<\/p>\n<p>&nbsp;<\/p>\n<p>Diversas aldeas na Galicia comezaron a recuperar as celebraci\u00f3ns apoiadas pola recolleita de testemu\u00f1os e documentos sobre as antigas tradici\u00f3ns locais asociadas ao Magosto. Mais non foi at\u00e9 a d\u00e9cada de 1990, cando se comezou a celebrar esta festa en Galicia co nome Sama\u00edn, mantendo a denominaci\u00f3n celta nas s\u00faas variantes samain, sama\u00edn ou samhain, do ga\u00e9lico irland\u00e9s nas s\u00faas versi\u00f3ns moderna (Samhain) ou antiga (samain). Hoxe en d\u00eda \u00e9 com\u00fan atopala referenciada en diversas expresi\u00f3ns culturais e festivas (festas escolares ou sociais) relacionadas con esa data, tendo desprazado de maneira importante ao termo Halloween.<\/p>\n","protected":false},"excerpt":{"rendered":"<p>Figura de Sama\u00edn. Figura conmemorativa do Sama\u00edn, unha festa asociada ao ciclo anual do sol que xa forma parte do Patrimonio Inmaterial de Galicia e o Norte de Portugal. A recuperaci\u00f3n da tradici\u00f3n involucra a varias escolas que promoven actividades que \u00e1 s\u00faa vez son inseridas na promoci\u00f3n da candidatura a Patrimonio Inmaterial.<\/p>\n","protected":false},"featured_media":8627,"comment_status":"open","ping_status":"closed","template":"","meta":{"_vp_format_video_url":"","_vp_image_focal_point":[]},"product_brand":[],"product_cat":[421,315,321],"product_tag":[203,235,438,236,289,1384,445],"class_list":{"0":"post-5183","1":"product","2":"type-product","3":"status-publish","4":"has-post-thumbnail","6":"product_cat-activismo","7":"product_cat-complementos-gl","8":"product_cat-play-gl","9":"product_tag-cabaza","10":"product_tag-figura-gl","11":"product_tag-halloween","12":"product_tag-pantasma","13":"product_tag-samain-gl","14":"product_tag-souvenir","15":"product_tag-truco-o-trato","17":"first","18":"instock","19":"taxable","20":"shipping-taxable","21":"purchasable","22":"product-type-simple"},"exclude_global_add_ons":[],"addons":[],"_links":{"self":[{"href":"https:\/\/test.imprimetresde.com\/gl\/wp-json\/wp\/v2\/product\/5183","targetHints":{"allow":["GET"]}}],"collection":[{"href":"https:\/\/test.imprimetresde.com\/gl\/wp-json\/wp\/v2\/product"}],"about":[{"href":"https:\/\/test.imprimetresde.com\/gl\/wp-json\/wp\/v2\/types\/product"}],"replies":[{"embeddable":true,"href":"https:\/\/test.imprimetresde.com\/gl\/wp-json\/wp\/v2\/comments?post=5183"}],"wp:featuredmedia":[{"embeddable":true,"href":"https:\/\/test.imprimetresde.com\/gl\/wp-json\/wp\/v2\/media\/8627"}],"wp:attachment":[{"href":"https:\/\/test.imprimetresde.com\/gl\/wp-json\/wp\/v2\/media?parent=5183"}],"wp:term":[{"taxonomy":"product_brand","embeddable":true,"href":"https:\/\/test.imprimetresde.com\/gl\/wp-json\/wp\/v2\/product_brand?post=5183"},{"taxonomy":"product_cat","embeddable":true,"href":"https:\/\/test.imprimetresde.com\/gl\/wp-json\/wp\/v2\/product_cat?post=5183"},{"taxonomy":"product_tag","embeddable":true,"href":"https:\/\/test.imprimetresde.com\/gl\/wp-json\/wp\/v2\/product_tag?post=5183"}],"curies":[{"name":"wp","href":"https:\/\/api.w.org\/{rel}","templated":true}]}}

Figura de Samaín

<p>Figura de Samaín. Figura conmemorativa do <a href="https://gl.wikipedia.org/wiki/Sama%C3%ADn">Samaín</a>, unha festa asociada ao ciclo anual do sol que xa forma parte do Patrimonio Inmaterial de Galicia e o Norte de Portugal. A recuperación da tradición involucra a varias escolas que promoven actividades que á súa vez son inseridas na promoción da candidatura a Patrimonio Inmaterial.</p>
<p>Produto realizado en <a href="https://test.imprimetresde.com/gl/o-noso-material-de-impresion-o-pla-polimero-biodegradabel-procedente-de-recursos-vexetais/">PLA ecolóxico</a></p>
<h5><strong>Vista 3D</strong> (Click + esquerda ou dereita para rotar)</h5>
<p>&nbsp;</p>
<img data-area='' data-attr='{}' data-brake='0.23' data-clickfree='false' data-cursor='url("https://test.imprimetresde.com/wp-content/plugins/wp-reel/cur/jquery.reel.cur"),hand' data-cw='false' data-delay='0' data-directional='' data-draggable='true' data-duration='' data-entry='' data-footage='6' data-framelock='false' data-graph='' data-hint='' data-horizontal='true' data-indicator='0' data-inversed='false' data-klass='' data-lazyness='' data-monitor='' data-opening='0' data-orbital='0' data-orientable='' data-preload='fidelity' data-preloader='4' data-rebound='0.5' data-responsive='true' data-row='1' data-rows='0' data-rowlock='false' data-scrollable='true' data-shy='false' data-spacing='0' data-steppable='true' data-tempo='25' data-throwable='true' data-velocity='0' data-vertical='false' data-wheelable='true' width='575' height='311'  class='reel' data-revolution='575'  data-speed='0'  data-loops='true'  data-frames='40' data-size='' data-frame='1'   data-images='https://test.imprimetresde.com/wp-content/uploads/2016/10/sama1_anim0040.jpg,https://test.imprimetresde.com/wp-content/uploads/2016/10/sama1_anim0039.jpg,https://test.imprimetresde.com/wp-content/uploads/2016/10/sama1_anim0038.jpg,https://test.imprimetresde.com/wp-content/uploads/2016/10/sama1_anim0037.jpg,https://test.imprimetresde.com/wp-content/uploads/2016/10/sama1_anim0036.jpg,https://test.imprimetresde.com/wp-content/uploads/2016/10/sama1_anim0035.jpg,https://test.imprimetresde.com/wp-content/uploads/2016/10/sama1_anim0034.jpg,https://test.imprimetresde.com/wp-content/uploads/2016/10/sama1_anim0033.jpg,https://test.imprimetresde.com/wp-content/uploads/2016/10/sama1_anim0032.jpg,https://test.imprimetresde.com/wp-content/uploads/2016/10/sama1_anim0031.jpg,https://test.imprimetresde.com/wp-content/uploads/2016/10/sama1_anim0030.jpg,https://test.imprimetresde.com/wp-content/uploads/2016/10/sama1_anim0029.jpg,https://test.imprimetresde.com/wp-content/uploads/2016/10/sama1_anim0028.jpg,https://test.imprimetresde.com/wp-content/uploads/2016/10/sama1_anim0027.jpg,https://test.imprimetresde.com/wp-content/uploads/2016/10/sama1_anim0026.jpg,https://test.imprimetresde.com/wp-content/uploads/2016/10/sama1_anim0025.jpg,https://test.imprimetresde.com/wp-content/uploads/2016/10/sama1_anim0024.jpg,https://test.imprimetresde.com/wp-content/uploads/2016/10/sama1_anim0023.jpg,https://test.imprimetresde.com/wp-content/uploads/2016/10/sama1_anim0022.jpg,https://test.imprimetresde.com/wp-content/uploads/2016/10/sama1_anim0021.jpg,https://test.imprimetresde.com/wp-content/uploads/2016/10/sama1_anim0020.jpg,https://test.imprimetresde.com/wp-content/uploads/2016/10/sama1_anim0019.jpg,https://test.imprimetresde.com/wp-content/uploads/2016/10/sama1_anim0018.jpg,https://test.imprimetresde.com/wp-content/uploads/2016/10/sama1_anim0017.jpg,https://test.imprimetresde.com/wp-content/uploads/2016/10/sama1_anim0016.jpg,https://test.imprimetresde.com/wp-content/uploads/2016/10/sama1_anim0015.jpg,https://test.imprimetresde.com/wp-content/uploads/2016/10/sama1_anim0014.jpg,https://test.imprimetresde.com/wp-content/uploads/2016/10/sama1_anim0013.jpg,https://test.imprimetresde.com/wp-content/uploads/2016/10/sama1_anim0012.jpg,https://test.imprimetresde.com/wp-content/uploads/2016/10/sama1_anim0011.jpg,https://test.imprimetresde.com/wp-content/uploads/2016/10/sama1_anim0010.jpg,https://test.imprimetresde.com/wp-content/uploads/2016/10/sama1_anim0009.jpg,https://test.imprimetresde.com/wp-content/uploads/2016/10/sama1_anim0008.jpg,https://test.imprimetresde.com/wp-content/uploads/2016/10/sama1_anim0007.jpg,https://test.imprimetresde.com/wp-content/uploads/2016/10/sama1_anim0006.jpg,https://test.imprimetresde.com/wp-content/uploads/2016/10/sama1_anim0005.jpg,https://test.imprimetresde.com/wp-content/uploads/2016/10/sama1_anim0004.jpg,https://test.imprimetresde.com/wp-content/uploads/2016/10/sama1_anim0003.jpg,https://test.imprimetresde.com/wp-content/uploads/2016/10/sama1_anim0002.jpg,https://test.imprimetresde.com/wp-content/uploads/2016/10/sama1_anim0001.jpg' src='https://test.imprimetresde.com/wp-content/uploads/2016/10/sama1_anim0040.jpg' >
<p>&nbsp;</p>
<p>&nbsp;</p>
<p>Diversas aldeas na Galicia comezaron a recuperar as celebracións apoiadas pola recolleita de testemuños e documentos sobre as antigas tradicións locais asociadas ao Magosto. Mais non foi até a década de 1990, cando se comezou a celebrar esta festa en Galicia co nome Samaín, mantendo a denominación celta nas súas variantes samain, samaín ou samhain, do gaélico irlandés nas súas versións moderna (Samhain) ou antiga (samain). Hoxe en día é común atopala referenciada en diversas expresións culturais e festivas (festas escolares ou sociais) relacionadas con esa data, tendo desprazado de maneira importante ao termo Halloween.</p>

<p>Figura de Samaín. Figura conmemorativa do Samaín, unha festa asociada ao ciclo anual do sol que xa forma parte do Patrimonio Inmaterial de Galicia e o Norte de Portugal. A recuperación da tradición involucra a varias escolas que promoven actividades que á súa vez son inseridas na promoción da candidatura a Patrimonio Inmaterial.</p>
