{"id":5195,"date":"2015-11-17T11:18:06","date_gmt":"2015-11-17T10:18:06","guid":{"rendered":"https:\/\/test.imprimetresde.com\/producto\/lampada-paris\/"},"modified":"2015-11-17T11:18:06","modified_gmt":"2015-11-17T10:18:06","slug":"lampada-paris","status":"publish","type":"product","link":"https:\/\/test.imprimetresde.com\/gl\/produto\/lampada-paris\/","title":{"rendered":"L\u00e1mpada Par\u00eds"},"content":{"rendered":"<h5><strong>Vista 3D<\/strong>\u00a0(Click + izquerda o derecha para rotar)<\/h5>\n<p><img data-area='' data-attr='{}' data-brake='0.23' data-clickfree='false' data-cursor='url(\"https:\/\/test.imprimetresde.com\/wp-content\/plugins\/wp-reel\/cur\/jquery.reel.cur\"),hand' data-cw='false' data-delay='0' data-directional='' data-draggable='true' data-duration='' data-entry='' data-footage='6' data-framelock='false' data-graph='' data-hint='' data-horizontal='true' data-indicator='0' data-inversed='false' data-klass='' data-lazyness='' data-monitor='' data-opening='0' data-orbital='0' data-orientable='' data-preload='fidelity' data-preloader='4' data-rebound='0.5' data-responsive='true' data-row='1' data-rows='0' data-rowlock='false' data-scrollable='true' data-shy='false' data-spacing='0' data-steppable='true' data-tempo='25' data-throwable='true' data-velocity='0' data-vertical='false' data-wheelable='true' width='575' height='305'  class='reel' data-revolution='575'  data-speed='0'  data-loops='true'  data-frames='40' data-size='' data-frame='1'   data-images='https:\/\/test.imprimetresde.com\/wp-content\/uploads\/2015\/11\/PL_anim000002-opt.jpg,https:\/\/test.imprimetresde.com\/wp-content\/uploads\/2015\/11\/PL_anim000003-opt.jpg,https:\/\/test.imprimetresde.com\/wp-content\/uploads\/2015\/11\/PL_anim000004-opt.jpg,https:\/\/test.imprimetresde.com\/wp-content\/uploads\/2015\/11\/PL_anim000005-opt.jpg,https:\/\/test.imprimetresde.com\/wp-content\/uploads\/2015\/11\/PL_anim000006-opt.jpg,https:\/\/test.imprimetresde.com\/wp-content\/uploads\/2015\/11\/PL_anim000007-opt.jpg,https:\/\/test.imprimetresde.com\/wp-content\/uploads\/2015\/11\/PL_anim000008-opt.jpg,https:\/\/test.imprimetresde.com\/wp-content\/uploads\/2015\/11\/PL_anim000009-opt.jpg,https:\/\/test.imprimetresde.com\/wp-content\/uploads\/2015\/11\/PL_anim000010-opt.jpg,https:\/\/test.imprimetresde.com\/wp-content\/uploads\/2015\/11\/PL_anim000011-opt.jpg,https:\/\/test.imprimetresde.com\/wp-content\/uploads\/2015\/11\/PL_anim000012-opt.jpg,https:\/\/test.imprimetresde.com\/wp-content\/uploads\/2015\/11\/PL_anim000013-opt.jpg,https:\/\/test.imprimetresde.com\/wp-content\/uploads\/2015\/11\/PL_anim000014-opt.jpg,https:\/\/test.imprimetresde.com\/wp-content\/uploads\/2015\/11\/PL_anim000015-opt.jpg,https:\/\/test.imprimetresde.com\/wp-content\/uploads\/2015\/11\/PL_anim000016-opt.jpg,https:\/\/test.imprimetresde.com\/wp-content\/uploads\/2015\/11\/PL_anim000017-opt.jpg,https:\/\/test.imprimetresde.com\/wp-content\/uploads\/2015\/11\/PL_anim000018-opt.jpg,https:\/\/test.imprimetresde.com\/wp-content\/uploads\/2015\/11\/PL_anim000019-opt.jpg,https:\/\/test.imprimetresde.com\/wp-content\/uploads\/2015\/11\/PL_anim000020-opt.jpg,https:\/\/test.imprimetresde.com\/wp-content\/uploads\/2015\/11\/PL_anim000021-opt.jpg,https:\/\/test.imprimetresde.com\/wp-content\/uploads\/2015\/11\/PL_anim000022-opt.jpg,https:\/\/test.imprimetresde.com\/wp-content\/uploads\/2015\/11\/PL_anim000023-opt.jpg,https:\/\/test.imprimetresde.com\/wp-content\/uploads\/2015\/11\/PL_anim000024-opt.jpg,https:\/\/test.imprimetresde.com\/wp-content\/uploads\/2015\/11\/PL_anim000025-opt.jpg,https:\/\/test.imprimetresde.com\/wp-content\/uploads\/2015\/11\/PL_anim000026-opt.jpg,https:\/\/test.imprimetresde.com\/wp-content\/uploads\/2015\/11\/PL_anim000027-opt.jpg,https:\/\/test.imprimetresde.com\/wp-content\/uploads\/2015\/11\/PL_anim000028-opt.jpg,https:\/\/test.imprimetresde.com\/wp-content\/uploads\/2015\/11\/PL_anim000029-opt.jpg,https:\/\/test.imprimetresde.com\/wp-content\/uploads\/2015\/11\/PL_anim000030-opt.jpg,https:\/\/test.imprimetresde.com\/wp-content\/uploads\/2015\/11\/PL_anim000031-opt.jpg,https:\/\/test.imprimetresde.com\/wp-content\/uploads\/2015\/11\/PL_anim000032-opt.jpg,https:\/\/test.imprimetresde.com\/wp-content\/uploads\/2015\/11\/PL_anim000033-opt.jpg,https:\/\/test.imprimetresde.com\/wp-content\/uploads\/2015\/11\/PL_anim000034-opt.jpg,https:\/\/test.imprimetresde.com\/wp-content\/uploads\/2015\/11\/PL_anim000035-opt.jpg,https:\/\/test.imprimetresde.com\/wp-content\/uploads\/2015\/11\/PL_anim000036-opt.jpg,https:\/\/test.imprimetresde.com\/wp-content\/uploads\/2015\/11\/PL_anim000037-opt.jpg,https:\/\/test.imprimetresde.com\/wp-content\/uploads\/2015\/11\/PL_anim000038-opt.jpg,https:\/\/test.imprimetresde.com\/wp-content\/uploads\/2015\/11\/PL_anim000039-opt.jpg,https:\/\/test.imprimetresde.com\/wp-content\/uploads\/2015\/11\/PL_anim000040-opt.jpg,https:\/\/test.imprimetresde.com\/wp-content\/uploads\/2015\/11\/PL_anim000001-opt.jpg' src='https:\/\/test.imprimetresde.com\/wp-content\/uploads\/2015\/11\/PL_anim000002-opt.jpg' ><br \/>\n&nbsp;<\/p>\n<p>O dese\u00f1ador Samuel N. Bernier de Le FabShop di: &#8220;Eu vivo en Par\u00eds e enc\u00e1ntame esta cidade. Si, \u00e9 fermosa, chea de impresionante arquitectura, a historia e a cultura, pero o que m\u00e1is gozo en Par\u00eds \u00e9 o entusiasmo participaci\u00f3n cidad\u00e1 m\u00e1is pola boa comida, a m\u00fasica e a &#8220;hora feliz&#8221; no seu caf\u00e9 favorito. A mi\u00f1a maneira de homenaxear \u00e1 mi\u00f1a cidade \u00e9 manter os seus s\u00edmbolos no imaxinario da xente. Historia, \u00e1 liberdade, a arte e o amor da beleza na terra.&#8221;<\/p>\n<p>Por todo isto, esta l\u00e1mpada est\u00e1 inspirada na m\u00e1is famosa das construcci\u00f3nes de Gustave Eiffel. \u00c9 un recordatorio de que a cidade da luz sempre ser\u00e1 o s\u00edmbolo de todas estas cousas, non importa o que pase.<\/p>\n<p>** Pode ser personalizado con ata 8 caracteres, o que permite engadirlle nomes, marcas, etc<\/p>\n","protected":false},"excerpt":{"rendered":"<p>Esta l\u00e1mpada de \u00a0Samuel N. Bernier, \u00a0est\u00e1 inspirada na m\u00e1is famosa das construcci\u00f3nes de Gustave Eiffel. \u00c9 un recordatorio de que a cidade da luz sempre ser\u00e1 o s\u00edmbolo de todas estas cousas, non importa o que pase.<\/p>\n","protected":false},"featured_media":3545,"comment_status":"open","ping_status":"closed","template":"","meta":{"_vp_format_video_url":"","_vp_image_focal_point":[]},"product_brand":[],"product_cat":[313,319],"product_tag":[228,224,255,270],"class_list":{"0":"post-5195","1":"product","2":"type-product","3":"status-publish","4":"has-post-thumbnail","6":"product_cat-ambiente-gl","7":"product_cat-iluminacion-gl","8":"product_tag-deseno","9":"product_tag-eiffel-gl","10":"product_tag-lampada","11":"product_tag-paris-gl","13":"first","14":"instock","15":"sale","16":"taxable","17":"shipping-taxable","18":"purchasable","19":"product-type-simple"},"exclude_global_add_ons":[],"addons":[],"_links":{"self":[{"href":"https:\/\/test.imprimetresde.com\/gl\/wp-json\/wp\/v2\/product\/5195","targetHints":{"allow":["GET"]}}],"collection":[{"href":"https:\/\/test.imprimetresde.com\/gl\/wp-json\/wp\/v2\/product"}],"about":[{"href":"https:\/\/test.imprimetresde.com\/gl\/wp-json\/wp\/v2\/types\/product"}],"replies":[{"embeddable":true,"href":"https:\/\/test.imprimetresde.com\/gl\/wp-json\/wp\/v2\/comments?post=5195"}],"wp:featuredmedia":[{"embeddable":true,"href":"https:\/\/test.imprimetresde.com\/gl\/wp-json\/wp\/v2\/media\/3545"}],"wp:attachment":[{"href":"https:\/\/test.imprimetresde.com\/gl\/wp-json\/wp\/v2\/media?parent=5195"}],"wp:term":[{"taxonomy":"product_brand","embeddable":true,"href":"https:\/\/test.imprimetresde.com\/gl\/wp-json\/wp\/v2\/product_brand?post=5195"},{"taxonomy":"product_cat","embeddable":true,"href":"https:\/\/test.imprimetresde.com\/gl\/wp-json\/wp\/v2\/product_cat?post=5195"},{"taxonomy":"product_tag","embeddable":true,"href":"https:\/\/test.imprimetresde.com\/gl\/wp-json\/wp\/v2\/product_tag?post=5195"}],"curies":[{"name":"wp","href":"https:\/\/api.w.org\/{rel}","templated":true}]}}

Lámpada París

<h5><strong>Vista 3D</strong> (Click + izquerda o derecha para rotar)</h5>
<p><img data-area='' data-attr='{}' data-brake='0.23' data-clickfree='false' data-cursor='url("https://test.imprimetresde.com/wp-content/plugins/wp-reel/cur/jquery.reel.cur"),hand' data-cw='false' data-delay='0' data-directional='' data-draggable='true' data-duration='' data-entry='' data-footage='6' data-framelock='false' data-graph='' data-hint='' data-horizontal='true' data-indicator='0' data-inversed='false' data-klass='' data-lazyness='' data-monitor='' data-opening='0' data-orbital='0' data-orientable='' data-preload='fidelity' data-preloader='4' data-rebound='0.5' data-responsive='true' data-row='1' data-rows='0' data-rowlock='false' data-scrollable='true' data-shy='false' data-spacing='0' data-steppable='true' data-tempo='25' data-throwable='true' data-velocity='0' data-vertical='false' data-wheelable='true' width='575' height='305'  class='reel' data-revolution='575'  data-speed='0'  data-loops='true'  data-frames='40' data-size='' data-frame='1'   data-images='https://test.imprimetresde.com/wp-content/uploads/2015/11/PL_anim000002-opt.jpg,https://test.imprimetresde.com/wp-content/uploads/2015/11/PL_anim000003-opt.jpg,https://test.imprimetresde.com/wp-content/uploads/2015/11/PL_anim000004-opt.jpg,https://test.imprimetresde.com/wp-content/uploads/2015/11/PL_anim000005-opt.jpg,https://test.imprimetresde.com/wp-content/uploads/2015/11/PL_anim000006-opt.jpg,https://test.imprimetresde.com/wp-content/uploads/2015/11/PL_anim000007-opt.jpg,https://test.imprimetresde.com/wp-content/uploads/2015/11/PL_anim000008-opt.jpg,https://test.imprimetresde.com/wp-content/uploads/2015/11/PL_anim000009-opt.jpg,https://test.imprimetresde.com/wp-content/uploads/2015/11/PL_anim000010-opt.jpg,https://test.imprimetresde.com/wp-content/uploads/2015/11/PL_anim000011-opt.jpg,https://test.imprimetresde.com/wp-content/uploads/2015/11/PL_anim000012-opt.jpg,https://test.imprimetresde.com/wp-content/uploads/2015/11/PL_anim000013-opt.jpg,https://test.imprimetresde.com/wp-content/uploads/2015/11/PL_anim000014-opt.jpg,https://test.imprimetresde.com/wp-content/uploads/2015/11/PL_anim000015-opt.jpg,https://test.imprimetresde.com/wp-content/uploads/2015/11/PL_anim000016-opt.jpg,https://test.imprimetresde.com/wp-content/uploads/2015/11/PL_anim000017-opt.jpg,https://test.imprimetresde.com/wp-content/uploads/2015/11/PL_anim000018-opt.jpg,https://test.imprimetresde.com/wp-content/uploads/2015/11/PL_anim000019-opt.jpg,https://test.imprimetresde.com/wp-content/uploads/2015/11/PL_anim000020-opt.jpg,https://test.imprimetresde.com/wp-content/uploads/2015/11/PL_anim000021-opt.jpg,https://test.imprimetresde.com/wp-content/uploads/2015/11/PL_anim000022-opt.jpg,https://test.imprimetresde.com/wp-content/uploads/2015/11/PL_anim000023-opt.jpg,https://test.imprimetresde.com/wp-content/uploads/2015/11/PL_anim000024-opt.jpg,https://test.imprimetresde.com/wp-content/uploads/2015/11/PL_anim000025-opt.jpg,https://test.imprimetresde.com/wp-content/uploads/2015/11/PL_anim000026-opt.jpg,https://test.imprimetresde.com/wp-content/uploads/2015/11/PL_anim000027-opt.jpg,https://test.imprimetresde.com/wp-content/uploads/2015/11/PL_anim000028-opt.jpg,https://test.imprimetresde.com/wp-content/uploads/2015/11/PL_anim000029-opt.jpg,https://test.imprimetresde.com/wp-content/uploads/2015/11/PL_anim000030-opt.jpg,https://test.imprimetresde.com/wp-content/uploads/2015/11/PL_anim000031-opt.jpg,https://test.imprimetresde.com/wp-content/uploads/2015/11/PL_anim000032-opt.jpg,https://test.imprimetresde.com/wp-content/uploads/2015/11/PL_anim000033-opt.jpg,https://test.imprimetresde.com/wp-content/uploads/2015/11/PL_anim000034-opt.jpg,https://test.imprimetresde.com/wp-content/uploads/2015/11/PL_anim000035-opt.jpg,https://test.imprimetresde.com/wp-content/uploads/2015/11/PL_anim000036-opt.jpg,https://test.imprimetresde.com/wp-content/uploads/2015/11/PL_anim000037-opt.jpg,https://test.imprimetresde.com/wp-content/uploads/2015/11/PL_anim000038-opt.jpg,https://test.imprimetresde.com/wp-content/uploads/2015/11/PL_anim000039-opt.jpg,https://test.imprimetresde.com/wp-content/uploads/2015/11/PL_anim000040-opt.jpg,https://test.imprimetresde.com/wp-content/uploads/2015/11/PL_anim000001-opt.jpg' src='https://test.imprimetresde.com/wp-content/uploads/2015/11/PL_anim000002-opt.jpg' ><br />
&nbsp;</p>
<p>O deseñador Samuel N. Bernier de Le FabShop di: &#8220;Eu vivo en París e encántame esta cidade. Si, é fermosa, chea de impresionante arquitectura, a historia e a cultura, pero o que máis gozo en París é o entusiasmo participación cidadá máis pola boa comida, a música e a &#8220;hora feliz&#8221; no seu café favorito. A miña maneira de homenaxear á miña cidade é manter os seus símbolos no imaxinario da xente. Historia, á liberdade, a arte e o amor da beleza na terra.&#8221;</p>
<p>Por todo isto, esta lámpada está inspirada na máis famosa das construcciónes de Gustave Eiffel. É un recordatorio de que a cidade da luz sempre será o símbolo de todas estas cousas, non importa o que pase.</p>
<p>** Pode ser personalizado con ata 8 caracteres, o que permite engadirlle nomes, marcas, etc</p>

<p>Esta lámpada de  Samuel N. Bernier,  está inspirada na máis famosa das construcciónes de Gustave Eiffel. É un recordatorio de que a cidade da luz sempre será o símbolo de todas estas cousas, non importa o que pase.</p>
