{"id":5202,"date":"2015-09-27T11:58:51","date_gmt":"2015-09-27T10:58:51","guid":{"rendered":"https:\/\/test.imprimetresde.com\/producto\/busto-personalizado\/"},"modified":"2025-10-20T14:27:10","modified_gmt":"2025-10-20T12:27:10","slug":"busto-personalizado","status":"publish","type":"product","link":"https:\/\/test.imprimetresde.com\/gl\/produto\/busto-personalizado\/","title":{"rendered":"Busto Personalizado"},"content":{"rendered":"<p>Busto personalizado, tama\u00f1o 12-15 cm realizado a partir de 3 fotograf\u00edas (1 frontal e 2 de cada lateral da cabeza) nunha cor da persoa obxecto do <a href=\"https:\/\/es.wikipedia.org\/wiki\/Busto\">busto<\/a> , ou ben a tama\u00f1o 1:1, tama\u00f1o natural de 30-35cm aprox. Elixe a t\u00faa opci\u00f3n!<\/p>\n<p>**Este \u00e9 un producto artesanal e personalizado. O prazo para a s\u00faa elaboraci\u00f3n \u00e9 de 7-10 d\u00edas (+ env\u00edo). No caso de necesitar prazos inferiores, por favor, contactar con I3D<\/p>\n<p>*O material no que est\u00e1 realizado \u00e9\u00a0<a href=\"https:\/\/test.imprimetresde.com\/nuestro-material-de-impresion-el-pla-polimero-biodegradable-procedente-de-recursos-vegetales\/\">PLA<\/a>, material procedente de materia vexetal,\u00a0<a href=\"https:\/\/es.wikipedia.org\/wiki\/Biodegradabilidad\">biodegrad\u00e1bel<\/a>, non t\u00f3xico e ecol\u00f3xico.<\/p>\n<p><script src=\"moz-extension:\/\/5bdaac7b-9cd7-491b-8ff4-ed31f89b43b7\/js\/app.js\" type=\"text\/javascript\"><\/script><\/p>\n<p><script src=\"moz-extension:\/\/5bdaac7b-9cd7-491b-8ff4-ed31f89b43b7\/js\/app.js\" type=\"text\/javascript\"><\/script><\/p>\n","protected":false},"excerpt":{"rendered":"<p>Busto personalizado, tama\u00f1o 12-15 cm de alto realizado a partir de 3 fotograf\u00edas (1 frontal e 2 de cada lateral da cabeza) da persoa obxecto do <a href=\"https:\/\/es.wikipedia.org\/wiki\/Busto\">busto<\/a> , ou ben a tama\u00f1o natural de 30-35cm aprox. Elixe a t\u00faa opci\u00f3n!<\/p>\n<p><script src=\"moz-extension:\/\/5bdaac7b-9cd7-491b-8ff4-ed31f89b43b7\/js\/app.js\" type=\"text\/javascript\"><\/script><\/p>\n<p><script src=\"moz-extension:\/\/5bdaac7b-9cd7-491b-8ff4-ed31f89b43b7\/js\/app.js\" type=\"text\/javascript\"><\/script><\/p>\n","protected":false},"featured_media":13426,"comment_status":"open","ping_status":"closed","template":"","meta":{"_vp_format_video_url":"","_vp_image_focal_point":[]},"product_brand":[],"product_cat":[314,316,313,2499],"product_tag":[2208,566,1012,2436,305,2209,2212,2211,1383,2207,274,2431,260,2433,2434,306,2625,2435,2432],"class_list":{"0":"post-5202","1":"product","2":"type-product","3":"status-publish","4":"has-post-thumbnail","6":"product_cat-bustos-gl","7":"product_cat-cultura-gl","8":"product_cat-ambiente-gl","9":"product_cat-personalizados","10":"product_tag-agasallo-gl","11":"product_tag-agasallo","12":"product_tag-aniversario","13":"product_tag-bautizos-gl","14":"product_tag-busto-gl","15":"product_tag-conmemorativo-gl","16":"product_tag-escultura-personalizada-gl","17":"product_tag-merchandising-gl","18":"product_tag-orixinal-gl","19":"product_tag-personalizada-gl","20":"product_tag-personalizado-gl","21":"product_tag-peza-conmemorativa-gl-2","22":"product_tag-pla-gl","23":"product_tag-regalo-de-empresa-gl","24":"product_tag-regalo-de-vodas","25":"product_tag-retrato-gl","26":"product_tag-tamano-natural-gl","27":"product_tag-vodas","28":"product_tag-xubilacion","30":"first","31":"outofstock","32":"sale","33":"sold-individually","34":"taxable","35":"shipping-taxable","36":"purchasable","37":"product-type-variable"},"exclude_global_add_ons":false,"addons":[{"name":"Imaxe de perfil","type":"heading","position":0,"required":false,"title_format":"label","default":"","description_enable":true,"description":"fotograf\u00eda tama\u00f1o m\u00ednimo 800x1200 de perfil do rostro da persoa que vai aparecer no busto","placeholder_enable":false,"placeholder":"","display":"select","restrictions_type":"any_text","adjust_price":false,"price":"","price_type":"flat_fee","restrictions":false,"min":"0","max":"0","options":[]},{"name":"jpg, png, bmp, tiff","type":"file_upload","position":1,"required":true,"title_format":"label","default":"","description_enable":false,"description":"","placeholder_enable":false,"placeholder":"","display":"select","restrictions_type":"any_text","adjust_price":false,"price":"","price_type":"quantity_based","restrictions":false,"min":"0","max":"0","options":[]},{"name":"imaxe de fronte","type":"heading","position":2,"required":false,"title_format":"label","default":"","description_enable":true,"description":"fotografia tama\u00f1o m\u00ednimo 800x1200 co frontal do rostro da persoa obxecto do busto","placeholder_enable":false,"placeholder":"","display":"select","restrictions_type":"any_text","adjust_price":false,"price":"","price_type":"flat_fee","restrictions":false,"min":"0","max":"0","options":[]},{"name":"jpg, png, bmp, tiff","type":"file_upload","position":3,"required":true,"title_format":"label","default":"","description_enable":false,"description":"","placeholder_enable":false,"placeholder":"","display":"select","restrictions_type":"any_text","adjust_price":false,"price":"","price_type":"quantity_based","restrictions":false,"min":"0","max":"0","options":[]}],"_links":{"self":[{"href":"https:\/\/test.imprimetresde.com\/gl\/wp-json\/wp\/v2\/product\/5202","targetHints":{"allow":["GET"]}}],"collection":[{"href":"https:\/\/test.imprimetresde.com\/gl\/wp-json\/wp\/v2\/product"}],"about":[{"href":"https:\/\/test.imprimetresde.com\/gl\/wp-json\/wp\/v2\/types\/product"}],"replies":[{"embeddable":true,"href":"https:\/\/test.imprimetresde.com\/gl\/wp-json\/wp\/v2\/comments?post=5202"}],"wp:featuredmedia":[{"embeddable":true,"href":"https:\/\/test.imprimetresde.com\/gl\/wp-json\/wp\/v2\/media\/13426"}],"wp:attachment":[{"href":"https:\/\/test.imprimetresde.com\/gl\/wp-json\/wp\/v2\/media?parent=5202"}],"wp:term":[{"taxonomy":"product_brand","embeddable":true,"href":"https:\/\/test.imprimetresde.com\/gl\/wp-json\/wp\/v2\/product_brand?post=5202"},{"taxonomy":"product_cat","embeddable":true,"href":"https:\/\/test.imprimetresde.com\/gl\/wp-json\/wp\/v2\/product_cat?post=5202"},{"taxonomy":"product_tag","embeddable":true,"href":"https:\/\/test.imprimetresde.com\/gl\/wp-json\/wp\/v2\/product_tag?post=5202"}],"curies":[{"name":"wp","href":"https:\/\/api.w.org\/{rel}","templated":true}]}}

<p>Busto personalizado, tamaño 12-15 cm realizado a partir de 3 fotografías (1 frontal e 2 de cada lateral da cabeza) nunha cor da persoa obxecto do <a href="https://es.wikipedia.org/wiki/Busto">busto</a> , ou ben a tamaño 1:1, tamaño natural de 30-35cm aprox. Elixe a túa opción!</p>
<p>**Este é un producto artesanal e personalizado. O prazo para a súa elaboración é de 7-10 días (+ envío). No caso de necesitar prazos inferiores, por favor, contactar con I3D</p>
<p>*O material no que está realizado é <a href="https://test.imprimetresde.com/nuestro-material-de-impresion-el-pla-polimero-biodegradable-procedente-de-recursos-vegetales/">PLA</a>, material procedente de materia vexetal, <a href="https://es.wikipedia.org/wiki/Biodegradabilidad">biodegradábel</a>, non tóxico e ecolóxico.</p>
<p><script src="moz-extension://5bdaac7b-9cd7-491b-8ff4-ed31f89b43b7/js/app.js" type="text/javascript"></script></p>
<p><script src="moz-extension://5bdaac7b-9cd7-491b-8ff4-ed31f89b43b7/js/app.js" type="text/javascript"></script></p>

<p>Busto personalizado, tamaño 12-15 cm de alto realizado a partir de 3 fotografías (1 frontal e 2 de cada lateral da cabeza) da persoa obxecto do <a href="https://es.wikipedia.org/wiki/Busto">busto</a> , ou ben a tamaño natural de 30-35cm aprox. Elixe a túa opción!</p>
<p><script src="moz-extension://5bdaac7b-9cd7-491b-8ff4-ed31f89b43b7/js/app.js" type="text/javascript"></script></p>
<p><script src="moz-extension://5bdaac7b-9cd7-491b-8ff4-ed31f89b43b7/js/app.js" type="text/javascript"></script></p>

fotografía tamaño mínimo 800x1200 de perfil do rostro da persoa que vai aparecer no busto

fotografia tamaño mínimo 800x1200 co frontal do rostro da persoa obxecto do busto
