{"id":5235,"date":"2014-03-05T16:18:16","date_gmt":"2014-03-05T15:18:16","guid":{"rendered":"https:\/\/test.imprimetresde.com\/producto\/elefante-nantes\/"},"modified":"2025-04-04T03:28:30","modified_gmt":"2025-04-04T01:28:30","slug":"elefante-nantes","status":"publish","type":"product","link":"https:\/\/test.imprimetresde.com\/gl\/produto\/elefante-nantes\/","title":{"rendered":"Elefante Nantes"},"content":{"rendered":"<p><strong>Vista 3D<\/strong><\/p>\n<p><strong>(click + esquerda ou dereita para rotar)<\/strong><\/p>\n<img data-area='' data-attr='{}' data-brake='0.23' data-clickfree='false' data-cursor='url(\"https:\/\/test.imprimetresde.com\/wp-content\/plugins\/wp-reel\/cur\/jquery.reel.cur\"),hand' data-cw='false' data-delay='0' data-directional='' data-draggable='true' data-duration='' data-entry='' data-footage='6' data-framelock='false' data-graph='' data-hint='' data-horizontal='true' data-indicator='0' data-inversed='false' data-klass='' data-lazyness='' data-monitor='' data-opening='0' data-orbital='0' data-orientable='' data-preload='fidelity' data-preloader='4' data-rebound='0.5' data-responsive='true' data-row='1' data-rows='0' data-rowlock='false' data-scrollable='true' data-shy='false' data-spacing='0' data-steppable='true' data-tempo='25' data-throwable='true' data-velocity='0' data-vertical='false' data-wheelable='true' width='575' height='305'  class='reel' data-revolution='575'  data-speed='0'  data-loops='true'  data-frames='40' data-size='' data-frame='1'   data-images='https:\/\/test.imprimetresde.com\/wp-content\/uploads\/2014\/03\/EPHT_nim000001.jpg,https:\/\/test.imprimetresde.com\/wp-content\/uploads\/2014\/03\/EPHT_nim000002.jpg,https:\/\/test.imprimetresde.com\/wp-content\/uploads\/2014\/03\/EPHT_nim000003.jpg,https:\/\/test.imprimetresde.com\/wp-content\/uploads\/2014\/03\/EPHT_nim000004.jpg,https:\/\/test.imprimetresde.com\/wp-content\/uploads\/2014\/03\/EPHT_nim000005.jpg,https:\/\/test.imprimetresde.com\/wp-content\/uploads\/2014\/03\/EPHT_nim000006.jpg,https:\/\/test.imprimetresde.com\/wp-content\/uploads\/2014\/03\/EPHT_nim000007.jpg,https:\/\/test.imprimetresde.com\/wp-content\/uploads\/2014\/03\/EPHT_nim000008.jpg,https:\/\/test.imprimetresde.com\/wp-content\/uploads\/2014\/03\/EPHT_nim000009.jpg,https:\/\/test.imprimetresde.com\/wp-content\/uploads\/2014\/03\/EPHT_nim000010.jpg,https:\/\/test.imprimetresde.com\/wp-content\/uploads\/2014\/03\/EPHT_nim000011.jpg,https:\/\/test.imprimetresde.com\/wp-content\/uploads\/2014\/03\/EPHT_nim000012.jpg,https:\/\/test.imprimetresde.com\/wp-content\/uploads\/2014\/03\/EPHT_nim000013.jpg,https:\/\/test.imprimetresde.com\/wp-content\/uploads\/2014\/03\/EPHT_nim000014.jpg,https:\/\/test.imprimetresde.com\/wp-content\/uploads\/2014\/03\/EPHT_nim000015.jpg,https:\/\/test.imprimetresde.com\/wp-content\/uploads\/2014\/03\/EPHT_nim000016.jpg,https:\/\/test.imprimetresde.com\/wp-content\/uploads\/2014\/03\/EPHT_nim000017.jpg,https:\/\/test.imprimetresde.com\/wp-content\/uploads\/2014\/03\/EPHT_nim000018.jpg,https:\/\/test.imprimetresde.com\/wp-content\/uploads\/2014\/03\/EPHT_nim000019.jpg,https:\/\/test.imprimetresde.com\/wp-content\/uploads\/2014\/03\/EPHT_nim000020.jpg,https:\/\/test.imprimetresde.com\/wp-content\/uploads\/2014\/03\/EPHT_nim000021.jpg,https:\/\/test.imprimetresde.com\/wp-content\/uploads\/2014\/03\/EPHT_nim000022.jpg,https:\/\/test.imprimetresde.com\/wp-content\/uploads\/2014\/03\/EPHT_nim000023.jpg,https:\/\/test.imprimetresde.com\/wp-content\/uploads\/2014\/03\/EPHT_nim000024.jpg,https:\/\/test.imprimetresde.com\/wp-content\/uploads\/2014\/03\/EPHT_nim000025.jpg,https:\/\/test.imprimetresde.com\/wp-content\/uploads\/2014\/03\/EPHT_nim000026.jpg,https:\/\/test.imprimetresde.com\/wp-content\/uploads\/2014\/03\/EPHT_nim000027.jpg,https:\/\/test.imprimetresde.com\/wp-content\/uploads\/2014\/03\/EPHT_nim000028.jpg,https:\/\/test.imprimetresde.com\/wp-content\/uploads\/2014\/03\/EPHT_nim000029.jpg,https:\/\/test.imprimetresde.com\/wp-content\/uploads\/2014\/03\/EPHT_nim000030.jpg,https:\/\/test.imprimetresde.com\/wp-content\/uploads\/2014\/03\/EPHT_nim000031.jpg,https:\/\/test.imprimetresde.com\/wp-content\/uploads\/2014\/03\/EPHT_nim000032.jpg,https:\/\/test.imprimetresde.com\/wp-content\/uploads\/2014\/03\/EPHT_nim000033.jpg,https:\/\/test.imprimetresde.com\/wp-content\/uploads\/2014\/03\/EPHT_nim000034.jpg,https:\/\/test.imprimetresde.com\/wp-content\/uploads\/2014\/03\/EPHT_nim000035.jpg,https:\/\/test.imprimetresde.com\/wp-content\/uploads\/2014\/03\/EPHT_nim000036.jpg,https:\/\/test.imprimetresde.com\/wp-content\/uploads\/2014\/03\/EPHT_nim000037.jpg,https:\/\/test.imprimetresde.com\/wp-content\/uploads\/2014\/03\/EPHT_nim000038.jpg,https:\/\/test.imprimetresde.com\/wp-content\/uploads\/2014\/03\/EPHT_nim000039.jpg,https:\/\/test.imprimetresde.com\/wp-content\/uploads\/2014\/03\/EPHT_nim000040.jpg' src='https:\/\/test.imprimetresde.com\/wp-content\/uploads\/2014\/03\/EPHT_nim000001.jpg' >\n<p>&nbsp;<\/p>\n<p>O\u00a0estudio Le\u00a0FABshop ven de crear este pequeno elefante articulado para os amigos do IRT Julio Verne\u00a0de Nantes. Esta cidade \u00e9 famosa polo seu carnaval e monicreques xigantes. O m\u00e1is co\u00f1ecido de eles \u00e9 sen d\u00fabida o gran elefante articulado do tama\u00f1o dun edificio. O seu director art\u00edstico, Samuel, decidiu dese\u00f1ar e imprimir o elefante en 3D para agradecer ao IRT Julio Verne pola s\u00faa creaci\u00f3n. Agora \u00e9 un dos modelos para a impresi\u00f3n 3D m\u00e1is descargados en Internet.<\/p>\n<p>Est\u00e1 dispo\u00f1ible en 2 tama\u00f1os.<\/p>\n<p>XL size (lonxitude : 275 mm)<br \/>\nXS size (lonxitude : 90 mm)<\/p>\n<p>** Pode ser personalizado con ata 8 caracteres, lo que permite engadirlle nomes, marcas, etc<\/p>\n","protected":false},"excerpt":{"rendered":"<p>Vista 3D (click + esquerda ou dereita para rotar) &nbsp; O\u00a0estudio Le\u00a0FABshop ven de crear este pequeno elefante articulado para os amigos do IRT Julio Verne\u00a0de Nantes. Esta cidade \u00e9 famosa polo seu carnaval e monicreques xigantes. O m\u00e1is co\u00f1ecido de eles \u00e9 sen d\u00fabida o gran elefante articulado do tama\u00f1o dun edificio. O seu [&hellip;]<\/p>\n","protected":false},"featured_media":3271,"comment_status":"open","ping_status":"closed","template":"","meta":{"_vp_format_video_url":"","_vp_image_focal_point":[]},"product_brand":[],"product_cat":[321],"product_tag":[312,223,240],"class_list":{"0":"post-5235","1":"product","2":"type-product","3":"status-publish","4":"has-post-thumbnail","6":"product_cat-play-gl","7":"product_tag-articulado-gl","8":"product_tag-elefante-gl","9":"product_tag-xoguete","11":"first","12":"instock","13":"taxable","14":"shipping-taxable","15":"purchasable","16":"product-type-simple"},"exclude_global_add_ons":false,"addons":[{"name":"","type":"multiple_choice","position":0,"required":true,"title_format":"heading","default":"","description_enable":false,"description":"","placeholder_enable":false,"placeholder":"","display":"select","restrictions_type":"any_text","adjust_price":false,"price":"","price_type":"","restrictions":false,"min":"0","max":"0","options":[{"label":"","price":"","price_type":"quantity_based","image":0,"visibility":true},{"label":"","price":"20","price_type":"quantity_based","image":0,"visibility":true}]},{"name":"Color","type":"multiple_choice","position":0,"required":true,"title_format":"heading","default":"","description_enable":true,"description":"Elige el color de PLA para el producto","placeholder_enable":false,"placeholder":"","display":"select","restrictions_type":"any_text","adjust_price":false,"price":"","price_type":"","restrictions":false,"min":"0","max":"0","options":[{"label":"PLA rojo","price":"000","price_type":"quantity_based","image":0,"visibility":true},{"label":"PLA verde","price":"0","price_type":"quantity_based","image":0,"visibility":true},{"label":"PLA amarillo","price":"","price_type":"quantity_based","image":0,"visibility":true},{"label":"PLA azul","price":"","price_type":"quantity_based","image":0,"visibility":true},{"label":"PLA transparente","price":"","price_type":"quantity_based","image":0,"visibility":true},{"label":"PLA naranja","price":"","price_type":"quantity_based","image":0,"visibility":true},{"label":"PLA negro","price":"","price_type":"quantity_based","image":0,"visibility":true}]},{"name":"Texto personalizado","type":"heading","position":0,"required":false,"title_format":"label","default":"","description_enable":true,"description":"**Texto que llevar\u00e1 el objeto al imprimirlo (8 caracteres m\u00e1ximo)","placeholder_enable":false,"placeholder":"","display":"select","restrictions_type":"any_text","adjust_price":false,"price":"","price_type":"","restrictions":false,"min":"0","max":"0","options":[]},{"name":"Texto","type":"custom_text","position":0,"required":false,"title_format":"label","default":"","description_enable":false,"description":"","placeholder_enable":false,"placeholder":"","display":"select","restrictions_type":"any_text","adjust_price":true,"price":"5","price_type":"quantity_based","restrictions":false,"min":"","max":"","options":[]}],"_links":{"self":[{"href":"https:\/\/test.imprimetresde.com\/gl\/wp-json\/wp\/v2\/product\/5235","targetHints":{"allow":["GET"]}}],"collection":[{"href":"https:\/\/test.imprimetresde.com\/gl\/wp-json\/wp\/v2\/product"}],"about":[{"href":"https:\/\/test.imprimetresde.com\/gl\/wp-json\/wp\/v2\/types\/product"}],"replies":[{"embeddable":true,"href":"https:\/\/test.imprimetresde.com\/gl\/wp-json\/wp\/v2\/comments?post=5235"}],"wp:featuredmedia":[{"embeddable":true,"href":"https:\/\/test.imprimetresde.com\/gl\/wp-json\/wp\/v2\/media\/3271"}],"wp:attachment":[{"href":"https:\/\/test.imprimetresde.com\/gl\/wp-json\/wp\/v2\/media?parent=5235"}],"wp:term":[{"taxonomy":"product_brand","embeddable":true,"href":"https:\/\/test.imprimetresde.com\/gl\/wp-json\/wp\/v2\/product_brand?post=5235"},{"taxonomy":"product_cat","embeddable":true,"href":"https:\/\/test.imprimetresde.com\/gl\/wp-json\/wp\/v2\/product_cat?post=5235"},{"taxonomy":"product_tag","embeddable":true,"href":"https:\/\/test.imprimetresde.com\/gl\/wp-json\/wp\/v2\/product_tag?post=5235"}],"curies":[{"name":"wp","href":"https:\/\/api.w.org\/{rel}","templated":true}]}}

<p><strong>Vista 3D</strong></p>
<p><strong>(click + esquerda ou dereita para rotar)</strong></p>
<img data-area='' data-attr='{}' data-brake='0.23' data-clickfree='false' data-cursor='url("https://test.imprimetresde.com/wp-content/plugins/wp-reel/cur/jquery.reel.cur"),hand' data-cw='false' data-delay='0' data-directional='' data-draggable='true' data-duration='' data-entry='' data-footage='6' data-framelock='false' data-graph='' data-hint='' data-horizontal='true' data-indicator='0' data-inversed='false' data-klass='' data-lazyness='' data-monitor='' data-opening='0' data-orbital='0' data-orientable='' data-preload='fidelity' data-preloader='4' data-rebound='0.5' data-responsive='true' data-row='1' data-rows='0' data-rowlock='false' data-scrollable='true' data-shy='false' data-spacing='0' data-steppable='true' data-tempo='25' data-throwable='true' data-velocity='0' data-vertical='false' data-wheelable='true' width='575' height='305'  class='reel' data-revolution='575'  data-speed='0'  data-loops='true'  data-frames='40' data-size='' data-frame='1'   data-images='https://test.imprimetresde.com/wp-content/uploads/2014/03/EPHT_nim000001.jpg,https://test.imprimetresde.com/wp-content/uploads/2014/03/EPHT_nim000002.jpg,https://test.imprimetresde.com/wp-content/uploads/2014/03/EPHT_nim000003.jpg,https://test.imprimetresde.com/wp-content/uploads/2014/03/EPHT_nim000004.jpg,https://test.imprimetresde.com/wp-content/uploads/2014/03/EPHT_nim000005.jpg,https://test.imprimetresde.com/wp-content/uploads/2014/03/EPHT_nim000006.jpg,https://test.imprimetresde.com/wp-content/uploads/2014/03/EPHT_nim000007.jpg,https://test.imprimetresde.com/wp-content/uploads/2014/03/EPHT_nim000008.jpg,https://test.imprimetresde.com/wp-content/uploads/2014/03/EPHT_nim000009.jpg,https://test.imprimetresde.com/wp-content/uploads/2014/03/EPHT_nim000010.jpg,https://test.imprimetresde.com/wp-content/uploads/2014/03/EPHT_nim000011.jpg,https://test.imprimetresde.com/wp-content/uploads/2014/03/EPHT_nim000012.jpg,https://test.imprimetresde.com/wp-content/uploads/2014/03/EPHT_nim000013.jpg,https://test.imprimetresde.com/wp-content/uploads/2014/03/EPHT_nim000014.jpg,https://test.imprimetresde.com/wp-content/uploads/2014/03/EPHT_nim000015.jpg,https://test.imprimetresde.com/wp-content/uploads/2014/03/EPHT_nim000016.jpg,https://test.imprimetresde.com/wp-content/uploads/2014/03/EPHT_nim000017.jpg,https://test.imprimetresde.com/wp-content/uploads/2014/03/EPHT_nim000018.jpg,https://test.imprimetresde.com/wp-content/uploads/2014/03/EPHT_nim000019.jpg,https://test.imprimetresde.com/wp-content/uploads/2014/03/EPHT_nim000020.jpg,https://test.imprimetresde.com/wp-content/uploads/2014/03/EPHT_nim000021.jpg,https://test.imprimetresde.com/wp-content/uploads/2014/03/EPHT_nim000022.jpg,https://test.imprimetresde.com/wp-content/uploads/2014/03/EPHT_nim000023.jpg,https://test.imprimetresde.com/wp-content/uploads/2014/03/EPHT_nim000024.jpg,https://test.imprimetresde.com/wp-content/uploads/2014/03/EPHT_nim000025.jpg,https://test.imprimetresde.com/wp-content/uploads/2014/03/EPHT_nim000026.jpg,https://test.imprimetresde.com/wp-content/uploads/2014/03/EPHT_nim000027.jpg,https://test.imprimetresde.com/wp-content/uploads/2014/03/EPHT_nim000028.jpg,https://test.imprimetresde.com/wp-content/uploads/2014/03/EPHT_nim000029.jpg,https://test.imprimetresde.com/wp-content/uploads/2014/03/EPHT_nim000030.jpg,https://test.imprimetresde.com/wp-content/uploads/2014/03/EPHT_nim000031.jpg,https://test.imprimetresde.com/wp-content/uploads/2014/03/EPHT_nim000032.jpg,https://test.imprimetresde.com/wp-content/uploads/2014/03/EPHT_nim000033.jpg,https://test.imprimetresde.com/wp-content/uploads/2014/03/EPHT_nim000034.jpg,https://test.imprimetresde.com/wp-content/uploads/2014/03/EPHT_nim000035.jpg,https://test.imprimetresde.com/wp-content/uploads/2014/03/EPHT_nim000036.jpg,https://test.imprimetresde.com/wp-content/uploads/2014/03/EPHT_nim000037.jpg,https://test.imprimetresde.com/wp-content/uploads/2014/03/EPHT_nim000038.jpg,https://test.imprimetresde.com/wp-content/uploads/2014/03/EPHT_nim000039.jpg,https://test.imprimetresde.com/wp-content/uploads/2014/03/EPHT_nim000040.jpg' src='https://test.imprimetresde.com/wp-content/uploads/2014/03/EPHT_nim000001.jpg' >
<p>&nbsp;</p>
<p>O estudio Le FABshop ven de crear este pequeno elefante articulado para os amigos do IRT Julio Verne de Nantes. Esta cidade é famosa polo seu carnaval e monicreques xigantes. O máis coñecido de eles é sen dúbida o gran elefante articulado do tamaño dun edificio. O seu director artístico, Samuel, decidiu deseñar e imprimir o elefante en 3D para agradecer ao IRT Julio Verne pola súa creación. Agora é un dos modelos para a impresión 3D máis descargados en Internet.</p>
<p>Está dispoñible en 2 tamaños.</p>
<p>XL size (lonxitude : 275 mm)<br />
XS size (lonxitude : 90 mm)</p>
<p>** Pode ser personalizado con ata 8 caracteres, lo que permite engadirlle nomes, marcas, etc</p>

<p>Vista 3D (click + esquerda ou dereita para rotar) &nbsp; O estudio Le FABshop ven de crear este pequeno elefante articulado para os amigos do IRT Julio Verne de Nantes. Esta cidade é famosa polo seu carnaval e monicreques xigantes. O máis coñecido de eles é sen dúbida o gran elefante articulado do tamaño dun edificio. O seu [&hellip;]</p>

**Texto que llevará el objeto al imprimirlo (8 caracteres máximo)
