{"id":5454,"date":"2017-05-04T19:11:37","date_gmt":"2017-05-05T09:09:41","guid":{"rendered":"https:\/\/test.imprimetresde.com\/?post_type=product&#038;p=5454\/"},"modified":"2022-11-15T20:43:38","modified_gmt":"2022-11-15T18:43:38","slug":"coleccion-woman-power","status":"publish","type":"product","link":"https:\/\/test.imprimetresde.com\/gl\/produto\/coleccion-woman-power\/","title":{"rendered":"Colecci\u00f3n Woman Power"},"content":{"rendered":"<p>Colecci\u00f3n Woman Power onde podes atopar desde brincos e colgante ata chavero co s\u00edmbolo <a href=\"https:\/\/gl.wikipedia.org\/wiki\/Feminismo\">feminista<\/a> e na cor que identifica mundialmente a loita feminista. Asimesmo, fixemos tam\u00e9n unha elegante versi\u00f3n en madeira, por se vos presta darlle un toque especial ao voso look. Feito en <a href=\"https:\/\/test.imprimetresde.com\/gl\/o-noso-material-de-impresion-o-pla-polimero-biodegradabel-procedente-de-recursos-vexetais\/\">PLA<\/a> ecol\u00f3xico.<\/p>\n<p>&nbsp;<\/p>\n<p><a href=\"https:\/\/gl.wikipedia.org\/wiki\/D%C3%ADa_Internacional_da_Muller\">8 de marzo<\/a>, D\u00eda Internacional da Mulher Trabalhadora<\/p>\n<p>&nbsp;<\/p>\n<p>&nbsp;<\/p>\n","protected":false},"excerpt":{"rendered":"<p>Colecci\u00f3n Woman Power podes atopar desde brincos e colgante ata chavero co s\u00edmbolo <a href=\"https:\/\/gl.wikipedia.org\/wiki\/Feminismo\">feminista<\/a> e na cor que identifica mundialmente a loita feminista. Asimesmo, fixemos tam\u00e9n unha elegante versi\u00f3n en madeira, por se vos presta darlle un toque especial ao voso look.<\/p>\n","protected":false},"featured_media":5459,"comment_status":"open","ping_status":"closed","template":"","meta":{"_vp_format_video_url":"","_vp_image_focal_point":[]},"product_brand":[],"product_cat":[421,315],"product_tag":[970,884,541,353,256,388,358,542,357,354,2098,2096,2097,355],"class_list":{"0":"post-5454","1":"product","2":"type-product","3":"status-publish","4":"has-post-thumbnail","6":"product_cat-activismo","7":"product_cat-complementos-gl","8":"product_tag-25n","9":"product_tag-8-de-marzo","10":"product_tag-8m","11":"product_tag-brincos","12":"product_tag-chaveiro","13":"product_tag-colar","14":"product_tag-colgante-gl","15":"product_tag-dia-internacional-da-muller","16":"product_tag-feminismo-gl","17":"product_tag-feminista-gl","18":"product_tag-galego-gl","19":"product_tag-mujer-gl","20":"product_tag-mujeres-gl","21":"product_tag-woman-power-gl","23":"first","24":"instock","25":"sale","26":"taxable","27":"shipping-taxable","28":"product-type-grouped"},"exclude_global_add_ons":[],"addons":[],"_links":{"self":[{"href":"https:\/\/test.imprimetresde.com\/gl\/wp-json\/wp\/v2\/product\/5454","targetHints":{"allow":["GET"]}}],"collection":[{"href":"https:\/\/test.imprimetresde.com\/gl\/wp-json\/wp\/v2\/product"}],"about":[{"href":"https:\/\/test.imprimetresde.com\/gl\/wp-json\/wp\/v2\/types\/product"}],"replies":[{"embeddable":true,"href":"https:\/\/test.imprimetresde.com\/gl\/wp-json\/wp\/v2\/comments?post=5454"}],"wp:featuredmedia":[{"embeddable":true,"href":"https:\/\/test.imprimetresde.com\/gl\/wp-json\/wp\/v2\/media\/5459"}],"wp:attachment":[{"href":"https:\/\/test.imprimetresde.com\/gl\/wp-json\/wp\/v2\/media?parent=5454"}],"wp:term":[{"taxonomy":"product_brand","embeddable":true,"href":"https:\/\/test.imprimetresde.com\/gl\/wp-json\/wp\/v2\/product_brand?post=5454"},{"taxonomy":"product_cat","embeddable":true,"href":"https:\/\/test.imprimetresde.com\/gl\/wp-json\/wp\/v2\/product_cat?post=5454"},{"taxonomy":"product_tag","embeddable":true,"href":"https:\/\/test.imprimetresde.com\/gl\/wp-json\/wp\/v2\/product_tag?post=5454"}],"curies":[{"name":"wp","href":"https:\/\/api.w.org\/{rel}","templated":true}]}}

Colección Woman Power

<p>Colección Woman Power onde podes atopar desde brincos e colgante ata chavero co símbolo <a href="https://gl.wikipedia.org/wiki/Feminismo">feminista</a> e na cor que identifica mundialmente a loita feminista. Asimesmo, fixemos tamén unha elegante versión en madeira, por se vos presta darlle un toque especial ao voso look. Feito en <a href="https://test.imprimetresde.com/gl/o-noso-material-de-impresion-o-pla-polimero-biodegradabel-procedente-de-recursos-vexetais/">PLA</a> ecolóxico.</p>
<p>&nbsp;</p>
<p><a href="https://gl.wikipedia.org/wiki/D%C3%ADa_Internacional_da_Muller">8 de marzo</a>, Día Internacional da Mulher Trabalhadora</p>
<p>&nbsp;</p>
<p>&nbsp;</p>

<p>Colección Woman Power podes atopar desde brincos e colgante ata chavero co símbolo <a href="https://gl.wikipedia.org/wiki/Feminismo">feminista</a> e na cor que identifica mundialmente a loita feminista. Asimesmo, fixemos tamén unha elegante versión en madeira, por se vos presta darlle un toque especial ao voso look.</p>
