{"id":5477,"date":"2018-04-09T11:29:29","date_gmt":"2018-04-09T10:29:29","guid":{"rendered":"https:\/\/test.imprimetresde.com\/?post_type=product&#038;p=5477\/"},"modified":"2025-05-07T17:44:02","modified_gmt":"2025-05-07T15:44:02","slug":"colgante-estrela-vermella","status":"publish","type":"product","link":"https:\/\/test.imprimetresde.com\/gl\/produto\/colgante-estrela-vermella\/","title":{"rendered":"Colar Estrela Vermella"},"content":{"rendered":"<p>Colar <a href=\"https:\/\/gl.wikipedia.org\/wiki\/Estrela_vermella\">Estrela Vermella<\/a> dese\u00f1ada pola equipa de <a href=\"https:\/\/test.imprimetresde.com\/gl\/\">Imprimetresde<\/a> na cor que identifica mundialmente a loita proletaria e o internacionalismo. Para darlle un toque especial \u00e1 t\u00faa imaxe.<\/p>\n<p>*O material no que est\u00e1 realizado \u00e9 <a href=\"https:\/\/test.imprimetresde.com\/gl\/o-noso-material-de-impresion-o-pla-polimero-biodegradabel-procedente-de-recursos-vexetais\/\">PLA<\/a>, material procedente de materia vexetal, biodegrad\u00e1bel, non t\u00f3xico e ecol\u00f3xico<\/p>\n<p>&nbsp;<\/p>\n<p><strong>Vista 3D (Click + Esquerda ou Dereita para rotar)<\/strong><\/p>\n<img data-area='' data-attr='{}' data-brake='0.23' data-clickfree='false' data-cursor='url(\"https:\/\/test.imprimetresde.com\/wp-content\/plugins\/wp-reel\/cur\/jquery.reel.cur\"),hand' data-cw='false' data-delay='0' data-directional='' data-draggable='true' data-duration='' data-entry='' data-footage='6' data-framelock='false' data-graph='' data-hint='' data-horizontal='true' data-indicator='0' data-inversed='false' data-klass='' data-lazyness='' data-monitor='' data-opening='0' data-orbital='0' data-orientable='' data-preload='fidelity' data-preloader='4' data-rebound='0.5' data-responsive='true' data-row='1' data-rows='0' data-rowlock='false' data-scrollable='true' data-shy='false' data-spacing='0' data-steppable='true' data-tempo='25' data-throwable='true' data-velocity='0' data-vertical='false' data-wheelable='true' width='575' height='311'  class='reel' data-revolution='575'  data-speed='0'  data-loops='true'  data-frames='41' data-size='' data-frame='1'   data-images='https:\/\/test.imprimetresde.com\/wp-content\/uploads\/2017\/06\/ESTRELA_anim000040.jpg,https:\/\/test.imprimetresde.com\/wp-content\/uploads\/2017\/06\/ESTRELA_anim000039.jpg,https:\/\/test.imprimetresde.com\/wp-content\/uploads\/2017\/06\/ESTRELA_anim000038.jpg,https:\/\/test.imprimetresde.com\/wp-content\/uploads\/2017\/06\/ESTRELA_anim000037.jpg,https:\/\/test.imprimetresde.com\/wp-content\/uploads\/2017\/06\/ESTRELA_anim000036.jpg,https:\/\/test.imprimetresde.com\/wp-content\/uploads\/2017\/06\/ESTRELA_anim000035.jpg,https:\/\/test.imprimetresde.com\/wp-content\/uploads\/2017\/06\/ESTRELA_anim000034.jpg,https:\/\/test.imprimetresde.com\/wp-content\/uploads\/2017\/06\/ESTRELA_anim000033.jpg,https:\/\/test.imprimetresde.com\/wp-content\/uploads\/2017\/06\/ESTRELA_anim000032.jpg,https:\/\/test.imprimetresde.com\/wp-content\/uploads\/2017\/06\/ESTRELA_anim000031.jpg,https:\/\/test.imprimetresde.com\/wp-content\/uploads\/2017\/06\/ESTRELA_anim000030.jpg,https:\/\/test.imprimetresde.com\/wp-content\/uploads\/2017\/06\/ESTRELA_anim000029.jpg,https:\/\/test.imprimetresde.com\/wp-content\/uploads\/2017\/06\/ESTRELA_anim000028.jpg,https:\/\/test.imprimetresde.com\/wp-content\/uploads\/2017\/06\/ESTRELA_anim000027.jpg,https:\/\/test.imprimetresde.com\/wp-content\/uploads\/2017\/06\/ESTRELA_anim000026.jpg,https:\/\/test.imprimetresde.com\/wp-content\/uploads\/2017\/06\/ESTRELA_anim000025.jpg,https:\/\/test.imprimetresde.com\/wp-content\/uploads\/2017\/06\/ESTRELA_anim000024.jpg,https:\/\/test.imprimetresde.com\/wp-content\/uploads\/2017\/06\/ESTRELA_anim000023.jpg,https:\/\/test.imprimetresde.com\/wp-content\/uploads\/2017\/06\/ESTRELA_anim000022.jpg,https:\/\/test.imprimetresde.com\/wp-content\/uploads\/2017\/06\/ESTRELA_anim000021.jpg,https:\/\/test.imprimetresde.com\/wp-content\/uploads\/2017\/06\/ESTRELA_anim000020.jpg,https:\/\/test.imprimetresde.com\/wp-content\/uploads\/2017\/06\/ESTRELA_anim000019.jpg,https:\/\/test.imprimetresde.com\/wp-content\/uploads\/2017\/06\/ESTRELA_anim000018.jpg,https:\/\/test.imprimetresde.com\/wp-content\/uploads\/2017\/06\/ESTRELA_anim000017.jpg,https:\/\/test.imprimetresde.com\/wp-content\/uploads\/2017\/06\/ESTRELA_anim000016.jpg,https:\/\/test.imprimetresde.com\/wp-content\/uploads\/2017\/06\/ESTRELA_anim000015.jpg,https:\/\/test.imprimetresde.com\/wp-content\/uploads\/2017\/06\/ESTRELA_anim000014.jpg,https:\/\/test.imprimetresde.com\/wp-content\/uploads\/2017\/06\/ESTRELA_anim000013.jpg,https:\/\/test.imprimetresde.com\/wp-content\/uploads\/2017\/06\/ESTRELA_anim000012.jpg,https:\/\/test.imprimetresde.com\/wp-content\/uploads\/2017\/06\/ESTRELA_anim000011.jpg,https:\/\/test.imprimetresde.com\/wp-content\/uploads\/2017\/06\/ESTRELA_anim000010.jpg,https:\/\/test.imprimetresde.com\/wp-content\/uploads\/2017\/06\/ESTRELA_anim000009.jpg,https:\/\/test.imprimetresde.com\/wp-content\/uploads\/2017\/06\/ESTRELA_anim000008.jpg,https:\/\/test.imprimetresde.com\/wp-content\/uploads\/2017\/06\/ESTRELA_anim000007.jpg,https:\/\/test.imprimetresde.com\/wp-content\/uploads\/2017\/06\/ESTRELA_anim000006.jpg,https:\/\/test.imprimetresde.com\/wp-content\/uploads\/2017\/06\/ESTRELA_anim000005.jpg,https:\/\/test.imprimetresde.com\/wp-content\/uploads\/2017\/06\/ESTRELA_anim000004.jpg,https:\/\/test.imprimetresde.com\/wp-content\/uploads\/2017\/06\/ESTRELA_anim000003.jpg,https:\/\/test.imprimetresde.com\/wp-content\/uploads\/2017\/06\/ESTRELA_anim000002.jpg,https:\/\/test.imprimetresde.com\/wp-content\/uploads\/2017\/06\/ESTRELA_anim000001.jpg,https:\/\/test.imprimetresde.com\/wp-content\/uploads\/2017\/06\/ESTRELA_anim000000.jpg' src='https:\/\/test.imprimetresde.com\/wp-content\/uploads\/2017\/06\/ESTRELA_anim000040.jpg' >\n<p>&nbsp;<\/p>\n","protected":false},"excerpt":{"rendered":"<p>Colar <a href=\"https:\/\/gl.wikipedia.org\/wiki\/Estrela_vermella\">Estrela Vermella<\/a> dese\u00f1ada pola equipa de <a href=\"https:\/\/test.imprimetresde.com\/gl\/\">Imprimetresde<\/a> na cor que identifica mundialmente a loita proletaria e o internacionalismo. Para darlle un toque especial \u00e1 t\u00faa imaxe.<\/p>\n<p>*O material no que est\u00e1 realizado \u00e9 <a href=\"https:\/\/test.imprimetresde.com\/gl\/o-noso-material-de-impresion-o-pla-polimero-biodegradabel-procedente-de-recursos-vexetais\/\">PLA<\/a>, material procedente de materia vexetal, biodegrad\u00e1bel, non t\u00f3xico e ecol\u00f3xico<\/p>\n","protected":false},"featured_media":5480,"comment_status":"open","ping_status":"closed","template":"","meta":{"_vp_format_video_url":"","_vp_image_focal_point":[]},"product_brand":[],"product_cat":[421,1312,315],"product_tag":[388,502,220,359,2216,2196,2215,1384],"class_list":{"0":"post-5477","1":"product","2":"type-product","3":"status-publish","4":"has-post-thumbnail","6":"product_cat-activismo","7":"product_cat-colgantes-gl","8":"product_cat-complementos-gl","9":"product_tag-colar","10":"product_tag-comunismo","11":"product_tag-estrela-vermella-gl","12":"product_tag-golgante","13":"product_tag-internacionalismo","14":"product_tag-loita-proletaria-gl","15":"product_tag-socialismo","16":"product_tag-souvenir","18":"first","19":"onbackorder","20":"sale","21":"taxable","22":"shipping-taxable","23":"purchasable","24":"product-type-simple"},"exclude_global_add_ons":[],"addons":[],"_links":{"self":[{"href":"https:\/\/test.imprimetresde.com\/gl\/wp-json\/wp\/v2\/product\/5477","targetHints":{"allow":["GET"]}}],"collection":[{"href":"https:\/\/test.imprimetresde.com\/gl\/wp-json\/wp\/v2\/product"}],"about":[{"href":"https:\/\/test.imprimetresde.com\/gl\/wp-json\/wp\/v2\/types\/product"}],"replies":[{"embeddable":true,"href":"https:\/\/test.imprimetresde.com\/gl\/wp-json\/wp\/v2\/comments?post=5477"}],"wp:featuredmedia":[{"embeddable":true,"href":"https:\/\/test.imprimetresde.com\/gl\/wp-json\/wp\/v2\/media\/5480"}],"wp:attachment":[{"href":"https:\/\/test.imprimetresde.com\/gl\/wp-json\/wp\/v2\/media?parent=5477"}],"wp:term":[{"taxonomy":"product_brand","embeddable":true,"href":"https:\/\/test.imprimetresde.com\/gl\/wp-json\/wp\/v2\/product_brand?post=5477"},{"taxonomy":"product_cat","embeddable":true,"href":"https:\/\/test.imprimetresde.com\/gl\/wp-json\/wp\/v2\/product_cat?post=5477"},{"taxonomy":"product_tag","embeddable":true,"href":"https:\/\/test.imprimetresde.com\/gl\/wp-json\/wp\/v2\/product_tag?post=5477"}],"curies":[{"name":"wp","href":"https:\/\/api.w.org\/{rel}","templated":true}]}}

<p>Colar <a href="https://gl.wikipedia.org/wiki/Estrela_vermella">Estrela Vermella</a> deseñada pola equipa de <a href="https://test.imprimetresde.com/gl/">Imprimetresde</a> na cor que identifica mundialmente a loita proletaria e o internacionalismo. Para darlle un toque especial á túa imaxe.</p>
<p>*O material no que está realizado é <a href="https://test.imprimetresde.com/gl/o-noso-material-de-impresion-o-pla-polimero-biodegradabel-procedente-de-recursos-vexetais/">PLA</a>, material procedente de materia vexetal, biodegradábel, non tóxico e ecolóxico</p>
<p>&nbsp;</p>
<p><strong>Vista 3D (Click + Esquerda ou Dereita para rotar)</strong></p>
<img data-area='' data-attr='{}' data-brake='0.23' data-clickfree='false' data-cursor='url("https://test.imprimetresde.com/wp-content/plugins/wp-reel/cur/jquery.reel.cur"),hand' data-cw='false' data-delay='0' data-directional='' data-draggable='true' data-duration='' data-entry='' data-footage='6' data-framelock='false' data-graph='' data-hint='' data-horizontal='true' data-indicator='0' data-inversed='false' data-klass='' data-lazyness='' data-monitor='' data-opening='0' data-orbital='0' data-orientable='' data-preload='fidelity' data-preloader='4' data-rebound='0.5' data-responsive='true' data-row='1' data-rows='0' data-rowlock='false' data-scrollable='true' data-shy='false' data-spacing='0' data-steppable='true' data-tempo='25' data-throwable='true' data-velocity='0' data-vertical='false' data-wheelable='true' width='575' height='311'  class='reel' data-revolution='575'  data-speed='0'  data-loops='true'  data-frames='41' data-size='' data-frame='1'   data-images='https://test.imprimetresde.com/wp-content/uploads/2017/06/ESTRELA_anim000040.jpg,https://test.imprimetresde.com/wp-content/uploads/2017/06/ESTRELA_anim000039.jpg,https://test.imprimetresde.com/wp-content/uploads/2017/06/ESTRELA_anim000038.jpg,https://test.imprimetresde.com/wp-content/uploads/2017/06/ESTRELA_anim000037.jpg,https://test.imprimetresde.com/wp-content/uploads/2017/06/ESTRELA_anim000036.jpg,https://test.imprimetresde.com/wp-content/uploads/2017/06/ESTRELA_anim000035.jpg,https://test.imprimetresde.com/wp-content/uploads/2017/06/ESTRELA_anim000034.jpg,https://test.imprimetresde.com/wp-content/uploads/2017/06/ESTRELA_anim000033.jpg,https://test.imprimetresde.com/wp-content/uploads/2017/06/ESTRELA_anim000032.jpg,https://test.imprimetresde.com/wp-content/uploads/2017/06/ESTRELA_anim000031.jpg,https://test.imprimetresde.com/wp-content/uploads/2017/06/ESTRELA_anim000030.jpg,https://test.imprimetresde.com/wp-content/uploads/2017/06/ESTRELA_anim000029.jpg,https://test.imprimetresde.com/wp-content/uploads/2017/06/ESTRELA_anim000028.jpg,https://test.imprimetresde.com/wp-content/uploads/2017/06/ESTRELA_anim000027.jpg,https://test.imprimetresde.com/wp-content/uploads/2017/06/ESTRELA_anim000026.jpg,https://test.imprimetresde.com/wp-content/uploads/2017/06/ESTRELA_anim000025.jpg,https://test.imprimetresde.com/wp-content/uploads/2017/06/ESTRELA_anim000024.jpg,https://test.imprimetresde.com/wp-content/uploads/2017/06/ESTRELA_anim000023.jpg,https://test.imprimetresde.com/wp-content/uploads/2017/06/ESTRELA_anim000022.jpg,https://test.imprimetresde.com/wp-content/uploads/2017/06/ESTRELA_anim000021.jpg,https://test.imprimetresde.com/wp-content/uploads/2017/06/ESTRELA_anim000020.jpg,https://test.imprimetresde.com/wp-content/uploads/2017/06/ESTRELA_anim000019.jpg,https://test.imprimetresde.com/wp-content/uploads/2017/06/ESTRELA_anim000018.jpg,https://test.imprimetresde.com/wp-content/uploads/2017/06/ESTRELA_anim000017.jpg,https://test.imprimetresde.com/wp-content/uploads/2017/06/ESTRELA_anim000016.jpg,https://test.imprimetresde.com/wp-content/uploads/2017/06/ESTRELA_anim000015.jpg,https://test.imprimetresde.com/wp-content/uploads/2017/06/ESTRELA_anim000014.jpg,https://test.imprimetresde.com/wp-content/uploads/2017/06/ESTRELA_anim000013.jpg,https://test.imprimetresde.com/wp-content/uploads/2017/06/ESTRELA_anim000012.jpg,https://test.imprimetresde.com/wp-content/uploads/2017/06/ESTRELA_anim000011.jpg,https://test.imprimetresde.com/wp-content/uploads/2017/06/ESTRELA_anim000010.jpg,https://test.imprimetresde.com/wp-content/uploads/2017/06/ESTRELA_anim000009.jpg,https://test.imprimetresde.com/wp-content/uploads/2017/06/ESTRELA_anim000008.jpg,https://test.imprimetresde.com/wp-content/uploads/2017/06/ESTRELA_anim000007.jpg,https://test.imprimetresde.com/wp-content/uploads/2017/06/ESTRELA_anim000006.jpg,https://test.imprimetresde.com/wp-content/uploads/2017/06/ESTRELA_anim000005.jpg,https://test.imprimetresde.com/wp-content/uploads/2017/06/ESTRELA_anim000004.jpg,https://test.imprimetresde.com/wp-content/uploads/2017/06/ESTRELA_anim000003.jpg,https://test.imprimetresde.com/wp-content/uploads/2017/06/ESTRELA_anim000002.jpg,https://test.imprimetresde.com/wp-content/uploads/2017/06/ESTRELA_anim000001.jpg,https://test.imprimetresde.com/wp-content/uploads/2017/06/ESTRELA_anim000000.jpg' src='https://test.imprimetresde.com/wp-content/uploads/2017/06/ESTRELA_anim000040.jpg' >
<p>&nbsp;</p>

<p>Colar <a href="https://gl.wikipedia.org/wiki/Estrela_vermella">Estrela Vermella</a> deseñada pola equipa de <a href="https://test.imprimetresde.com/gl/">Imprimetresde</a> na cor que identifica mundialmente a loita proletaria e o internacionalismo. Para darlle un toque especial á túa imaxe.</p>
<p>*O material no que está realizado é <a href="https://test.imprimetresde.com/gl/o-noso-material-de-impresion-o-pla-polimero-biodegradabel-procedente-de-recursos-vexetais/">PLA</a>, material procedente de materia vexetal, biodegradábel, non tóxico e ecolóxico</p>
