{"id":5675,"date":"2017-06-30T14:09:03","date_gmt":"2017-06-30T12:09:03","guid":{"rendered":"https:\/\/test.imprimetresde.com\/?post_type=product&#038;p=5675\/"},"modified":"2025-04-04T17:05:08","modified_gmt":"2025-04-04T15:05:08","slug":"iman-castelao","status":"publish","type":"product","link":"https:\/\/test.imprimetresde.com\/gl\/produto\/iman-castelao\/","title":{"rendered":"Im\u00e1n Castelao"},"content":{"rendered":"<p>Im\u00e1n <a href=\"https:\/\/gl.wikipedia.org\/wiki\/Alfonso_Daniel_Rodr%C3%ADguez_Castelao\">Castelao<\/a> dese\u00f1ado por <a href=\"https:\/\/test.imprimetresde.com\/gl\/\">Imprimetresde<\/a>, perfecto para colocar no refrixerador. Bas\u00e9ase nun dese\u00f1o do propio Daniel A. Rodr\u00edguez Castelao sobre a s\u00faa imaxe: &#8220;Autocaricatura&#8221; de 1914, \u00e9 un grabado\/serigraf\u00eda do imprescind\u00edbel e polifac\u00e9tico autor que figura na Colecci\u00f3n do Museo de Pontevedra, cidade onde residiu a meirande parte da s\u00faa idade, ata o seu exilio forzoso na Arxentina<\/p>\n<p>&nbsp;<\/p>\n<p>[vc_row][vc_column][vc_column_text]<strong>Vista 3D (Click + Esquerda ou Dereita para rotar)<\/strong><\/p>\n<img data-area='' data-attr='{}' data-brake='0.23' data-clickfree='false' data-cursor='url(\"https:\/\/test.imprimetresde.com\/wp-content\/plugins\/wp-reel\/cur\/jquery.reel.cur\"),hand' data-cw='false' data-delay='0' data-directional='' data-draggable='true' data-duration='' data-entry='' data-footage='6' data-framelock='false' data-graph='' data-hint='' data-horizontal='true' data-indicator='0' data-inversed='false' data-klass='' data-lazyness='' data-monitor='' data-opening='0' data-orbital='0' data-orientable='' data-preload='fidelity' data-preloader='4' data-rebound='0.5' data-responsive='true' data-row='1' data-rows='0' data-rowlock='false' data-scrollable='true' data-shy='false' data-spacing='0' data-steppable='true' data-tempo='25' data-throwable='true' data-velocity='0' data-vertical='false' data-wheelable='true' width='575' height='311'  class='reel' data-revolution='575'  data-speed='0'  data-loops='true'  data-frames='41' data-size='' data-frame='1'   data-images='https:\/\/test.imprimetresde.com\/wp-content\/uploads\/2017\/06\/CASTELAO_anim000037.jpg,https:\/\/test.imprimetresde.com\/wp-content\/uploads\/2017\/06\/CASTELAO_anim000038.jpg,https:\/\/test.imprimetresde.com\/wp-content\/uploads\/2017\/06\/CASTELAO_anim000039.jpg,https:\/\/test.imprimetresde.com\/wp-content\/uploads\/2017\/06\/CASTELAO_anim000040.jpg,https:\/\/test.imprimetresde.com\/wp-content\/uploads\/2017\/06\/CASTELAO_anim00.jpg,https:\/\/test.imprimetresde.com\/wp-content\/uploads\/2017\/06\/CASTELAO_anim000001.jpg,https:\/\/test.imprimetresde.com\/wp-content\/uploads\/2017\/06\/CASTELAO_anim000002.jpg,https:\/\/test.imprimetresde.com\/wp-content\/uploads\/2017\/06\/CASTELAO_anim000003.jpg,https:\/\/test.imprimetresde.com\/wp-content\/uploads\/2017\/06\/CASTELAO_anim000004.jpg,https:\/\/test.imprimetresde.com\/wp-content\/uploads\/2017\/06\/CASTELAO_anim000005.jpg,https:\/\/test.imprimetresde.com\/wp-content\/uploads\/2017\/06\/CASTELAO_anim000006.jpg,https:\/\/test.imprimetresde.com\/wp-content\/uploads\/2017\/06\/CASTELAO_anim000007.jpg,https:\/\/test.imprimetresde.com\/wp-content\/uploads\/2017\/06\/CASTELAO_anim000008.jpg,https:\/\/test.imprimetresde.com\/wp-content\/uploads\/2017\/06\/CASTELAO_anim000009.jpg,https:\/\/test.imprimetresde.com\/wp-content\/uploads\/2017\/06\/CASTELAO_anim000010.jpg,https:\/\/test.imprimetresde.com\/wp-content\/uploads\/2017\/06\/CASTELAO_anim000011.jpg,https:\/\/test.imprimetresde.com\/wp-content\/uploads\/2017\/06\/CASTELAO_anim000012.jpg,https:\/\/test.imprimetresde.com\/wp-content\/uploads\/2017\/06\/CASTELAO_anim000013.jpg,https:\/\/test.imprimetresde.com\/wp-content\/uploads\/2017\/06\/CASTELAO_anim000014.jpg,https:\/\/test.imprimetresde.com\/wp-content\/uploads\/2017\/06\/CASTELAO_anim000015.jpg,https:\/\/test.imprimetresde.com\/wp-content\/uploads\/2017\/06\/CASTELAO_anim000016.jpg,https:\/\/test.imprimetresde.com\/wp-content\/uploads\/2017\/06\/CASTELAO_anim000017.jpg,https:\/\/test.imprimetresde.com\/wp-content\/uploads\/2017\/06\/CASTELAO_anim000018.jpg,https:\/\/test.imprimetresde.com\/wp-content\/uploads\/2017\/06\/CASTELAO_anim000019.jpg,https:\/\/test.imprimetresde.com\/wp-content\/uploads\/2017\/06\/CASTELAO_anim000020.jpg,https:\/\/test.imprimetresde.com\/wp-content\/uploads\/2017\/06\/CASTELAO_anim000021.jpg,https:\/\/test.imprimetresde.com\/wp-content\/uploads\/2017\/06\/CASTELAO_anim000022.jpg,https:\/\/test.imprimetresde.com\/wp-content\/uploads\/2017\/06\/CASTELAO_anim000023.jpg,https:\/\/test.imprimetresde.com\/wp-content\/uploads\/2017\/06\/CASTELAO_anim000024.jpg,https:\/\/test.imprimetresde.com\/wp-content\/uploads\/2017\/06\/CASTELAO_anim000025.jpg,https:\/\/test.imprimetresde.com\/wp-content\/uploads\/2017\/06\/CASTELAO_anim000026.jpg,https:\/\/test.imprimetresde.com\/wp-content\/uploads\/2017\/06\/CASTELAO_anim000027.jpg,https:\/\/test.imprimetresde.com\/wp-content\/uploads\/2017\/06\/CASTELAO_anim000028.jpg,https:\/\/test.imprimetresde.com\/wp-content\/uploads\/2017\/06\/CASTELAO_anim000029.jpg,https:\/\/test.imprimetresde.com\/wp-content\/uploads\/2017\/06\/CASTELAO_anim000030.jpg,https:\/\/test.imprimetresde.com\/wp-content\/uploads\/2017\/06\/CASTELAO_anim000031.jpg,https:\/\/test.imprimetresde.com\/wp-content\/uploads\/2017\/06\/CASTELAO_anim000032.jpg,https:\/\/test.imprimetresde.com\/wp-content\/uploads\/2017\/06\/CASTELAO_anim000033.jpg,https:\/\/test.imprimetresde.com\/wp-content\/uploads\/2017\/06\/CASTELAO_anim000034.jpg,https:\/\/test.imprimetresde.com\/wp-content\/uploads\/2017\/06\/CASTELAO_anim000035.jpg,https:\/\/test.imprimetresde.com\/wp-content\/uploads\/2017\/06\/CASTELAO_anim000036.jpg' src='https:\/\/test.imprimetresde.com\/wp-content\/uploads\/2017\/06\/CASTELAO_anim000037.jpg' >\n<p>&nbsp;<\/p>\n<p>&nbsp;<\/p>\n<p><script src=\"moz-extension:\/\/5bdaac7b-9cd7-491b-8ff4-ed31f89b43b7\/js\/app.js\" type=\"text\/javascript\"><\/script><\/p>\n<p><script src=\"moz-extension:\/\/5bdaac7b-9cd7-491b-8ff4-ed31f89b43b7\/js\/app.js\" type=\"text\/javascript\"><\/script><\/p>\n","protected":false},"excerpt":{"rendered":"<p>Im\u00e1n <a href=\"https:\/\/gl.wikipedia.org\/wiki\/Alfonso_Daniel_Rodr%C3%ADguez_Castelao\">Castelao<\/a> dese\u00f1ado por <a href=\"https:\/\/test.imprimetresde.com\/gl\/\">Imprimetresde<\/a>, perfecto para colocar no refrixerador. Bas\u00e9ase nun dese\u00f1o do propio Daniel A. Rodr\u00edguez Castelao, sobre a s\u00faa imaxe: &#8220;Autocaricatura&#8221; de 1914.<\/p>\n<p>*O material no que est\u00e1 realizado \u00e9 <a href=\"https:\/\/test.imprimetresde.com\/gl\/o-noso-material-de-impresion-o-pla-polimero-biodegradabel-procedente-de-recursos-vexetais\/\">PLA<\/a>, material procedente de materia vexetal, biodegrad\u00e1bel, non t\u00f3xico e ecol\u00f3xico<\/p>\n<p><script src=\"moz-extension:\/\/5bdaac7b-9cd7-491b-8ff4-ed31f89b43b7\/js\/app.js\" type=\"text\/javascript\"><\/script><\/p>\n<p><script src=\"moz-extension:\/\/5bdaac7b-9cd7-491b-8ff4-ed31f89b43b7\/js\/app.js\" type=\"text\/javascript\"><\/script><\/p>\n","protected":false},"featured_media":5760,"comment_status":"open","ping_status":"closed","template":"","meta":{"_vp_format_video_url":"","_vp_image_focal_point":[]},"product_brand":[],"product_cat":[421,315,316,313],"product_tag":[1962,1963,380,378,379,1114,1208,1149,1115,410,463,377,560,561,565,564,563,562],"class_list":{"0":"post-5675","1":"product","2":"type-product","3":"status-publish","4":"has-post-thumbnail","6":"product_cat-activismo","7":"product_cat-complementos-gl","8":"product_cat-cultura-gl","9":"product_cat-ambiente-gl","10":"product_tag-17-de-maio","11":"product_tag-17m","12":"product_tag-autocaricatura","13":"product_tag-castelao","14":"product_tag-daniel-a-rodriguez-castelao","15":"product_tag-dia-da-nai","16":"product_tag-dia-da-patria","17":"product_tag-dia-das-letras","18":"product_tag-dia-do-pai","19":"product_tag-galego","20":"product_tag-galiza","21":"product_tag-iman-de-neveira","22":"product_tag-irmao-daniel","23":"product_tag-nacion","24":"product_tag-nacionalismo","25":"product_tag-nacionalismo-galego","26":"product_tag-rianxo","27":"product_tag-sempre-en-galiza","29":"first","30":"instock","31":"taxable","32":"shipping-taxable","33":"purchasable","34":"product-type-simple"},"exclude_global_add_ons":[],"addons":[],"_links":{"self":[{"href":"https:\/\/test.imprimetresde.com\/gl\/wp-json\/wp\/v2\/product\/5675","targetHints":{"allow":["GET"]}}],"collection":[{"href":"https:\/\/test.imprimetresde.com\/gl\/wp-json\/wp\/v2\/product"}],"about":[{"href":"https:\/\/test.imprimetresde.com\/gl\/wp-json\/wp\/v2\/types\/product"}],"replies":[{"embeddable":true,"href":"https:\/\/test.imprimetresde.com\/gl\/wp-json\/wp\/v2\/comments?post=5675"}],"wp:featuredmedia":[{"embeddable":true,"href":"https:\/\/test.imprimetresde.com\/gl\/wp-json\/wp\/v2\/media\/5760"}],"wp:attachment":[{"href":"https:\/\/test.imprimetresde.com\/gl\/wp-json\/wp\/v2\/media?parent=5675"}],"wp:term":[{"taxonomy":"product_brand","embeddable":true,"href":"https:\/\/test.imprimetresde.com\/gl\/wp-json\/wp\/v2\/product_brand?post=5675"},{"taxonomy":"product_cat","embeddable":true,"href":"https:\/\/test.imprimetresde.com\/gl\/wp-json\/wp\/v2\/product_cat?post=5675"},{"taxonomy":"product_tag","embeddable":true,"href":"https:\/\/test.imprimetresde.com\/gl\/wp-json\/wp\/v2\/product_tag?post=5675"}],"curies":[{"name":"wp","href":"https:\/\/api.w.org\/{rel}","templated":true}]}}

Imán Castelao

<p>Imán <a href="https://gl.wikipedia.org/wiki/Alfonso_Daniel_Rodr%C3%ADguez_Castelao">Castelao</a> deseñado por <a href="https://test.imprimetresde.com/gl/">Imprimetresde</a>, perfecto para colocar no refrixerador. Baséase nun deseño do propio Daniel A. Rodríguez Castelao sobre a súa imaxe: &#8220;Autocaricatura&#8221; de 1914, é un grabado/serigrafía do imprescindíbel e polifacético autor que figura na Colección do Museo de Pontevedra, cidade onde residiu a meirande parte da súa idade, ata o seu exilio forzoso na Arxentina</p>
<p>&nbsp;</p>
<p>[vc_row][vc_column][vc_column_text]<strong>Vista 3D (Click + Esquerda ou Dereita para rotar)</strong></p>
<img data-area='' data-attr='{}' data-brake='0.23' data-clickfree='false' data-cursor='url("https://test.imprimetresde.com/wp-content/plugins/wp-reel/cur/jquery.reel.cur"),hand' data-cw='false' data-delay='0' data-directional='' data-draggable='true' data-duration='' data-entry='' data-footage='6' data-framelock='false' data-graph='' data-hint='' data-horizontal='true' data-indicator='0' data-inversed='false' data-klass='' data-lazyness='' data-monitor='' data-opening='0' data-orbital='0' data-orientable='' data-preload='fidelity' data-preloader='4' data-rebound='0.5' data-responsive='true' data-row='1' data-rows='0' data-rowlock='false' data-scrollable='true' data-shy='false' data-spacing='0' data-steppable='true' data-tempo='25' data-throwable='true' data-velocity='0' data-vertical='false' data-wheelable='true' width='575' height='311'  class='reel' data-revolution='575'  data-speed='0'  data-loops='true'  data-frames='41' data-size='' data-frame='1'   data-images='https://test.imprimetresde.com/wp-content/uploads/2017/06/CASTELAO_anim000037.jpg,https://test.imprimetresde.com/wp-content/uploads/2017/06/CASTELAO_anim000038.jpg,https://test.imprimetresde.com/wp-content/uploads/2017/06/CASTELAO_anim000039.jpg,https://test.imprimetresde.com/wp-content/uploads/2017/06/CASTELAO_anim000040.jpg,https://test.imprimetresde.com/wp-content/uploads/2017/06/CASTELAO_anim00.jpg,https://test.imprimetresde.com/wp-content/uploads/2017/06/CASTELAO_anim000001.jpg,https://test.imprimetresde.com/wp-content/uploads/2017/06/CASTELAO_anim000002.jpg,https://test.imprimetresde.com/wp-content/uploads/2017/06/CASTELAO_anim000003.jpg,https://test.imprimetresde.com/wp-content/uploads/2017/06/CASTELAO_anim000004.jpg,https://test.imprimetresde.com/wp-content/uploads/2017/06/CASTELAO_anim000005.jpg,https://test.imprimetresde.com/wp-content/uploads/2017/06/CASTELAO_anim000006.jpg,https://test.imprimetresde.com/wp-content/uploads/2017/06/CASTELAO_anim000007.jpg,https://test.imprimetresde.com/wp-content/uploads/2017/06/CASTELAO_anim000008.jpg,https://test.imprimetresde.com/wp-content/uploads/2017/06/CASTELAO_anim000009.jpg,https://test.imprimetresde.com/wp-content/uploads/2017/06/CASTELAO_anim000010.jpg,https://test.imprimetresde.com/wp-content/uploads/2017/06/CASTELAO_anim000011.jpg,https://test.imprimetresde.com/wp-content/uploads/2017/06/CASTELAO_anim000012.jpg,https://test.imprimetresde.com/wp-content/uploads/2017/06/CASTELAO_anim000013.jpg,https://test.imprimetresde.com/wp-content/uploads/2017/06/CASTELAO_anim000014.jpg,https://test.imprimetresde.com/wp-content/uploads/2017/06/CASTELAO_anim000015.jpg,https://test.imprimetresde.com/wp-content/uploads/2017/06/CASTELAO_anim000016.jpg,https://test.imprimetresde.com/wp-content/uploads/2017/06/CASTELAO_anim000017.jpg,https://test.imprimetresde.com/wp-content/uploads/2017/06/CASTELAO_anim000018.jpg,https://test.imprimetresde.com/wp-content/uploads/2017/06/CASTELAO_anim000019.jpg,https://test.imprimetresde.com/wp-content/uploads/2017/06/CASTELAO_anim000020.jpg,https://test.imprimetresde.com/wp-content/uploads/2017/06/CASTELAO_anim000021.jpg,https://test.imprimetresde.com/wp-content/uploads/2017/06/CASTELAO_anim000022.jpg,https://test.imprimetresde.com/wp-content/uploads/2017/06/CASTELAO_anim000023.jpg,https://test.imprimetresde.com/wp-content/uploads/2017/06/CASTELAO_anim000024.jpg,https://test.imprimetresde.com/wp-content/uploads/2017/06/CASTELAO_anim000025.jpg,https://test.imprimetresde.com/wp-content/uploads/2017/06/CASTELAO_anim000026.jpg,https://test.imprimetresde.com/wp-content/uploads/2017/06/CASTELAO_anim000027.jpg,https://test.imprimetresde.com/wp-content/uploads/2017/06/CASTELAO_anim000028.jpg,https://test.imprimetresde.com/wp-content/uploads/2017/06/CASTELAO_anim000029.jpg,https://test.imprimetresde.com/wp-content/uploads/2017/06/CASTELAO_anim000030.jpg,https://test.imprimetresde.com/wp-content/uploads/2017/06/CASTELAO_anim000031.jpg,https://test.imprimetresde.com/wp-content/uploads/2017/06/CASTELAO_anim000032.jpg,https://test.imprimetresde.com/wp-content/uploads/2017/06/CASTELAO_anim000033.jpg,https://test.imprimetresde.com/wp-content/uploads/2017/06/CASTELAO_anim000034.jpg,https://test.imprimetresde.com/wp-content/uploads/2017/06/CASTELAO_anim000035.jpg,https://test.imprimetresde.com/wp-content/uploads/2017/06/CASTELAO_anim000036.jpg' src='https://test.imprimetresde.com/wp-content/uploads/2017/06/CASTELAO_anim000037.jpg' >
<p>&nbsp;</p>
<p>&nbsp;</p>
<p><script src="moz-extension://5bdaac7b-9cd7-491b-8ff4-ed31f89b43b7/js/app.js" type="text/javascript"></script></p>
<p><script src="moz-extension://5bdaac7b-9cd7-491b-8ff4-ed31f89b43b7/js/app.js" type="text/javascript"></script></p>

<p>Imán <a href="https://gl.wikipedia.org/wiki/Alfonso_Daniel_Rodr%C3%ADguez_Castelao">Castelao</a> deseñado por <a href="https://test.imprimetresde.com/gl/">Imprimetresde</a>, perfecto para colocar no refrixerador. Baséase nun deseño do propio Daniel A. Rodríguez Castelao, sobre a súa imaxe: &#8220;Autocaricatura&#8221; de 1914.</p>
<p>*O material no que está realizado é <a href="https://test.imprimetresde.com/gl/o-noso-material-de-impresion-o-pla-polimero-biodegradabel-procedente-de-recursos-vexetais/">PLA</a>, material procedente de materia vexetal, biodegradábel, non tóxico e ecolóxico</p>
<p><script src="moz-extension://5bdaac7b-9cd7-491b-8ff4-ed31f89b43b7/js/app.js" type="text/javascript"></script></p>
<p><script src="moz-extension://5bdaac7b-9cd7-491b-8ff4-ed31f89b43b7/js/app.js" type="text/javascript"></script></p>
