{"id":5780,"date":"2017-07-04T23:59:19","date_gmt":"2017-07-04T23:59:19","guid":{"rendered":"https:\/\/test.imprimetresde.com\/?post_type=product&#038;p=5780\/"},"modified":"2025-10-20T14:29:16","modified_gmt":"2025-10-20T12:29:16","slug":"colgante-pandeireta","status":"publish","type":"product","link":"https:\/\/test.imprimetresde.com\/gl\/produto\/colgante-pandeireta\/","title":{"rendered":"Colar Pandeireta"},"content":{"rendered":"<p>Colar <a href=\"https:\/\/gl.wikipedia.org\/wiki\/Pandeireta\">Pandeireta<\/a> dese\u00f1ado por <a href=\"https:\/\/test.imprimetresde.com\/gl\/\">Imprimetresde<\/a>, \u00e9 unha homenaxe \u00e1 nosa pandeireta, ese precioso instrumento que constit\u00fae a base da m\u00fasica tradicional galega. Realizado en madeira imprim\u00edbel (wooden <a href=\"https:\/\/test.imprimetresde.com\/gl\/o-noso-material-de-impresion-o-pla-polimero-biodegradabel-procedente-de-recursos-vexetais\/\">PLA<\/a>) e PLA, disp\u00f3n dunhas ferre\u00f1as met\u00e1licas que far\u00e1n as delicias de calquer mel\u00f3man@.<\/p>\n<p>*O material no que est\u00e1 realizado \u00e9 PLA, material procedente de materia vexetal, biodegrad\u00e1bel, non t\u00f3xico e ecol\u00f3xico<\/p>\n<p><script src=\"moz-extension:\/\/5bdaac7b-9cd7-491b-8ff4-ed31f89b43b7\/js\/app.js\" type=\"text\/javascript\"><\/script><\/p>\n","protected":false},"excerpt":{"rendered":"<p>Colar <a href=\"https:\/\/gl.wikipedia.org\/wiki\/Pandeireta\">Pandeireta<\/a> dese\u00f1ado por <a href=\"https:\/\/test.imprimetresde.com\/gl\/\">Imprimetresde<\/a>, \u00e9 unha homenaxe \u00e1 nosa pandeireta, ese precioso instrumento que constit\u00fae a base da m\u00fasica tradicional galega. Realizado en madeira imprim\u00edbel (wooden <a href=\"https:\/\/test.imprimetresde.com\/gl\/o-noso-material-de-impresion-o-pla-polimero-biodegradabel-procedente-de-recursos-vexetais\/\">PLA<\/a>) e PLA, disp\u00f3n dunhas ferre\u00f1as met\u00e1licas que far\u00e1n as delicias de calquer mel\u00f3man@.<\/p>\n<p>&nbsp;<\/p>\n<p><script src=\"moz-extension:\/\/5bdaac7b-9cd7-491b-8ff4-ed31f89b43b7\/js\/app.js\" type=\"text\/javascript\"><\/script><\/p>\n","protected":false},"featured_media":10394,"comment_status":"open","ping_status":"closed","template":"","meta":{"_vp_format_video_url":"","_vp_image_focal_point":[]},"product_brand":[],"product_cat":[1312,315,316],"product_tag":[2011,2010,566,1875,1114,1208,1149,593,410,479,463,1839,1205,1865,602,274,968,1964,1735,1838,512],"class_list":{"0":"post-5780","1":"product","2":"type-product","3":"status-publish","4":"has-post-thumbnail","6":"product_cat-colgantes-gl","7":"product_cat-complementos-gl","8":"product_cat-cultura-gl","9":"product_tag-25-de-xullo-gl","10":"product_tag-25x-gl","11":"product_tag-agasallo","12":"product_tag-baile","13":"product_tag-dia-da-nai","14":"product_tag-dia-da-patria","15":"product_tag-dia-das-letras","16":"product_tag-galegas","17":"product_tag-galego","18":"product_tag-galicia","19":"product_tag-galiza","20":"product_tag-instrumento","21":"product_tag-pandeireta-gl","22":"product_tag-pandereteiras","23":"product_tag-patria","24":"product_tag-personalizado-gl","25":"product_tag-regalo-gl","26":"product_tag-souvenirs","27":"product_tag-terra","28":"product_tag-trad","29":"product_tag-tradicional","31":"first","32":"instock","33":"sale","34":"featured","35":"taxable","36":"shipping-taxable","37":"purchasable","38":"product-type-variable"},"exclude_global_add_ons":[],"addons":[],"_links":{"self":[{"href":"https:\/\/test.imprimetresde.com\/gl\/wp-json\/wp\/v2\/product\/5780","targetHints":{"allow":["GET"]}}],"collection":[{"href":"https:\/\/test.imprimetresde.com\/gl\/wp-json\/wp\/v2\/product"}],"about":[{"href":"https:\/\/test.imprimetresde.com\/gl\/wp-json\/wp\/v2\/types\/product"}],"replies":[{"embeddable":true,"href":"https:\/\/test.imprimetresde.com\/gl\/wp-json\/wp\/v2\/comments?post=5780"}],"wp:featuredmedia":[{"embeddable":true,"href":"https:\/\/test.imprimetresde.com\/gl\/wp-json\/wp\/v2\/media\/10394"}],"wp:attachment":[{"href":"https:\/\/test.imprimetresde.com\/gl\/wp-json\/wp\/v2\/media?parent=5780"}],"wp:term":[{"taxonomy":"product_brand","embeddable":true,"href":"https:\/\/test.imprimetresde.com\/gl\/wp-json\/wp\/v2\/product_brand?post=5780"},{"taxonomy":"product_cat","embeddable":true,"href":"https:\/\/test.imprimetresde.com\/gl\/wp-json\/wp\/v2\/product_cat?post=5780"},{"taxonomy":"product_tag","embeddable":true,"href":"https:\/\/test.imprimetresde.com\/gl\/wp-json\/wp\/v2\/product_tag?post=5780"}],"curies":[{"name":"wp","href":"https:\/\/api.w.org\/{rel}","templated":true}]}}

<p>Colar <a href="https://gl.wikipedia.org/wiki/Pandeireta">Pandeireta</a> deseñado por <a href="https://test.imprimetresde.com/gl/">Imprimetresde</a>, é unha homenaxe á nosa pandeireta, ese precioso instrumento que constitúe a base da música tradicional galega. Realizado en madeira imprimíbel (wooden <a href="https://test.imprimetresde.com/gl/o-noso-material-de-impresion-o-pla-polimero-biodegradabel-procedente-de-recursos-vexetais/">PLA</a>) e PLA, dispón dunhas ferreñas metálicas que farán as delicias de calquer melóman@.</p>
<p>*O material no que está realizado é PLA, material procedente de materia vexetal, biodegradábel, non tóxico e ecolóxico</p>
<p><script src="moz-extension://5bdaac7b-9cd7-491b-8ff4-ed31f89b43b7/js/app.js" type="text/javascript"></script></p>

<p>Colar <a href="https://gl.wikipedia.org/wiki/Pandeireta">Pandeireta</a> deseñado por <a href="https://test.imprimetresde.com/gl/">Imprimetresde</a>, é unha homenaxe á nosa pandeireta, ese precioso instrumento que constitúe a base da música tradicional galega. Realizado en madeira imprimíbel (wooden <a href="https://test.imprimetresde.com/gl/o-noso-material-de-impresion-o-pla-polimero-biodegradabel-procedente-de-recursos-vexetais/">PLA</a>) e PLA, dispón dunhas ferreñas metálicas que farán as delicias de calquer melóman@.</p>
<p>&nbsp;</p>
<p><script src="moz-extension://5bdaac7b-9cd7-491b-8ff4-ed31f89b43b7/js/app.js" type="text/javascript"></script></p>
