{"id":5794,"date":"2018-07-19T13:47:30","date_gmt":"2018-07-19T11:47:30","guid":{"rendered":"https:\/\/test.imprimetresde.com\/?post_type=product&#038;p=5794\/"},"modified":"2025-11-11T14:23:03","modified_gmt":"2025-11-11T12:23:03","slug":"brincos-estrela-vermella","status":"publish","type":"product","link":"https:\/\/test.imprimetresde.com\/gl\/produto\/brincos-estrela-vermella\/","title":{"rendered":"Brincos Estrela Vermella"},"content":{"rendered":"<p>Brincos Estrela Vermella dese\u00f1ados pola equipa de <a href=\"https:\/\/test.imprimetresde.com\/gl\/\">Imprimetresde<\/a> na cor que identifica mundialmente a loita proletaria e o internacionalismo. Para darlle un toque especial \u00e1 t\u00faa imaxe.<\/p>\n<p>*O material no que est\u00e1 realizado \u00e9 <a href=\"https:\/\/test.imprimetresde.com\/gl\/o-noso-material-de-impresion-o-pla-polimero-biodegradabel-procedente-de-recursos-vexetais\/\">PLA<\/a>, material procedente de materia vexetal, biodegrad\u00e1bel, non t\u00f3xico e ecol\u00f3xico<\/p>\n<p>&nbsp;<\/p>\n<img data-area='' data-attr='{}' data-brake='0.23' data-clickfree='false' data-cursor='url(\"https:\/\/test.imprimetresde.com\/wp-content\/plugins\/wp-reel\/cur\/jquery.reel.cur\"),hand' data-cw='false' data-delay='0' data-directional='' data-draggable='true' data-duration='' data-entry='' data-footage='6' data-framelock='false' data-graph='' data-hint='' data-horizontal='true' data-indicator='0' data-inversed='false' data-klass='' data-lazyness='' data-monitor='' data-opening='0' data-orbital='0' data-orientable='' data-preload='fidelity' data-preloader='4' data-rebound='0.5' data-responsive='true' data-row='1' data-rows='0' data-rowlock='false' data-scrollable='true' data-shy='false' data-spacing='0' data-steppable='true' data-tempo='25' data-throwable='true' data-velocity='0' data-vertical='false' data-wheelable='true' width='2000' height='1082'  class='reel' data-revolution='2000'  data-speed='0'  data-loops='true'  data-frames='42' data-size='' data-frame='1'   data-images='https:\/\/test.imprimetresde.com\/wp-content\/uploads\/2017\/06\/ESTRELA_fij00Orig.jpg,https:\/\/test.imprimetresde.com\/wp-content\/uploads\/2017\/06\/ESTRELA_anim000040.jpg,https:\/\/test.imprimetresde.com\/wp-content\/uploads\/2017\/06\/ESTRELA_anim000039.jpg,https:\/\/test.imprimetresde.com\/wp-content\/uploads\/2017\/06\/ESTRELA_anim000038.jpg,https:\/\/test.imprimetresde.com\/wp-content\/uploads\/2017\/06\/ESTRELA_anim000037.jpg,https:\/\/test.imprimetresde.com\/wp-content\/uploads\/2017\/06\/ESTRELA_anim000036.jpg,https:\/\/test.imprimetresde.com\/wp-content\/uploads\/2017\/06\/ESTRELA_anim000035.jpg,https:\/\/test.imprimetresde.com\/wp-content\/uploads\/2017\/06\/ESTRELA_anim000034.jpg,https:\/\/test.imprimetresde.com\/wp-content\/uploads\/2017\/06\/ESTRELA_anim000033.jpg,https:\/\/test.imprimetresde.com\/wp-content\/uploads\/2017\/06\/ESTRELA_anim000032.jpg,https:\/\/test.imprimetresde.com\/wp-content\/uploads\/2017\/06\/ESTRELA_anim000031.jpg,https:\/\/test.imprimetresde.com\/wp-content\/uploads\/2017\/06\/ESTRELA_anim000030.jpg,https:\/\/test.imprimetresde.com\/wp-content\/uploads\/2017\/06\/ESTRELA_anim000029.jpg,https:\/\/test.imprimetresde.com\/wp-content\/uploads\/2017\/06\/ESTRELA_anim000028.jpg,https:\/\/test.imprimetresde.com\/wp-content\/uploads\/2017\/06\/ESTRELA_anim000027.jpg,https:\/\/test.imprimetresde.com\/wp-content\/uploads\/2017\/06\/ESTRELA_anim000026.jpg,https:\/\/test.imprimetresde.com\/wp-content\/uploads\/2017\/06\/ESTRELA_anim000025.jpg,https:\/\/test.imprimetresde.com\/wp-content\/uploads\/2017\/06\/ESTRELA_anim000024.jpg,https:\/\/test.imprimetresde.com\/wp-content\/uploads\/2017\/06\/ESTRELA_anim000023.jpg,https:\/\/test.imprimetresde.com\/wp-content\/uploads\/2017\/06\/ESTRELA_anim000022.jpg,https:\/\/test.imprimetresde.com\/wp-content\/uploads\/2017\/06\/ESTRELA_anim000021.jpg,https:\/\/test.imprimetresde.com\/wp-content\/uploads\/2017\/06\/ESTRELA_anim000020.jpg,https:\/\/test.imprimetresde.com\/wp-content\/uploads\/2017\/06\/ESTRELA_anim000019.jpg,https:\/\/test.imprimetresde.com\/wp-content\/uploads\/2017\/06\/ESTRELA_anim000018.jpg,https:\/\/test.imprimetresde.com\/wp-content\/uploads\/2017\/06\/ESTRELA_anim000017.jpg,https:\/\/test.imprimetresde.com\/wp-content\/uploads\/2017\/06\/ESTRELA_anim000016.jpg,https:\/\/test.imprimetresde.com\/wp-content\/uploads\/2017\/06\/ESTRELA_anim000015.jpg,https:\/\/test.imprimetresde.com\/wp-content\/uploads\/2017\/06\/ESTRELA_anim000014.jpg,https:\/\/test.imprimetresde.com\/wp-content\/uploads\/2017\/06\/ESTRELA_anim000013.jpg,https:\/\/test.imprimetresde.com\/wp-content\/uploads\/2017\/06\/ESTRELA_anim000012.jpg,https:\/\/test.imprimetresde.com\/wp-content\/uploads\/2017\/06\/ESTRELA_anim000011.jpg,https:\/\/test.imprimetresde.com\/wp-content\/uploads\/2017\/06\/ESTRELA_anim000010.jpg,https:\/\/test.imprimetresde.com\/wp-content\/uploads\/2017\/06\/ESTRELA_anim000009.jpg,https:\/\/test.imprimetresde.com\/wp-content\/uploads\/2017\/06\/ESTRELA_anim000008.jpg,https:\/\/test.imprimetresde.com\/wp-content\/uploads\/2017\/06\/ESTRELA_anim000007.jpg,https:\/\/test.imprimetresde.com\/wp-content\/uploads\/2017\/06\/ESTRELA_anim000006.jpg,https:\/\/test.imprimetresde.com\/wp-content\/uploads\/2017\/06\/ESTRELA_anim000005.jpg,https:\/\/test.imprimetresde.com\/wp-content\/uploads\/2017\/06\/ESTRELA_anim000004.jpg,https:\/\/test.imprimetresde.com\/wp-content\/uploads\/2017\/06\/ESTRELA_anim000003.jpg,https:\/\/test.imprimetresde.com\/wp-content\/uploads\/2017\/06\/ESTRELA_anim000002.jpg,https:\/\/test.imprimetresde.com\/wp-content\/uploads\/2017\/06\/ESTRELA_anim000001.jpg,https:\/\/test.imprimetresde.com\/wp-content\/uploads\/2017\/06\/ESTRELA_anim000000.jpg' src='https:\/\/test.imprimetresde.com\/wp-content\/uploads\/2017\/06\/ESTRELA_fij00Orig.jpg' >\n<p>&nbsp;<\/p>\n","protected":false},"excerpt":{"rendered":"<p>Brincos Estrela Vermella dese\u00f1ados pola equipa de <a href=\"https:\/\/test.imprimetresde.com\/gl\/\">Imprimetresde<\/a> na cor que identifica mundialmente a loita proletaria e o internacionalismo. Para darlle un toque especial \u00e1 t\u00faa imaxe.<\/p>\n<p>*O material no que est\u00e1 realizado \u00e9 <a href=\"https:\/\/test.imprimetresde.com\/gl\/o-noso-material-de-impresion-o-pla-polimero-biodegradabel-procedente-de-recursos-vexetais\/\">PLA<\/a>, material procedente de materia vexetal, biodegrad\u00e1bel, non t\u00f3xico e ecol\u00f3xico<\/p>\n","protected":false},"featured_media":7189,"comment_status":"open","ping_status":"closed","template":"","meta":{"_vp_format_video_url":"","_vp_image_focal_point":[]},"product_brand":[],"product_cat":[421,315,1290],"product_tag":[221,220,237,2508,2507],"class_list":{"0":"post-5794","1":"product","2":"type-product","3":"status-publish","4":"has-post-thumbnail","6":"product_cat-activismo","7":"product_cat-complementos-gl","8":"product_cat-pendentes","9":"product_tag-estelada-gl","10":"product_tag-estrela-vermella-gl","11":"product_tag-estreleira-gl","12":"product_tag-impresion-3d-a-coruna","13":"product_tag-impresion-3d-coruna","15":"first","16":"instock","17":"sale","18":"taxable","19":"shipping-taxable","20":"purchasable","21":"product-type-variable"},"exclude_global_add_ons":false,"addons":[{"name":"Material de las fornituras (opcional)","type":"checkbox","position":0,"required":false,"title_format":"label","default":"","description_enable":true,"description":"Opci\u00f3n de incorporar fornituras de plata 925, de primera ley.","placeholder_enable":false,"placeholder":"","display":"select","restrictions_type":"any_text","adjust_price":false,"price":"","price_type":"flat_fee","restrictions":false,"min":"0","max":"0","options":[{"label":"Plata","price":"5","price_type":"flat_fee","image":0,"visibility":true}]}],"_links":{"self":[{"href":"https:\/\/test.imprimetresde.com\/gl\/wp-json\/wp\/v2\/product\/5794","targetHints":{"allow":["GET"]}}],"collection":[{"href":"https:\/\/test.imprimetresde.com\/gl\/wp-json\/wp\/v2\/product"}],"about":[{"href":"https:\/\/test.imprimetresde.com\/gl\/wp-json\/wp\/v2\/types\/product"}],"replies":[{"embeddable":true,"href":"https:\/\/test.imprimetresde.com\/gl\/wp-json\/wp\/v2\/comments?post=5794"}],"wp:featuredmedia":[{"embeddable":true,"href":"https:\/\/test.imprimetresde.com\/gl\/wp-json\/wp\/v2\/media\/7189"}],"wp:attachment":[{"href":"https:\/\/test.imprimetresde.com\/gl\/wp-json\/wp\/v2\/media?parent=5794"}],"wp:term":[{"taxonomy":"product_brand","embeddable":true,"href":"https:\/\/test.imprimetresde.com\/gl\/wp-json\/wp\/v2\/product_brand?post=5794"},{"taxonomy":"product_cat","embeddable":true,"href":"https:\/\/test.imprimetresde.com\/gl\/wp-json\/wp\/v2\/product_cat?post=5794"},{"taxonomy":"product_tag","embeddable":true,"href":"https:\/\/test.imprimetresde.com\/gl\/wp-json\/wp\/v2\/product_tag?post=5794"}],"curies":[{"name":"wp","href":"https:\/\/api.w.org\/{rel}","templated":true}]}}

<p>Brincos Estrela Vermella deseñados pola equipa de <a href="https://test.imprimetresde.com/gl/">Imprimetresde</a> na cor que identifica mundialmente a loita proletaria e o internacionalismo. Para darlle un toque especial á túa imaxe.</p>
<p>*O material no que está realizado é <a href="https://test.imprimetresde.com/gl/o-noso-material-de-impresion-o-pla-polimero-biodegradabel-procedente-de-recursos-vexetais/">PLA</a>, material procedente de materia vexetal, biodegradábel, non tóxico e ecolóxico</p>
<p>&nbsp;</p>
<img data-area='' data-attr='{}' data-brake='0.23' data-clickfree='false' data-cursor='url("https://test.imprimetresde.com/wp-content/plugins/wp-reel/cur/jquery.reel.cur"),hand' data-cw='false' data-delay='0' data-directional='' data-draggable='true' data-duration='' data-entry='' data-footage='6' data-framelock='false' data-graph='' data-hint='' data-horizontal='true' data-indicator='0' data-inversed='false' data-klass='' data-lazyness='' data-monitor='' data-opening='0' data-orbital='0' data-orientable='' data-preload='fidelity' data-preloader='4' data-rebound='0.5' data-responsive='true' data-row='1' data-rows='0' data-rowlock='false' data-scrollable='true' data-shy='false' data-spacing='0' data-steppable='true' data-tempo='25' data-throwable='true' data-velocity='0' data-vertical='false' data-wheelable='true' width='2000' height='1082'  class='reel' data-revolution='2000'  data-speed='0'  data-loops='true'  data-frames='42' data-size='' data-frame='1'   data-images='https://test.imprimetresde.com/wp-content/uploads/2017/06/ESTRELA_fij00Orig.jpg,https://test.imprimetresde.com/wp-content/uploads/2017/06/ESTRELA_anim000040.jpg,https://test.imprimetresde.com/wp-content/uploads/2017/06/ESTRELA_anim000039.jpg,https://test.imprimetresde.com/wp-content/uploads/2017/06/ESTRELA_anim000038.jpg,https://test.imprimetresde.com/wp-content/uploads/2017/06/ESTRELA_anim000037.jpg,https://test.imprimetresde.com/wp-content/uploads/2017/06/ESTRELA_anim000036.jpg,https://test.imprimetresde.com/wp-content/uploads/2017/06/ESTRELA_anim000035.jpg,https://test.imprimetresde.com/wp-content/uploads/2017/06/ESTRELA_anim000034.jpg,https://test.imprimetresde.com/wp-content/uploads/2017/06/ESTRELA_anim000033.jpg,https://test.imprimetresde.com/wp-content/uploads/2017/06/ESTRELA_anim000032.jpg,https://test.imprimetresde.com/wp-content/uploads/2017/06/ESTRELA_anim000031.jpg,https://test.imprimetresde.com/wp-content/uploads/2017/06/ESTRELA_anim000030.jpg,https://test.imprimetresde.com/wp-content/uploads/2017/06/ESTRELA_anim000029.jpg,https://test.imprimetresde.com/wp-content/uploads/2017/06/ESTRELA_anim000028.jpg,https://test.imprimetresde.com/wp-content/uploads/2017/06/ESTRELA_anim000027.jpg,https://test.imprimetresde.com/wp-content/uploads/2017/06/ESTRELA_anim000026.jpg,https://test.imprimetresde.com/wp-content/uploads/2017/06/ESTRELA_anim000025.jpg,https://test.imprimetresde.com/wp-content/uploads/2017/06/ESTRELA_anim000024.jpg,https://test.imprimetresde.com/wp-content/uploads/2017/06/ESTRELA_anim000023.jpg,https://test.imprimetresde.com/wp-content/uploads/2017/06/ESTRELA_anim000022.jpg,https://test.imprimetresde.com/wp-content/uploads/2017/06/ESTRELA_anim000021.jpg,https://test.imprimetresde.com/wp-content/uploads/2017/06/ESTRELA_anim000020.jpg,https://test.imprimetresde.com/wp-content/uploads/2017/06/ESTRELA_anim000019.jpg,https://test.imprimetresde.com/wp-content/uploads/2017/06/ESTRELA_anim000018.jpg,https://test.imprimetresde.com/wp-content/uploads/2017/06/ESTRELA_anim000017.jpg,https://test.imprimetresde.com/wp-content/uploads/2017/06/ESTRELA_anim000016.jpg,https://test.imprimetresde.com/wp-content/uploads/2017/06/ESTRELA_anim000015.jpg,https://test.imprimetresde.com/wp-content/uploads/2017/06/ESTRELA_anim000014.jpg,https://test.imprimetresde.com/wp-content/uploads/2017/06/ESTRELA_anim000013.jpg,https://test.imprimetresde.com/wp-content/uploads/2017/06/ESTRELA_anim000012.jpg,https://test.imprimetresde.com/wp-content/uploads/2017/06/ESTRELA_anim000011.jpg,https://test.imprimetresde.com/wp-content/uploads/2017/06/ESTRELA_anim000010.jpg,https://test.imprimetresde.com/wp-content/uploads/2017/06/ESTRELA_anim000009.jpg,https://test.imprimetresde.com/wp-content/uploads/2017/06/ESTRELA_anim000008.jpg,https://test.imprimetresde.com/wp-content/uploads/2017/06/ESTRELA_anim000007.jpg,https://test.imprimetresde.com/wp-content/uploads/2017/06/ESTRELA_anim000006.jpg,https://test.imprimetresde.com/wp-content/uploads/2017/06/ESTRELA_anim000005.jpg,https://test.imprimetresde.com/wp-content/uploads/2017/06/ESTRELA_anim000004.jpg,https://test.imprimetresde.com/wp-content/uploads/2017/06/ESTRELA_anim000003.jpg,https://test.imprimetresde.com/wp-content/uploads/2017/06/ESTRELA_anim000002.jpg,https://test.imprimetresde.com/wp-content/uploads/2017/06/ESTRELA_anim000001.jpg,https://test.imprimetresde.com/wp-content/uploads/2017/06/ESTRELA_anim000000.jpg' src='https://test.imprimetresde.com/wp-content/uploads/2017/06/ESTRELA_fij00Orig.jpg' >
<p>&nbsp;</p>

<p>Brincos Estrela Vermella deseñados pola equipa de <a href="https://test.imprimetresde.com/gl/">Imprimetresde</a> na cor que identifica mundialmente a loita proletaria e o internacionalismo. Para darlle un toque especial á túa imaxe.</p>
<p>*O material no que está realizado é <a href="https://test.imprimetresde.com/gl/o-noso-material-de-impresion-o-pla-polimero-biodegradabel-procedente-de-recursos-vexetais/">PLA</a>, material procedente de materia vexetal, biodegradábel, non tóxico e ecolóxico</p>

Opción de incorporar fornituras de plata 925, de primera ley.
