{"id":5809,"date":"2018-04-09T19:37:03","date_gmt":"2018-04-09T17:37:03","guid":{"rendered":"https:\/\/test.imprimetresde.com\/?post_type=product&#038;p=5809\/"},"modified":"2025-09-17T13:37:12","modified_gmt":"2025-09-17T11:37:12","slug":"brincos-cuncas","status":"publish","type":"product","link":"https:\/\/test.imprimetresde.com\/gl\/produto\/brincos-cuncas\/","title":{"rendered":"Brincos Cuncas"},"content":{"rendered":"<p>Brincos <a href=\"https:\/\/gl.wikipedia.org\/wiki\/Cunca\">Cuncas<\/a> dese\u00f1ados por\u00a0<a href=\"https:\/\/test.imprimetresde.com\/gl\/\">Imprimetresde<\/a>. Orixinais brincos de cuncas, inspirados nas tradicionais cuncas para beber o vi\u00f1o, t\u00edpicas da Galiza. Para darlle o toque m\u00e1is enxebre ao teu look!<\/p>\n<p>*O material no que est\u00e1 realizado \u00e9 <a href=\"https:\/\/test.imprimetresde.com\/gl\/o-noso-material-de-impresion-o-pla-polimero-biodegradabel-procedente-de-recursos-vexetais\/\">PLA<\/a>, material procedente de materia vexetal, biodegrad\u00e1bel, non t\u00f3xico e ecol\u00f3xico.<\/p>\n","protected":false},"excerpt":{"rendered":"<p>Brincos <a href=\"https:\/\/gl.wikipedia.org\/wiki\/Cunca\">Cuncas<\/a> dese\u00f1ados por\u00a0<a href=\"https:\/\/test.imprimetresde.com\/gl\/\">Imprimetresde<\/a>. Orixinais brincos de cuncas, inspirados nas tradicionais cuncas para beber o vi\u00f1o, t\u00edpicas da Galiza. Para darlle o toque m\u00e1is enxebre ao teu look!<\/p>\n<p>&nbsp;<\/p>\n","protected":false},"featured_media":5818,"comment_status":"open","ping_status":"closed","template":"","meta":{"_vp_format_video_url":"","_vp_image_focal_point":[]},"product_brand":[],"product_cat":[315,316,1290],"product_tag":[1533,353,1532,385,2042,2043,880,479,463,507,962,392,1384,982,387,447,386,390],"class_list":{"0":"post-5809","1":"product","2":"type-product","3":"status-publish","4":"has-post-thumbnail","6":"product_cat-complementos-gl","7":"product_cat-cultura-gl","8":"product_cat-pendentes","9":"product_tag-bebida","10":"product_tag-brincos","11":"product_tag-cultura-gastronomica","12":"product_tag-cuncas","13":"product_tag-feira-do-vino","14":"product_tag-festa-do-vino","15":"product_tag-furancho","16":"product_tag-galicia","17":"product_tag-galiza","18":"product_tag-gastronomia","19":"product_tag-pendientes-gl","20":"product_tag-ribeiro","21":"product_tag-souvenir","22":"product_tag-tipica","23":"product_tag-tipico","24":"product_tag-tradicion","25":"product_tag-vino","26":"product_tag-xerra","28":"first","29":"instock","30":"taxable","31":"shipping-taxable","32":"purchasable","33":"product-type-simple"},"exclude_global_add_ons":false,"addons":[{"name":"Material de las fornituras (opcional)","type":"checkbox","position":0,"required":false,"title_format":"label","default":"","description_enable":true,"description":"Opci\u00f3n de incorporar fornituras de plata 925, de primera ley.","placeholder_enable":false,"placeholder":"","display":"select","restrictions_type":"any_text","adjust_price":false,"price":"","price_type":"flat_fee","restrictions":false,"min":"0","max":"0","options":[{"label":"Plata","price":"5","price_type":"flat_fee","image":0,"visibility":true}]}],"_links":{"self":[{"href":"https:\/\/test.imprimetresde.com\/gl\/wp-json\/wp\/v2\/product\/5809","targetHints":{"allow":["GET"]}}],"collection":[{"href":"https:\/\/test.imprimetresde.com\/gl\/wp-json\/wp\/v2\/product"}],"about":[{"href":"https:\/\/test.imprimetresde.com\/gl\/wp-json\/wp\/v2\/types\/product"}],"replies":[{"embeddable":true,"href":"https:\/\/test.imprimetresde.com\/gl\/wp-json\/wp\/v2\/comments?post=5809"}],"wp:featuredmedia":[{"embeddable":true,"href":"https:\/\/test.imprimetresde.com\/gl\/wp-json\/wp\/v2\/media\/5818"}],"wp:attachment":[{"href":"https:\/\/test.imprimetresde.com\/gl\/wp-json\/wp\/v2\/media?parent=5809"}],"wp:term":[{"taxonomy":"product_brand","embeddable":true,"href":"https:\/\/test.imprimetresde.com\/gl\/wp-json\/wp\/v2\/product_brand?post=5809"},{"taxonomy":"product_cat","embeddable":true,"href":"https:\/\/test.imprimetresde.com\/gl\/wp-json\/wp\/v2\/product_cat?post=5809"},{"taxonomy":"product_tag","embeddable":true,"href":"https:\/\/test.imprimetresde.com\/gl\/wp-json\/wp\/v2\/product_tag?post=5809"}],"curies":[{"name":"wp","href":"https:\/\/api.w.org\/{rel}","templated":true}]}}

<p>Brincos <a href="https://gl.wikipedia.org/wiki/Cunca">Cuncas</a> deseñados por <a href="https://test.imprimetresde.com/gl/">Imprimetresde</a>. Orixinais brincos de cuncas, inspirados nas tradicionais cuncas para beber o viño, típicas da Galiza. Para darlle o toque máis enxebre ao teu look!</p>
<p>*O material no que está realizado é <a href="https://test.imprimetresde.com/gl/o-noso-material-de-impresion-o-pla-polimero-biodegradabel-procedente-de-recursos-vexetais/">PLA</a>, material procedente de materia vexetal, biodegradábel, non tóxico e ecolóxico.</p>

<p>Brincos <a href="https://gl.wikipedia.org/wiki/Cunca">Cuncas</a> deseñados por <a href="https://test.imprimetresde.com/gl/">Imprimetresde</a>. Orixinais brincos de cuncas, inspirados nas tradicionais cuncas para beber o viño, típicas da Galiza. Para darlle o toque máis enxebre ao teu look!</p>
<p>&nbsp;</p>

Opción de incorporar fornituras de plata 925, de primera ley.
