{"id":5832,"date":"2018-04-01T12:06:44","date_gmt":"2018-04-01T10:06:44","guid":{"rendered":"https:\/\/test.imprimetresde.com\/?post_type=product&#038;p=5832\/"},"modified":"2025-05-11T13:33:04","modified_gmt":"2025-05-11T11:33:04","slug":"broche-eu-son-libre","status":"publish","type":"product","link":"https:\/\/test.imprimetresde.com\/gl\/produto\/broche-eu-son-libre\/","title":{"rendered":"Broche EU SON LIBRE"},"content":{"rendered":"<p>Broche EU SON LIBRE. En homenaxe \u00e1 escritora galega m\u00e1is universal, <a href=\"https:\/\/gl.wikipedia.org\/wiki\/Rosal%C3%ADa_de_Castro\">Rosal\u00eda de Castro<\/a>, dese\u00f1amos desde <a href=\"https:\/\/test.imprimetresde.com\/gl\/\">Imprimetresde<\/a> este broche en cor lila, frase que escollimos do seu manifesto feminista Lieders.<\/p>\n<p>Neste escrito Rosal\u00eda adi\u00e1ntase \u00e1 s\u00faa \u00e9poca reivindicando o papel das mulleres na escrita e na defensa dos seus dereitos.<\/p>\n<p><span style=\"color: #4c4c4c;\"><span style=\"font-family: Geometric 415 Black, monospace;\"><span style=\"font-size: large;\">Eu son libre.<br \/>\n<\/span><\/span><\/span><\/p>\n<p><span style=\"color: #4c4c4c;\"><span style=\"font-family: Geometric 415 Black, monospace;\"><span style=\"font-size: large;\">Nada pode conter a marcha dos meus pensamentos <\/span><\/span><\/span> <span style=\"color: #4c4c4c;\"><span style=\"font-family: Geometric 415 Black, monospace;\"><span style=\"font-size: large;\">e eles son a lei que rixe meu destino&#8221;. <\/span><\/span><\/span> <span style=\"color: #4c4c4c;\"><span style=\"font-family: Geometric 415 Black, monospace;\"><span style=\"font-size: large;\">Rosal\u00eda de Castro. Manifiesto Lieders (1858)<\/span><\/span><\/span><\/p>\n<p>*O material no que est\u00e1 realizado \u00e9 <a href=\"https:\/\/test.imprimetresde.com\/gl\/o-noso-material-de-impresion-o-pla-polimero-biodegradabel-procedente-de-recursos-vexetais\/\">PLA<\/a>, material procedente de materia vexetal, biodegrad\u00e1bel, non t\u00f3xico e ecol\u00f3xico.<\/p>\n<p>&nbsp;<\/p>\n<p>&nbsp;<\/p>\n","protected":false},"excerpt":{"rendered":"<p>Broche EU SON LIBRE. En homenaxe \u00e1 escritora galega m\u00e1is universal, Rosal\u00eda de Castro, dese\u00f1amos desde <a href=\"https:\/\/test.imprimetresde.com\/gl\/\">Imprimetresde<\/a> este broche en cor lila, frase que escollimos do seu manifesto feminista Lieders.<\/p>\n<p>Neste escrito Rosal\u00eda adi\u00e1ntase \u00e1 s\u00faa \u00e9poca reivindicando o papel das mulleres na escrita e na defensa dos seus dereitos.<\/p>\n<p>&nbsp;<\/p>\n","protected":false},"featured_media":5843,"comment_status":"open","ping_status":"closed","template":"","meta":{"_vp_format_video_url":"","_vp_image_focal_point":[]},"product_brand":[],"product_cat":[421,315,316],"product_tag":[970,541,365,485,513,476,412,357,354,484,409,410,479,463,481,1553,755,413,1557,973,1441,969,281,1384,411,355],"class_list":{"0":"post-5832","1":"product","2":"type-product","3":"status-publish","4":"has-post-thumbnail","6":"product_cat-activismo","7":"product_cat-complementos-gl","8":"product_cat-cultura-gl","9":"product_tag-25n","10":"product_tag-8m","11":"product_tag-broche","12":"product_tag-cantares-gallegos","13":"product_tag-cultura","14":"product_tag-escritora-galega","15":"product_tag-feira-rosalia","16":"product_tag-feminismo-gl","17":"product_tag-feminista-gl","18":"product_tag-follas-novas","19":"product_tag-galega","20":"product_tag-galego","21":"product_tag-galicia","22":"product_tag-galiza","23":"product_tag-libros","24":"product_tag-lieders","25":"product_tag-literatura","26":"product_tag-loita-feminista","27":"product_tag-manifiesto","28":"product_tag-muller-gl","29":"product_tag-mulleres-gl","30":"product_tag-rosalia","31":"product_tag-rosalia-de-castro-gl","32":"product_tag-souvenir","33":"product_tag-violeta","34":"product_tag-woman-power-gl","36":"first","37":"instock","38":"sale","39":"taxable","40":"shipping-taxable","41":"purchasable","42":"product-type-simple"},"exclude_global_add_ons":[],"addons":[],"_links":{"self":[{"href":"https:\/\/test.imprimetresde.com\/gl\/wp-json\/wp\/v2\/product\/5832","targetHints":{"allow":["GET"]}}],"collection":[{"href":"https:\/\/test.imprimetresde.com\/gl\/wp-json\/wp\/v2\/product"}],"about":[{"href":"https:\/\/test.imprimetresde.com\/gl\/wp-json\/wp\/v2\/types\/product"}],"replies":[{"embeddable":true,"href":"https:\/\/test.imprimetresde.com\/gl\/wp-json\/wp\/v2\/comments?post=5832"}],"wp:featuredmedia":[{"embeddable":true,"href":"https:\/\/test.imprimetresde.com\/gl\/wp-json\/wp\/v2\/media\/5843"}],"wp:attachment":[{"href":"https:\/\/test.imprimetresde.com\/gl\/wp-json\/wp\/v2\/media?parent=5832"}],"wp:term":[{"taxonomy":"product_brand","embeddable":true,"href":"https:\/\/test.imprimetresde.com\/gl\/wp-json\/wp\/v2\/product_brand?post=5832"},{"taxonomy":"product_cat","embeddable":true,"href":"https:\/\/test.imprimetresde.com\/gl\/wp-json\/wp\/v2\/product_cat?post=5832"},{"taxonomy":"product_tag","embeddable":true,"href":"https:\/\/test.imprimetresde.com\/gl\/wp-json\/wp\/v2\/product_tag?post=5832"}],"curies":[{"name":"wp","href":"https:\/\/api.w.org\/{rel}","templated":true}]}}

<p>Broche EU SON LIBRE. En homenaxe á escritora galega máis universal, <a href="https://gl.wikipedia.org/wiki/Rosal%C3%ADa_de_Castro">Rosalía de Castro</a>, deseñamos desde <a href="https://test.imprimetresde.com/gl/">Imprimetresde</a> este broche en cor lila, frase que escollimos do seu manifesto feminista Lieders.</p>
<p>Neste escrito Rosalía adiántase á súa época reivindicando o papel das mulleres na escrita e na defensa dos seus dereitos.</p>
<p><span style="color: #4c4c4c;"><span style="font-family: Geometric 415 Black, monospace;"><span style="font-size: large;">Eu son libre.<br />
</span></span></span></p>
<p><span style="color: #4c4c4c;"><span style="font-family: Geometric 415 Black, monospace;"><span style="font-size: large;">Nada pode conter a marcha dos meus pensamentos </span></span></span> <span style="color: #4c4c4c;"><span style="font-family: Geometric 415 Black, monospace;"><span style="font-size: large;">e eles son a lei que rixe meu destino&#8221;. </span></span></span> <span style="color: #4c4c4c;"><span style="font-family: Geometric 415 Black, monospace;"><span style="font-size: large;">Rosalía de Castro. Manifiesto Lieders (1858)</span></span></span></p>
<p>*O material no que está realizado é <a href="https://test.imprimetresde.com/gl/o-noso-material-de-impresion-o-pla-polimero-biodegradabel-procedente-de-recursos-vexetais/">PLA</a>, material procedente de materia vexetal, biodegradábel, non tóxico e ecolóxico.</p>
<p>&nbsp;</p>
<p>&nbsp;</p>

<p>Broche EU SON LIBRE. En homenaxe á escritora galega máis universal, Rosalía de Castro, deseñamos desde <a href="https://test.imprimetresde.com/gl/">Imprimetresde</a> este broche en cor lila, frase que escollimos do seu manifesto feminista Lieders.</p>
<p>Neste escrito Rosalía adiántase á súa época reivindicando o papel das mulleres na escrita e na defensa dos seus dereitos.</p>
<p>&nbsp;</p>
