{"id":5835,"date":"2018-04-09T18:04:21","date_gmt":"2018-04-09T16:04:21","guid":{"rendered":"https:\/\/test.imprimetresde.com\/?post_type=product&#038;p=5835\/"},"modified":"2025-02-21T19:32:25","modified_gmt":"2025-02-21T17:32:25","slug":"brincos-rosalia","status":"publish","type":"product","link":"https:\/\/test.imprimetresde.com\/gl\/produto\/brincos-rosalia\/","title":{"rendered":"Brincos Rosal\u00eda"},"content":{"rendered":"<p>Brincos Rosal\u00eda pertencentes \u00e1 colecci\u00f3n en homenaxe \u00e1 escritora galega m\u00e1is universal, <a href=\"https:\/\/gl.wikipedia.org\/wiki\/Rosal%C3%ADa_de_Castro\">Rosal\u00eda de Castro<\/a>. Dese\u00f1ados pola equipa de <a href=\"https:\/\/test.imprimetresde.com\/gl\/\">Imprimetresde<\/a>, os brincos van en diferentes cores: branco e lila, branco e negro, branco e azul, branco e dourado e branco e verde ca forza que transmite a s\u00faa imaxe. Podes adquirir tam\u00e9n o colar, broche e anel, para completar a t\u00faa colecci\u00f3n.<\/p>\n<p>Dalle un toque feminista e reivindicativo ao teu look!<\/p>\n<p>*O material no que est\u00e1 realizado \u00e9 <a href=\"https:\/\/test.imprimetresde.com\/gl\/o-noso-material-de-impresion-o-pla-polimero-biodegradabel-procedente-de-recursos-vexetais\/\">PLA<\/a>, material procedente de materia vexetal, biodegrad\u00e1bel, non t\u00f3xico e ecol\u00f3xico<\/p>\n","protected":false},"excerpt":{"rendered":"<p>Brincos Rosal\u00eda pertencentes \u00e1 colecci\u00f3n en homenaxe \u00e1 escritora galega m\u00e1is universal, <a href=\"https:\/\/gl.wikipedia.org\/wiki\/Rosal%C3%ADa_de_Castro\">Rosal\u00eda de Castro<\/a>. Dese\u00f1ados pola equipa de <a href=\"https:\/\/test.imprimetresde.com\/gl\/\">Imprimetresde<\/a>, os brincos van en diferentes cores: branco e lila, branco e negro, branco e azul, branco e dourado e branco e verde ca forza que transmite a s\u00faa imaxe. Podes adquirir tam\u00e9n o colar e o broche para completar a t\u00faa colecci\u00f3n.<\/p>\n<p>Dalle un toque feminista e reivindicativo ao teu look!<\/p>\n<p>&nbsp;<\/p>\n","protected":false},"featured_media":8788,"comment_status":"open","ping_status":"closed","template":"","meta":{"_vp_format_video_url":"","_vp_image_focal_point":[]},"product_brand":[],"product_cat":[421,315,316,1290],"product_tag":[2504,2229,884,541,583,577,498,2505,225,542,469,357,354,409,410,962,969,281,411],"class_list":{"0":"post-5835","1":"product","2":"type-product","3":"status-publish","4":"has-post-thumbnail","6":"product_cat-activismo","7":"product_cat-complementos-gl","8":"product_cat-cultura-gl","9":"product_cat-pendentes","10":"product_tag-23-febreiro","11":"product_tag-23f","12":"product_tag-8-de-marzo","13":"product_tag-8m","14":"product_tag-autora","15":"product_tag-autora-internacional","16":"product_tag-complementos","17":"product_tag-dia-da-muller","18":"product_tag-dia-de-rosalia-gl","19":"product_tag-dia-internacional-da-muller","20":"product_tag-escritora","21":"product_tag-feminismo-gl","22":"product_tag-feminista-gl","23":"product_tag-galega","24":"product_tag-galego","25":"product_tag-pendientes-gl","26":"product_tag-rosalia","27":"product_tag-rosalia-de-castro-gl","28":"product_tag-violeta","30":"first","31":"instock","32":"taxable","33":"shipping-taxable","34":"purchasable","35":"product-type-variable"},"exclude_global_add_ons":false,"addons":[{"name":"Material de las fornituras (opcional)","type":"checkbox","position":0,"required":false,"title_format":"label","default":"","description_enable":true,"description":"Opci\u00f3n de incorporar fornituras de plata 925, de primera ley.","placeholder_enable":false,"placeholder":"","display":"select","restrictions_type":"any_text","adjust_price":false,"price":"","price_type":"flat_fee","restrictions":false,"min":"0","max":"0","options":[{"label":"Plata","price":"5","price_type":"flat_fee","image":0,"visibility":true}]}],"_links":{"self":[{"href":"https:\/\/test.imprimetresde.com\/gl\/wp-json\/wp\/v2\/product\/5835","targetHints":{"allow":["GET"]}}],"collection":[{"href":"https:\/\/test.imprimetresde.com\/gl\/wp-json\/wp\/v2\/product"}],"about":[{"href":"https:\/\/test.imprimetresde.com\/gl\/wp-json\/wp\/v2\/types\/product"}],"replies":[{"embeddable":true,"href":"https:\/\/test.imprimetresde.com\/gl\/wp-json\/wp\/v2\/comments?post=5835"}],"wp:featuredmedia":[{"embeddable":true,"href":"https:\/\/test.imprimetresde.com\/gl\/wp-json\/wp\/v2\/media\/8788"}],"wp:attachment":[{"href":"https:\/\/test.imprimetresde.com\/gl\/wp-json\/wp\/v2\/media?parent=5835"}],"wp:term":[{"taxonomy":"product_brand","embeddable":true,"href":"https:\/\/test.imprimetresde.com\/gl\/wp-json\/wp\/v2\/product_brand?post=5835"},{"taxonomy":"product_cat","embeddable":true,"href":"https:\/\/test.imprimetresde.com\/gl\/wp-json\/wp\/v2\/product_cat?post=5835"},{"taxonomy":"product_tag","embeddable":true,"href":"https:\/\/test.imprimetresde.com\/gl\/wp-json\/wp\/v2\/product_tag?post=5835"}],"curies":[{"name":"wp","href":"https:\/\/api.w.org\/{rel}","templated":true}]}}

Brincos Rosalía

<p>Brincos Rosalía pertencentes á colección en homenaxe á escritora galega máis universal, <a href="https://gl.wikipedia.org/wiki/Rosal%C3%ADa_de_Castro">Rosalía de Castro</a>. Deseñados pola equipa de <a href="https://test.imprimetresde.com/gl/">Imprimetresde</a>, os brincos van en diferentes cores: branco e lila, branco e negro, branco e azul, branco e dourado e branco e verde ca forza que transmite a súa imaxe. Podes adquirir tamén o colar, broche e anel, para completar a túa colección.</p>
<p>Dalle un toque feminista e reivindicativo ao teu look!</p>
<p>*O material no que está realizado é <a href="https://test.imprimetresde.com/gl/o-noso-material-de-impresion-o-pla-polimero-biodegradabel-procedente-de-recursos-vexetais/">PLA</a>, material procedente de materia vexetal, biodegradábel, non tóxico e ecolóxico</p>

<p>Brincos Rosalía pertencentes á colección en homenaxe á escritora galega máis universal, <a href="https://gl.wikipedia.org/wiki/Rosal%C3%ADa_de_Castro">Rosalía de Castro</a>. Deseñados pola equipa de <a href="https://test.imprimetresde.com/gl/">Imprimetresde</a>, os brincos van en diferentes cores: branco e lila, branco e negro, branco e azul, branco e dourado e branco e verde ca forza que transmite a súa imaxe. Podes adquirir tamén o colar e o broche para completar a túa colección.</p>
<p>Dalle un toque feminista e reivindicativo ao teu look!</p>
<p>&nbsp;</p>

Opción de incorporar fornituras de plata 925, de primera ley.
